000
CXUS54 KOUN 011435
CF6SPS
PRELIMINARY LOCAL CLIMATOLOGICAL DATA (WS FORM: F-6)
STATION: WICHITA FALLS
MONTH: JUNE
YEAR: 2022
LATITUDE: 33 58 N
LONGITUDE: 98 29 W
TEMPERATURE IN F: :PCPN: SNOW: WIND :SUNSHINE: SKY :PK WND
================================================================================
1 2 3 4 5 6A 6B 7 8 9 10 11 12 13 14 15 16 17 18
12Z AVG MX 2MIN
DY MAX MIN AVG DEP HDD CDD WTR SNW DPTH SPD SPD DIR MIN PSBL S-S WX SPD DR
================================================================================
1 90 66 78 1 0 13 0.04 0.0 0 15.6 29 50 M M 6 3 35 50
2 78 63 71 -6 0 6 0.81 0.0 0 6.1 21 40 M M 8 13 26 10
3 77 65 71 -7 0 6 1.13 0.0 0 6.4 17 40 M M 7 123 20 40
4 87 62 75 -3 0 10 0.00 0.0 0 8.8 18 170 M M 2 1 22 170
5 94 71 83 5 0 18 0.00 0.0 0 17.8 28 160 M M 1 35 180
6 93 75 84 6 0 19 0.00 0.0 0 12.7 26 170 M M 1 33 160
7 90 75 83 5 0 18 0.00 0.0 0 12.2 18 70 M M 4 22 60
8 87 67 77 -2 0 12 0.39 0.0 0 11.2 45 340 M M 3 13 58 330
9 91 67 79 0 0 14 0.00 0.0 0 7.6 16 120 M M 4 1 20 120
10 97 66 82 3 0 17 0.15 0.0 0 10.8 49 340 M M 2 13 66 310
11 103 71 87 8 0 22 0.00 0.0 0 9.8 22 190 M M 0 26 190
12 105 75 90 10 0 25 0.00 0.0 0 15.6 25 210 M M 0 34 190
13 101 78 90 10 0 25 0.00 0.0 0 17.8 29 170 M M 0 34 170
14 99 77 88 8 0 23 0.00 0.0 0 20.3 32 190 M M 2 41 170
15 98 78 88 8 0 23 0.00 0.0 0 18.6 31 200 M M 2 39 190
16 100 77 89 9 0 24 0.00 0.0 0 12.0 20 200 M M 3 24 190
17 101 71 86 5 0 21 0.00 0.0 0 8.2 20 110 M M 1 29 110
18 99 73 86 5 0 21 0.00 0.0 0 8.3 23 130 M M 1 28 230
19 98 72 85 4 0 20 0.00 0.0 0 11.5 21 120 M M 1 30 160
20 102 75 89 8 0 24 0.00 0.0 0 14.2 23 190 M M 1 30 170
21 102 72 87 6 0 22 0.00 0.0 0 9.9 18 140 M M 1 23 140
22 102 71 87 5 0 22 0.00 0.0 0 7.4 16 130 M M 2 21 130
23 103 72 88 6 0 23 0.00 0.0 0 8.8 17 160 M M 2 24 210
24 106 74 90 8 0 25 0.00 0.0 0 13.7 22 190 M M 1 27 160
25 105 76 91 9 0 26 0.00 0.0 0 12.6 21 200 M M 0 26 160
26 95 71 83 1 0 18 0.00 0.0 0 16.6 26 30 M M 1 36 50
27 93 66 80 -2 0 15 0.00 0.0 0 10.8 17 30 M M 5 21 60
28 83 67 75 -7 0 10 0.14 0.0 0 7.9 15 60 M M 6 18 140
29 94 63 79 -4 0 14 0.00 0.0 0 6.9 15 130 M M 1 20 120
30 101 65 83 0 0 18 0.00 0.0 0 9.2 17 170 M M 1 23 180
================================================================================
SM 2874 2121 0 554 2.66 0.0 349.3 M 69
================================================================================
AV 95.8 70.7 11.6 FASTST M M 2 MAX(MPH)
MISC ----> 49 340 66 310
================================================================================
NOTES:
# LAST OF SEVERAL OCCURRENCES
COLUMN 17 PEAK WIND IN M.P.H.
PRELIMINARY LOCAL CLIMATOLOGICAL DATA (WS FORM: F-6) , PAGE 2
STATION: WICHITA FALLS
MONTH: JUNE
YEAR: 2022
LATITUDE: 33 58 N
LONGITUDE: 98 29 W
[TEMPERATURE DATA] [PRECIPITATION DATA] SYMBOLS USED IN COLUMN 16
AVERAGE MONTHLY: 83.3 TOTAL FOR MONTH: 2.66 1 = FOG OR MIST
DPTR FM NORMAL: 3.2 DPTR FM NORMAL: -0.69 2 = FOG REDUCING VISIBILITY
HIGHEST: 106 ON 24 GRTST 24HR 1.13 ON 3- 3 TO 1/4 MILE OR LESS
LOWEST: 62 ON 4 3 = THUNDER
SNOW, ICE PELLETS, HAIL 4 = ICE PELLETS
TOTAL MONTH: 0.0 INCH 5 = HAIL
GRTST 24HR 0.0 6 = FREEZING RAIN OR DRIZZLE
GRTST DEPTH: 0 7 = DUSTSTORM OR SANDSTORM:
VSBY 1/2 MILE OR LESS
8 = SMOKE OR HAZE
[NO. OF DAYS WITH] [WEATHER - DAYS WITH] 9 = BLOWING SNOW
X = TORNADO
MAX 32 OR BELOW: 0 0.01 INCH OR MORE: 6
MAX 90 OR ABOVE: 25 0.10 INCH OR MORE: 5
MIN 32 OR BELOW: 0 0.50 INCH OR MORE: 2
MIN 0 OR BELOW: 0 1.00 INCH OR MORE: 1
[HDD (BASE 65) ]
TOTAL THIS MO. 0 CLEAR (SCALE 0-3) 22
DPTR FM NORMAL 0 PTCLDY (SCALE 4-7) 7
TOTAL FM JUL 1 2457 CLOUDY (SCALE 8-10) 1
DPTR FM NORMAL -440
[CDD (BASE 65) ]
TOTAL THIS MO. 554
DPTR FM NORMAL 99 [PRESSURE DATA]
TOTAL FM JAN 1 1063 HIGHEST SLP 30.24 ON 27
DPTR FM NORMAL 276 LOWEST SLP 29.48 ON 6
[REMARKS]
#FINAL-06-22#