000
CXUS54 KOUN 010910
CF6SPS
PRELIMINARY LOCAL CLIMATOLOGICAL DATA (WS FORM: F-6)
STATION: WICHITA FALLS
MONTH: NOVEMBER
YEAR: 2021
LATITUDE: 33 58 N
LONGITUDE: 98 29 W
TEMPERATURE IN F: :PCPN: SNOW: WIND :SUNSHINE: SKY :PK WND
================================================================================
1 2 3 4 5 6A 6B 7 8 9 10 11 12 13 14 15 16 17 18
12Z AVG MX 2MIN
DY MAX MIN AVG DEP HDD CDD WTR SNW DPTH SPD SPD DIR MIN PSBL S-S WX SPD DR
================================================================================
1 65 47 56 -2 9 0 0.02 0.0 0 8.4 23 30 M M 7 26 30
2 52 46 49 -9 16 0 0.12 0.0 0 11.4 18 30 M M 10 1 23 40
3 49 46 48 -10 17 0 0.01 0.0 0 9.9 16 30 M M 10 13 18 40
4 53 43 48 -9 17 0 0.00 0.0 0 3.6 8 140 M M 9 12 190
5 63 40 52 -5 13 0 0.00 0.0 0 8.9 17 180 M M 3 22 130
6 72 38 55 -1 10 0 0.00 0.0 0 8.5 20 170 M M 0 24 170
7 79 44 62 6 3 0 0.00 0.0 0 12.8 23 190 M M 0 27 190
8 78 50 64 8 1 0 0.00 0.0 0 13.2 21 170 M M 1 26 180
9 79 56 68 13 0 3 0.00 0.0 0 9.2 21 170 M M 3 24 200
10 78 49 64 9 1 0 0.14 0.0 0 11.7 31 310 M M 4 3 41 310
11 67 46 57 3 8 0 0.00 0.0 0 8.1 16 20 M M 0 21 10
12 64 39 52 -2 13 0 T 0.0 0 11.7 28 350 M M 0 37 350
13 69 33 51 -3 14 0 0.00 0.0 0 8.1 21 200 M M 0 25 210
14 68 40 54 1 11 0 0.00 0.0 0 6.5 23 60 M M 0 29 60
15 81 40 61 8 4 0 0.00 0.0 0 6.4 13 160 M M 0 16 210
16 87 54 71 19 0 6 0.00 0.0 0 18.0 31 190 M M 0 37 190
17 69 46 58 6 7 0 0.00 0.0 0 19.1 28 10 M M 2 34 10
18 59 35 47 -5 18 0 0.00 0.0 0 9.2 18 10 M M 0 28 50
19 64 31 48 -3 17 0 0.00 0.0 0 13.2 25 180 M M 3 31 160
20 80 42 61 10 4 0 0.00 0.0 0 13.1 23 200 M M 0 27 200
21 62 42 52 1 13 0 0.00 0.0 0 13.9 30 360 M M 2 35 20
22 68 31 50 0 15 0 0.00 0.0 0 7.3 15 230 M M 0 24 260
23 75 39 57 7 8 0 0.00 0.0 0 14.6 25 180 M M 0 31 200
24 74 51 63 13 2 0 T 0.0 0 12.0 26 360 M M 4 33 210
25 55 34 45 -4 20 0 T 0.0 0 16.9 32 10 M M 0 40 10
26 65 23 44 -5 21 0 0.00 0.0 0 8.6 18 190 M M 0 22 220
27 68 41 55 7 10 0 0.00 0.0 0 10.2 21 200 M M 3 23 200
28 65 39 52 4 13 0 0.00 0.0 0 7.7 18 10 M M 0 21 10
29 77 40 59 11 6 0 0.00 0.0 0 9.7 18 220 M M 0 21 220
30 79 45 62 15 3 0 0.00 0.0 0 11.1 18 200 M M 1 23 200
================================================================================
SM 2064 1250 294 9 0.29 0.0 323.0 M 62
================================================================================
AV 68.8 41.7 10.8 FASTST M M 2 MAX(MPH)
MISC ----> 32 10 41 310
================================================================================
NOTES:
# LAST OF SEVERAL OCCURRENCES
COLUMN 17 PEAK WIND IN M.P.H.
PRELIMINARY LOCAL CLIMATOLOGICAL DATA (WS FORM: F-6) , PAGE 2
STATION: WICHITA FALLS
MONTH: NOVEMBER
YEAR: 2021
LATITUDE: 33 58 N
LONGITUDE: 98 29 W
[TEMPERATURE DATA] [PRECIPITATION DATA] SYMBOLS USED IN COLUMN 16
AVERAGE MONTHLY: 55.2 TOTAL FOR MONTH: 0.29 1 = FOG OR MIST
DPTR FM NORMAL: 2.5 DPTR FM NORMAL: -1.34 2 = FOG REDUCING VISIBILITY
HIGHEST: 87 ON 16 GRTST 24HR 0.14 ON 10-10 TO 1/4 MILE OR LESS
LOWEST: 23 ON 26 3 = THUNDER
SNOW, ICE PELLETS, HAIL 4 = ICE PELLETS
TOTAL MONTH: 0.0 INCH 5 = HAIL
GRTST 24HR 0.0 6 = FREEZING RAIN OR DRIZZLE
GRTST DEPTH: 0 7 = DUSTSTORM OR SANDSTORM:
VSBY 1/2 MILE OR LESS
8 = SMOKE OR HAZE
[NO. OF DAYS WITH] [WEATHER - DAYS WITH] 9 = BLOWING SNOW
X = TORNADO
MAX 32 OR BELOW: 0 0.01 INCH OR MORE: 4
MAX 90 OR ABOVE: 0 0.10 INCH OR MORE: 2
MIN 32 OR BELOW: 3 0.50 INCH OR MORE: 0
MIN 0 OR BELOW: 0 1.00 INCH OR MORE: 0
[HDD (BASE 65) ]
TOTAL THIS MO. 294 CLEAR (SCALE 0-3) 24
DPTR FM NORMAL -87 PTCLDY (SCALE 4-7) 3
TOTAL FM JUL 1 336 CLOUDY (SCALE 8-10) 3
DPTR FM NORMAL -171
[CDD (BASE 65) ]
TOTAL THIS MO. 9
DPTR FM NORMAL -3 [PRESSURE DATA]
TOTAL FM JAN 1 2322 HIGHEST SLP 30.57 ON 18
DPTR FM NORMAL -123 LOWEST SLP 29.67 ON 16
[REMARKS]
#FINAL-11-21#