885
CXUS54 KOUN 010700
CF6SPS
PRELIMINARY LOCAL CLIMATOLOGICAL DATA (WS FORM: F-6)
STATION: WICHITA FALLS
MONTH: SEPTEMBER
YEAR: 2020
LATITUDE: 33 58 N
LONGITUDE: 98 29 W
TEMPERATURE IN F: :PCPN: SNOW: WIND :SUNSHINE: SKY :PK WND
================================================================================
1 2 3 4 5 6A 6B 7 8 9 10 11 12 13 14 15 16 17 18
12Z AVG MX 2MIN
DY MAX MIN AVG DEP HDD CDD WTR SNW DPTH SPD SPD DIR MIN PSBL S-S WX SPD DR
================================================================================
1 81 70 76 -5 0 11 0.16 0.0 0 9.2 23 130 M M 6 13 28 80
2 85 69 77 -4 0 12 0.02 0.0 0 7.8 24 330 M M 5 30 330
3 91 68 80 0 0 15 0.00 0.0 0 4.8 10 160 M M 2 14 160
4 88 70 79 -1 0 14 0.00 0.0 0 6.2 12 80 M M 3 12 20 50
5 90 69 80 0 0 15 0.00 0.0 0 6.6 17 160 M M 1 1 23 170
6 92 67 80 1 0 15 0.00 0.0 0 10.4 20 190 M M 0 27 160
7 94 70 82 3 0 17 0.00 0.0 0 12.7 23 170 M M 0 28 160
8 90 59 75 -4 0 10 0.10 0.0 0 14.0 26 280 M M 4 3 33 280
9 59 51 55 -23 10 0 2.18 0.0 0 16.7 23 360 M M 10 1 30 10
10 62 51 57 -21 8 0 0.28 0.0 0 10.3 20 360 M M 9 1 23 10
11 70 57 64 -14 1 0 0.02 0.0 0 5.3 12 340 M M 7 14 360
12 83 57 70 -7 0 5 0.00 0.0 0 4.6 10 240 M M 3 12 13 250
13 84 64 74 -3 0 9 0.00 0.0 0 6.5 14 40 M M 1 1 17 30
14 83 62 73 -3 0 8 0.00 0.0 0 8.1 20 20 M M 4 23 20
15 84 64 74 -2 0 9 0.00 0.0 0 4.6 8 60 M M 4 10 30
16 87 65 76 0 0 11 0.00 0.0 0 4.3 12 360 M M 2 1 14 10
17 87 64 76 1 0 11 0.00 0.0 0 8.2 18 10 M M 2 26 50
18 83 61 72 -3 0 7 0.00 0.0 0 7.6 16 50 M M 0 8 23 60
19 78 58 68 -6 0 3 0.00 0.0 0 6.3 12 80 M M 0 1 16 120
20 80 53 67 -7 0 2 0.00 0.0 0 5.2 13 90 M M 0 1 18 80
21 83 58 71 -3 0 6 0.00 0.0 0 7.3 17 70 M M 5 1 20 80
22 74 65 70 -3 0 5 0.00 0.0 0 7.3 14 80 M M 10 1 16 60
23 76 65 71 -2 0 6 0.00 0.0 0 6.7 14 40 M M 10 17 40
24 83 56 70 -2 0 5 0.00 0.0 0 4.5 13 160 M M 1 18 15 150
25 88 58 73 1 0 8 0.00 0.0 0 11.1 17 170 M M 0 12 23 150
26 90 63 77 5 0 12 0.00 0.0 0 12.8 23 160 M M 0 30 170
27 94 63 79 8 0 14 0.00 0.0 0 20.7 40 350 M M 2 49 350
28 77 54 66 -5 0 1 0.00 0.0 0 14.3 29 20 M M 3 37 350
29 83 46 65 -5 0 0 0.00 0.0 0 10.3 18 300 M M 1 26 310
30 92 53 73 3 0 8 0.00 0.0 0 6.9 14 250 M M 0 22 190
================================================================================
SM 2491 1830 19 239 2.76 0.0 261.3 M 95
================================================================================
AV 83.0 61.0 8.7 FASTST M M 3 MAX(MPH)
MISC ----> # 40 350 # 49 350
================================================================================
NOTES:
# LAST OF SEVERAL OCCURRENCES
COLUMN 17 PEAK WIND IN M.P.H.
PRELIMINARY LOCAL CLIMATOLOGICAL DATA (WS FORM: F-6) , PAGE 2
STATION: WICHITA FALLS
MONTH: SEPTEMBER
YEAR: 2020
LATITUDE: 33 58 N
LONGITUDE: 98 29 W
[TEMPERATURE DATA] [PRECIPITATION DATA] SYMBOLS USED IN COLUMN 16
AVERAGE MONTHLY: 72.0 TOTAL FOR MONTH: 2.76 1 = FOG OR MIST
DPTR FM NORMAL: -3.7 DPTR FM NORMAL: -0.05 2 = FOG REDUCING VISIBILITY
HIGHEST: 94 ON 27, 7 GRTST 24HR 2.18 ON 9- 9 TO 1/4 MILE OR LESS
LOWEST: 46 ON 29 3 = THUNDER
SNOW, ICE PELLETS, HAIL 4 = ICE PELLETS
TOTAL MONTH: 0.0 INCH 5 = HAIL
GRTST 24HR 0.0 6 = FREEZING RAIN OR DRIZZLE
GRTST DEPTH: 0 7 = DUSTSTORM OR SANDSTORM:
VSBY 1/2 MILE OR LESS
8 = SMOKE OR HAZE
[NO. OF DAYS WITH] [WEATHER - DAYS WITH] 9 = BLOWING SNOW
X = TORNADO
MAX 32 OR BELOW: 0 0.01 INCH OR MORE: 6
MAX 90 OR ABOVE: 8 0.10 INCH OR MORE: 4
MIN 32 OR BELOW: 0 0.50 INCH OR MORE: 1
MIN 0 OR BELOW: 0 1.00 INCH OR MORE: 1
[HDD (BASE 65) ]
TOTAL THIS MO. 19 CLEAR (SCALE 0-3) 19
DPTR FM NORMAL 6 PTCLDY (SCALE 4-7) 7
TOTAL FM JUL 1 19 CLOUDY (SCALE 8-10) 4
DPTR FM NORMAL 6
[CDD (BASE 65) ]
TOTAL THIS MO. 239
DPTR FM NORMAL -95 [PRESSURE DATA]
TOTAL FM JAN 1 2226 HIGHEST SLP M ON M
DPTR FM NORMAL -53 LOWEST SLP 29.68 ON M
[REMARKS]
#FINAL-09-20#