000
CXUS52 KTBW 110227
CF6SRQ
PRELIMINARY LOCAL CLIMATOLOGICAL DATA (WS FORM: F-6)
STATION: SARASOTA BRADENTON
MONTH: JANUARY
YEAR: 2021
LATITUDE: 27 23 N
LONGITUDE: 82 33 W
TEMPERATURE IN F: :PCPN: SNOW: WIND :SUNSHINE: SKY :PK WND
================================================================================
1 2 3 4 5 6A 6B 7 8 9 10 11 12 13 14 15 16 17 18
12Z AVG MX 2MIN
DY MAX MIN AVG DEP HDD CDD WTR SNW DPTH SPD SPD DIR MIN PSBL S-S WX SPD DR
================================================================================
1 84 70 77 16 0 12 0.00 0.0 0 14.6 24 190 M M 1 30 150
2 80 69 75 14 0 10 0.00 0.0 0 13.1 22 180 M M 4 28 240
3 73 61 67 6 0 2 0.05 0.0 0 8.7 18 180 M M 8 1 22 190
4 67 51 59 -2 6 0 0.00 0.0 0 5.6 14 340 M M 2 16 340
5 71 47 59 -2 6 0 0.00 0.0 0 5.6 17 300 M M 0 22 300
6 71 47 59 -2 6 0 0.00 0.0 0 5.3 13 30 M M 0 16 30
7 73 52 63 2 2 0 0.29 0.0 0 10.8 24 180 M M 1 18 33 190
8 70 59 65 4 0 0 0.00 0.0 0 12.7 25 300 M M 7 1 30 300
9 61 50 56 -5 9 0 0.00 0.0 0 9.4 20 310 M M 8 26 340
10 59 42 51 -10 14 0 0.00 0.0 0 5.7 12 10 M M 1 16 50
11 75 50 63 2 2 0 0.00 0.0 0 8.0 18 180 M M 1 23 170
12 69 57 63 2 2 0 T 0.0 0 8.9 15 340 M M 7 21 340
13 60 55 58 -3 7 0 T 0.0 0 5.5 12 20 M M 8 8 14 30
14 69 50 60 -1 5 0 0.00 0.0 0 4.6 13 350 M M 3 1 17 10
15 71 48 60 -1 5 0 0.29 0.0 0 9.9 22 180 M M 3 1 28 180
16 67 59 63 2 2 0 0.00 0.0 0 12.9 26 300 M M 4 33 290
17 66 57 62 1 3 0 T 0.0 0 4.4 14 300 M M 9 17 270
18 70 51 61 0 4 0 0.00 0.0 0 5.6 13 320 M M 2 17 10
19 71 44 58 -3 7 0 0.00 0.0 0 6.0 13 280 M M 0 15 80
20 75 49 62 1 3 0 0.00 0.0 0 5.2 14 280 M M 0 8 19 300
21 71 49 60 -1 5 0 0.00 0.0 0 2.4 9 280 M M 0 14 270
22 72 52 62 1 3 0 0.00 0.0 0 6.6 10 240 M M 0 12 14 230
23 74 65 70 8 0 5 0.00 0.0 0 5.8 10 240 M M 5 12 14 260
24 79 61 70 8 0 5 0.00 0.0 0 5.6 12 270 M M 4 1 14 110
25 78 60 69 7 0 4 0.00 0.0 0 8.5 20 190 M M 2 12 24 180
26 79 64 72 10 0 7 0.00 0.0 0 8.7 16 210 M M 1 12 20 210
27 74 65 70 8 0 5 0.07 0.0 0 8.1 16 310 M M 8 128 23 190
28 71 53 62 0 3 0 0.00 0.0 0 12.3 22 10 M M 2 1 30 360
29 70 45 58 -4 7 0 0.00 0.0 0 6.6 14 40 M M 0 21 30
30 75 49 62 0 3 0 0.00 0.0 0 7.6 17 170 M M 1 21 160
31 78 54 66 4 0 1 0.00 0.0 0 12.9 23 190 M M 3 29 180
================================================================================
SM 2223 1685 104 51 0.70 0.0 247.6 M 95
================================================================================
AV 71.7 54.4 8.0 FASTST M M 3 MAX(MPH)
MISC ----> 26 300 # 33 290
================================================================================
NOTES:
# LAST OF SEVERAL OCCURRENCES
COLUMN 17 PEAK WIND IN M.P.H.
PRELIMINARY LOCAL CLIMATOLOGICAL DATA (WS FORM: F-6) , PAGE 2
STATION: SARASOTA BRADENTON
MONTH: JANUARY
YEAR: 2021
LATITUDE: 27 23 N
LONGITUDE: 82 33 W
[TEMPERATURE DATA] [PRECIPITATION DATA] SYMBOLS USED IN COLUMN 16
AVERAGE MONTHLY: 63.0 TOTAL FOR MONTH: 0.70 1 = FOG OR MIST
DPTR FM NORMAL: 1.6 DPTR FM NORMAL: -1.79 2 = FOG REDUCING VISIBILITY
HIGHEST: 84 ON 1 GRTST 24HR 0.29 ON 15-15 TO 1/4 MILE OR LESS
LOWEST: 42 ON 10 3 = THUNDER
SNOW, ICE PELLETS, HAIL 4 = ICE PELLETS
TOTAL MONTH: 0.0 INCH 5 = HAIL
GRTST 24HR 0.0 6 = FREEZING RAIN OR DRIZZLE
GRTST DEPTH: 0 7 = DUSTSTORM OR SANDSTORM:
VSBY 1/2 MILE OR LESS
8 = SMOKE OR HAZE
[NO. OF DAYS WITH] [WEATHER - DAYS WITH] 9 = BLOWING SNOW
X = TORNADO
MAX 32 OR BELOW: 0 0.01 INCH OR MORE: 4
MAX 90 OR ABOVE: 0 0.10 INCH OR MORE: 2
MIN 32 OR BELOW: 0 0.50 INCH OR MORE: 0
MIN 0 OR BELOW: 0 1.00 INCH OR MORE: 0
[HDD (BASE 65) ]
TOTAL THIS MO. 104 CLEAR (SCALE 0-3) 19
DPTR FM NORMAL -61 PTCLDY (SCALE 4-7) 10
TOTAL FM JUL 1 222 CLOUDY (SCALE 8-10) 2
DPTR FM NORMAL -96
[CDD (BASE 65) ]
TOTAL THIS MO. 51
DPTR FM NORMAL -1 [PRESSURE DATA]
TOTAL FM JAN 1 51 HIGHEST SLP 30.35 ON 19
DPTR FM NORMAL -1 LOWEST SLP 29.78 ON 15
[REMARKS]
#FINAL-01-21#