000
CXUS54 KEPZ 011030
CF6SRR
PRELIMINARY LOCAL CLIMATOLOGICAL DATA (WS FORM: F-6)
STATION: RUIDOSO AWOS
MONTH: OCTOBER
YEAR: 2021
LATITUDE: 33 28 N
LONGITUDE: 105 32 W
TEMPERATURE IN F: :PCPN: SNOW: WIND :SUNSHINE: SKY :PK WND
================================================================================
1 2 3 4 5 6A 6B 7 8 9 10 11 12 13 14 15 16 17 18
12Z AVG MX 2MIN
DY MAX MIN AVG DEP HDD CDD WTR SNW DPTH SPD SPD DIR MIN PSBL S-S WX SPD DR
================================================================================
1 64 45 55 M 10 0 0.00 M M 5.1 16 220 M M 6 23 220
2 66 41 54 M 11 0 0.00 M M 5.9 10 270 M M 1 17 270
3 68 45 57 M 8 0 0.00 M M 4.7 10 30 M M 2 M M
4 72 46 59 M 6 0 0.00 M M 5.3 12 360 M M 2 M M
5 72 48 60 M 5 0 0.00 M M 7.0 13 150 M M 0 8 21 150
6 73 50 62 M 3 0 0.00 M M 5.6 13 220 M M 3 18 220
7 75 48 62 M 3 0 0.00 M M 7.7 17 220 M M 0 24 220
8 73 54 64 M 1 0 0.00 M M 8.9 17 220 M M 0 8 24 230
9 77 57 67 M 0 2 0.00 M M 14.3 26 220 M M 0 35 200
10 63 43 53 M 12 0 0.00 M M 12.5 24 310 M M 3 3 36 300
11 68 39 54 M 11 0 0.00 M M 10.4 27 200 M M 1 36 220
12 68 45 57 M 8 0 0.00 M M 25.7 43 230 M M 1 8 60 220
13 61 36 49 M 16 0 0.00 M M 8.4 16 210 M M 0 28 240
14 63 46 55 M 10 0 0.00 M M 11.3 27 240 M M 0 35 250
15 61 37 49 M 16 0 0.00 M M 9.1 15 150 M M 0 20 310
16 59 34 47 M 18 0 0.00 M M 6.1 15 150 M M 0 18 140
17 66 37 52 M 13 0 0.00 M M 6.4 14 140 M M 0 17 120
18 68 46 57 M 8 0 0.00 M M 13.7 35 230 M M 0 38 240
19 66 50 58 M 7 0 0.00 M M 13.7 21 220 M M 0 29 240
20 70 43 57 M 8 0 0.00 M M 6.4 12 230 M M 0 23 150
21 72 43 58 M 7 0 0.00 M M 6.9 17 260 M M 0 23 270
22 73 45 59 M 6 0 0.00 M M 7.8 13 310 M M 0 22 250
23 70 48 59 M 6 0 0.00 M M 12.6 28 230 M M 0 36 210
24 68 50 59 M 6 0 0.00 M M 7.7 20 270 M M 0 28 270
25 77 45 61 M 4 0 0.00 M M 9.7 23 230 M M 0 30 190
26 63 41 52 M 13 0 0.00 M M 24.1 43 240 M M 2 8 61 240
27 52 36 44 M 21 0 0.00 M M 21.7 32 320 M M 0 50 300
28 63 37 50 M 15 0 0.00 M M 7.4 17 310 M M 0 24 310
29 66 36 51 M 14 0 0.00 M M 5.0 15 230 M M 0 21 220
30 68 45 57 M 8 0 0.00 M M 9.6 17 310 M M 0 8 23 330
31 59 41 50 M 15 0 0.00 M M 7.1 13 130 M M 0 8 20 130
================================================================================
SM 2084 1357 289 2 0.00 M 307.6 M 21
================================================================================
AV 67.2 43.8 9.9 FASTST M M 1 MAX(MPH)
MISC ----> 43 230 61 240
================================================================================
NOTES:
# LAST OF SEVERAL OCCURRENCES
COLUMN 17 PEAK WIND IN M.P.H.
PRELIMINARY LOCAL CLIMATOLOGICAL DATA (WS FORM: F-6) , PAGE 2
STATION: RUIDOSO AWOS
MONTH: OCTOBER
YEAR: 2021
LATITUDE: 33 28 N
LONGITUDE: 105 32 W
[TEMPERATURE DATA] [PRECIPITATION DATA] SYMBOLS USED IN COLUMN 16
AVERAGE MONTHLY: 55.5 TOTAL FOR MONTH: 0.00 1 = FOG OR MIST
DPTR FM NORMAL: 0.0 DPTR FM NORMAL: M 2 = FOG REDUCING VISIBILITY
HIGHEST: 77 ON 25, 9 GRTST 24HR 0.00 ON 1- 1 TO 1/4 MILE OR LESS
LOWEST: 34 ON 16 3 = THUNDER
SNOW, ICE PELLETS, HAIL 4 = ICE PELLETS
TOTAL MONTH: M 5 = HAIL
GRTST 24HR M ON M 6 = FREEZING RAIN OR DRIZZLE
GRTST DEPTH: M ON M 7 = DUSTSTORM OR SANDSTORM:
VSBY 1/2 MILE OR LESS
8 = SMOKE OR HAZE
[NO. OF DAYS WITH] [WEATHER - DAYS WITH] 9 = BLOWING SNOW
X = TORNADO
MAX 32 OR BELOW: 0 0.01 INCH OR MORE: 0
MAX 90 OR ABOVE: 0 0.10 INCH OR MORE: 0
MIN 32 OR BELOW: 0 0.50 INCH OR MORE: 0
MIN 0 OR BELOW: 0 1.00 INCH OR MORE: 0
[HDD (BASE 65) ]
TOTAL THIS MO. 289 CLEAR (SCALE 0-3) 30
DPTR FM NORMAL M PTCLDY (SCALE 4-7) 1
TOTAL FM JUL 1 367 CLOUDY (SCALE 8-10) 0
DPTR FM NORMAL M
[CDD (BASE 65) ]
TOTAL THIS MO. 2
DPTR FM NORMAL M [PRESSURE DATA]
TOTAL FM JAN 1 398 HIGHEST SLP M ON M
DPTR FM NORMAL M LOWEST SLP M ON M
[REMARKS]
#FINAL-10-21#