000
CXUS53 KMPX 052239
CF6STC
PRELIMINARY LOCAL CLIMATOLOGICAL DATA (WS FORM: F-6)
STATION: ST CLOUD MN
MONTH: NOVEMBER
YEAR: 2022
LATITUDE: 45 32 N
LONGITUDE: 94 4 W
TEMPERATURE IN F: :PCPN: SNOW: WIND :SUNSHINE: SKY :PK WND
================================================================================
1 2 3 4 5 6A 6B 7 8 9 10 11 12 13 14 15 16 17 18
12Z AVG MX 2MIN
DY MAX MIN AVG DEP HDD CDD WTR SNW DPTH SPD SPD DIR MIN PSBL S-S WX SPD DR
================================================================================
1 69 30 50 12 15 0 0.00 0.0 0 4.0 13 150 M M 0 15 130
2 75 50 63 25 2 0 0.00 0.0 0 15.6 32 170 M M 0 44 190
3 63 40 52 15 13 0 0.04 0.0 0 11.0 20 180 M M 6 1 27 190
4 46 25 36 -1 29 0 T 0.0 0 7.6 17 310 M M 4 23 350
5 47 23 35 -1 30 0 0.00 0.0 0 5.1 12 50 M M 4 19 60
6 48 31 40 4 25 0 0.02 0.0 0 19.5 38 250 M M 3 49 240
7 35 22 29 -6 36 0 0.00 0.0 0 7.5 29 290 M M 3 40 300
8 46 32 39 4 26 0 0.42 0.0 0 11.0 24 130 M M 9 1 33 140
9 60 44 52 18 13 0 0.63 0.0 0 6.8 12 230 M M 10 123 15 240
10 47 24 36 2 29 0 0.59 0.0 0 14.1 26 260 M M 10 13 37 270
11 32 24 28 -5 37 0 T T 0 15.4 23 300 M M 10 32 330
12 27 25 26 -7 39 0 T T 0 9.1 15 340 M M 10 23 10
13 27 24 26 -6 39 0 T T T 4.8 8 90 M M 10 13 130
14 29 23 26 -6 39 0 0.11 1.5 T 5.4 10 120 M M 10 18 17 140
15 32 28 30 -1 35 0 0.23 2.2 1 4.2 8 120 M M 10 1 13 120
16 30 18 24 -7 41 0 0.01 0.4 4 6.8 15 280 M M 9 1 20 290
17 27 19 23 -7 42 0 0.01 0.2 3 13.9 24 310 M M 9 18 31 300
18 22 15 19 -11 46 0 T T 3 14.3 22 240 M M 8 18 28 250
19 20 6 13 -16 52 0 T T 3 15.3 30 300 M M 5 8 38 300
20 28 10 19 -10 46 0 T 0.1 3 7.4 14 260 M M 3 18 17 260
21 27 18 23 -5 42 0 0.00 0.0 3 6.8 14 10 M M 4 19 330
22 35 17 26 -2 39 0 0.00 0.0 3 4.2 10 190 M M 4 1 14 180
23 44 14 29 2 36 0 0.00 0.0 2 4.3 10 150 M M 0 18 12 140
24 42 26 34 7 31 0 0.00 0.0 T 7.0 16 320 M M 3 12 22 320
25 46 23 35 9 30 0 0.00 0.0 T 6.7 16 210 M M 0 22 220
26 50 33 42 16 23 0 0.00 0.0 T 7.7 14 340 M M 0 21 330
27 39 25 32 7 33 0 0.00 0.0 0 6.0 14 350 M M 0 23 350
28 38 24 31 6 34 0 T T 0 7.6 20 170 M M 2 25 160
29 32 20 26 2 39 0 0.05 0.6 T 11.4 26 300 M M 10 1 36 300
30 23 8 16 -8 49 0 T T 1 15.4 29 290 M M 5 37 290
================================================================================
SM 1186 721 990 0 2.11 5.0 275.9 M 161
================================================================================
AV 39.5 24.0 9.2 FASTST M M 5 MAX(MPH)
MISC ----> 38 250 49 240
================================================================================
NOTES:
# LAST OF SEVERAL OCCURRENCES
COLUMN 17 PEAK WIND IN M.P.H.
PRELIMINARY LOCAL CLIMATOLOGICAL DATA (WS FORM: F-6) , PAGE 2
STATION: ST CLOUD MN
MONTH: NOVEMBER
YEAR: 2022
LATITUDE: 45 32 N
LONGITUDE: 94 4 W
[TEMPERATURE DATA] [PRECIPITATION DATA] SYMBOLS USED IN COLUMN 16
AVERAGE MONTHLY: 31.8 TOTAL FOR MONTH: 2.11 1 = FOG OR MIST
DPTR FM NORMAL: 0.9 DPTR FM NORMAL: 0.74 2 = FOG REDUCING VISIBILITY
HIGHEST: 75 ON 2 GRTST 24HR 1.01 ON 9-10 TO 1/4 MILE OR LESS
LOWEST: 6 ON 19 3 = THUNDER
SNOW, ICE PELLETS, HAIL 4 = ICE PELLETS
TOTAL MONTH: 5.0 INCHES 5 = HAIL
GRTST 24HR 2.2 ON 15-15 6 = FREEZING RAIN OR DRIZZLE
GRTST DEPTH: 4 ON 16 7 = DUSTSTORM OR SANDSTORM:
VSBY 1/2 MILE OR LESS
8 = SMOKE OR HAZE
[NO. OF DAYS WITH] [WEATHER - DAYS WITH] 9 = BLOWING SNOW
X = TORNADO
MAX 32 OR BELOW: 13 0.01 INCH OR MORE: 10
MAX 90 OR ABOVE: 0 0.10 INCH OR MORE: 5
MIN 32 OR BELOW: 26 0.50 INCH OR MORE: 2
MIN 0 OR BELOW: 0 1.00 INCH OR MORE: 0
[HDD (BASE 65) ]
TOTAL THIS MO. 990 CLEAR (SCALE 0-3) 11
DPTR FM NORMAL -32 PTCLDY (SCALE 4-7) 8
TOTAL FM JUL 1 1647 CLOUDY (SCALE 8-10) 11
DPTR FM NORMAL -234
[CDD (BASE 65) ]
TOTAL THIS MO. 0
DPTR FM NORMAL 0 [PRESSURE DATA]
TOTAL FM JAN 1 594 HIGHEST SLP 30.66 ON 7
DPTR FM NORMAL 126 LOWEST SLP 29.40 ON 5
[REMARKS]
#FINAL-11-22#