000
CXUS53 KEAX 012209
CLMSTJ
CLIMATE REPORT
NATIONAL WEATHER SERVICE KANSAS CITY/PLEASANT HILL MO
510 PM CDT MON APR 01 2024
...................................
...THE ST. JOSEPH MO CLIMATE SUMMARY FOR THE MONTH OF MARCH 2024...
CLIMATE NORMAL PERIOD: 1991 TO 2020
CLIMATE RECORD PERIOD: 1892 TO 2024
WEATHER OBSERVED NORMAL DEPART LAST YEAR`S
VALUE DATE(S) VALUE FROM VALUE DATE(S)
NORMAL
................................................................
TEMPERATURE (F)
RECORD
HIGH 90 03/31/1966
LOW -13 03/04/1978
HIGHEST 82 03/03 78 4 80 03/31
LOWEST 22 03/10 14 8 10 03/19
03/18
03/27
AVG. MAXIMUM 61.1 55.1 6.0 52.0
AVG. MINIMUM 35.6 31.5 4.1 30.3
MEAN 48.4 43.3 5.1 41.2
DAYS MAX >= 90 0 0.0 0.0 0
DAYS MAX <= 32 0 1.2 -1.2 1
DAYS MIN <= 32 11 16.9 -5.9 20
DAYS MIN <= 0 0 0.2 -0.2 0
PRECIPITATION (INCHES)
RECORD
MAXIMUM 7.30 1973
MINIMUM 0.14 1936
TOTALS 3.14 2.06 1.08 1.18
DAILY AVG. 0.10 0.07 0.03 0.04
DAYS >= .01 7 7.7 -0.7 9
DAYS >= .10 4 4.6 -0.6 3
DAYS >= .50 3 1.0 2.0 1
DAYS >= 1.00 1 0.4 0.6 0
GREATEST
24 HR. TOTAL 2.15 03/13 TO 03/14
DEGREE DAYS
HEATING TOTAL 507 676 -169 729
SINCE 7/1 4106 4913 -807 MM
COOLING TOTAL 0 3 -3 0
SINCE 1/1 0 3 -3 MM
................................................................
WIND (MPH)
AVERAGE WIND SPEED 11.0
HIGHEST WIND SPEED/DIRECTION 35/280 DATE 03/13
HIGHEST GUST SPEED/DIRECTION 45/160 DATE 03/13
SKY COVER
POSSIBLE SUNSHINE (PERCENT) MM
AVERAGE SKY COVER 0.34
NUMBER OF DAYS FAIR 20
NUMBER OF DAYS PC 5
NUMBER OF DAYS CLOUDY 6
AVERAGE RH (PERCENT) 57
WEATHER CONDITIONS. NUMBER OF DAYS WITH
THUNDERSTORM 4 MIXED PRECIP 0
HEAVY RAIN 3 RAIN 6
LIGHT RAIN 8 FREEZING RAIN 0
LT FREEZING RAIN 0 HAIL 0
HEAVY SNOW 0 SNOW 0
LIGHT SNOW 2 SLEET 0
FOG 9 FOG W/VIS <= 1/4 MILE 1
HAZE 6
- INDICATES NEGATIVE NUMBERS.
R INDICATES RECORD WAS SET OR TIED.
MM INDICATES DATA IS MISSING.
T INDICATES TRACE AMOUNT.
$$