000
CXUS53 KEAX 012138
CLSSTJ
CLIMATE REPORT
NATIONAL WEATHER SERVICE
412 PM CDT WED SEP 01 2021
...................................
...THE ST. JOSEPH MO CLIMATE SUMMARY FOR THE SEASON, FROM
6/1/2021 TO 8/31/2021...
CLIMATE NORMAL PERIOD: 1991 TO 2020
CLIMATE RECORD PERIOD: 1892 TO 2021
WEATHER OBSERVED NORMAL DEPART LAST YEAR`S
VALUE DATE(S) VALUE FROM VALUE DATE(S)
NORMAL
................................................................
TEMPERATURE (F)
RECORD
HIGH 110 08/13/1936
08/10/1934
LOW 41 08/28/1986
06/01/1982
07/05/1972
HIGHEST 99 06/17 98 1 95 06/06
LOWEST 51 06/03 50 1 51 08/04
AVG. MAXIMUM 87.2 86.3 0.9 87.2
AVG. MINIMUM 65.9 65.2 0.7 66.5
MEAN 76.5 75.8 0.7 76.8
DAYS MAX >= 90 26 32.1 -6.1 38
DAYS MAX <= 32 0 0.0 0.0 0
DAYS MIN <= 32 0 0.0 0.0 0
DAYS MIN <= 0 0 0.0 0.0 0
PRECIPITATION (INCHES)
RECORD
MAXIMUM 28.88 1951
MINIMUM 3.94 1901
TOTALS 14.89 13.32 1.57 15.98
DAILY AVG. 0.16 0.14 0.02 0.18
DAYS >= .01 23 30.5 -7.5 MM
DAYS >= .10 15 17.8 -2.8 MM
DAYS >= .50 8 8.7 -0.7 MM
DAYS >= 1.00 7 3.9 3.1 MM
GREATEST
24 HR. TOTAL 6.69
DEGREE DAYS
HEATING TOTAL 1 11 -10 1
COOLING TOTAL 1010 1002 8 1056
................................................................
WIND (MPH)
AVERAGE WIND SPEED 6.4
HIGHEST WIND SPEED/DIRECTION 44/040 DATE 06/11
HIGHEST GUST SPEED/DIRECTION 64/060 DATE 06/11
SKY COVER
POSSIBLE SUNSHINE (PERCENT) MM
AVERAGE SKY COVER 0.19
NUMBER OF DAYS FAIR 76
NUMBER OF DAYS PC 12
NUMBER OF DAYS CLOUDY 3
AVERAGE RH (PERCENT) 74
WEATHER CONDITIONS. NUMBER OF DAYS WITH
THUNDERSTORM 17 MIXED PRECIP 0
HEAVY RAIN 11 RAIN 15
LIGHT RAIN 25 FREEZING RAIN 0
LT FREEZING RAIN 0 HAIL 0
HEAVY SNOW 0 SNOW 0
LIGHT SNOW 0 SLEET 0
FOG 46 FOG W/VIS <= 1/4 MILE 9
HAZE 11
- INDICATES NEGATIVE NUMBERS.
R INDICATES RECORD WAS SET OR TIED.
MM INDICATES DATA IS MISSING.
T INDICATES TRACE AMOUNT.
$$