000
CXUS53 KLSX 150428
CF6STL
PRELIMINARY LOCAL CLIMATOLOGICAL DATA (WS FORM: F-6)
STATION: ST. LOUIS
MONTH: JUNE
YEAR: 2022
LATITUDE: 38 45 N
LONGITUDE: 90 23 W
TEMPERATURE IN F: :PCPN: SNOW: WIND :SUNSHINE: SKY :PK WND
================================================================================
1 2 3 4 5 6A 6B 7 8 9 10 11 12 13 14 15 16 17 18
12Z AVG MX 2MIN
DY MAX MIN AVG DEP HDD CDD WTR SNW DPTH SPD SPD DIR MIN PSBL S-S WX SPD DR
================================================================================
1 81 68 75 2 0 10 0.45 0.0 0 7.4 20 350 M M 9 13 26 350
2 78 58 68 -5 0 3 0.00 0.0 0 8.1 15 330 M M 6 22 320
3 85 55 70 -3 0 5 0.00 0.0 0 4.8 13 310 M M 1 16 330
4 86 62 74 0 0 9 T 0.0 0 3.6 13 210 M M 7 18 190
5 87 69 78 4 0 13 0.00 0.0 0 6.1 15 180 M M 9 19 160
6 79 68 74 0 0 9 T 0.0 0 8.2 17 150 M M 8 24 260
7 86 66 76 2 0 11 0.00 0.0 0 4.1 13 20 M M 6 16 360
8 81 67 74 -1 0 9 0.42 0.0 0 10.1 26 160 M M 7 13 35 180
9 84 61 73 -2 0 8 0.00 0.0 0 5.4 14 260 M M 4 19 250
10 83 67 75 0 0 10 0.10 0.0 0 6.1 14 190 M M 8 22 50
11 90 66 78 2 0 13 0.00 0.0 0 4.8 13 260 M M 7 18 260
12 94 77 86 10 0 21 0.00 0.0 0 7.7 14 220 M M 8 18 180
13 100 83 92 16 0 27 0.00 0.0 0 12.4 21 220 M M 5 29 200
14 99 81 90 14 0 25 0.00 0.0 0 13.2 20 180 M M 0 27 190
15 98 80 89 12 0 24 0.00 0.0 0 12.0 16 200 M M 4 31 190
16 97 82 90 13 0 25 0.00 0.0 0 10.3 18 250 M M 7 24 230
17 92 73 83 6 0 18 0.34 0.0 0 6.8 40 310 M M 5 13 59 320
18 86 68 77 0 0 12 0.00 0.0 0 8.8 16 60 M M 2 21 100
19 89 63 76 -2 0 11 0.00 0.0 0 7.3 15 120 M M 1 20 140
20 96 68 82 4 0 17 0.00 0.0 0 7.4 14 180 M M 1 19 200
21 98 75 87 9 0 22 0.00 0.0 0 7.5 16 260 M M 0 21 250
22 92 74 83 5 0 18 0.00 0.0 0 7.6 14 340 M M 6 20 340
23 93 69 81 3 0 16 0.00 0.0 0 4.3 14 350 M M 3 20 50
24 90 70 80 1 0 15 0.00 0.0 0 5.0 15 110 M M 7 18 110
25 99 76 88 9 0 23 T 0.0 0 8.8 17 180 M M 7 3 25 170
26 84 67 76 -3 0 11 0.48 0.0 0 9.4 23 280 M M 8 13 32 280
27 83 61 72 -7 0 7 0.00 0.0 0 6.5 17 350 M M 3 23 350
28 85 64 75 -4 0 10 0.00 0.0 0 4.1 13 100 M M 4 19 150
29 91 67 79 0 0 14 0.00 0.0 0 5.6 13 150 M M 0 20 240
30 95 69 82 2 0 17 0.00 0.0 0 7.9 21 200 M M 1 29 190
================================================================================
SM 2681 2074 0 433 1.79 0.0 221.3 M 144
================================================================================
AV 89.4 69.1 7.4 FASTST M M 5 MAX(MPH)
MISC ----> 40 310 59 320
================================================================================
NOTES:
# LAST OF SEVERAL OCCURRENCES
COLUMN 17 PEAK WIND IN M.P.H.
PRELIMINARY LOCAL CLIMATOLOGICAL DATA (WS FORM: F-6) , PAGE 2
STATION: ST. LOUIS
MONTH: JUNE
YEAR: 2022
LATITUDE: 38 45 N
LONGITUDE: 90 23 W
[TEMPERATURE DATA] [PRECIPITATION DATA] SYMBOLS USED IN COLUMN 16
AVERAGE MONTHLY: 79.3 TOTAL FOR MONTH: 1.79 1 = FOG OR MIST
DPTR FM NORMAL: 2.8 DPTR FM NORMAL: -2.70 2 = FOG REDUCING VISIBILITY
HIGHEST: 100 ON 13 GRTST 24HR 0.48 ON 25-26 TO 1/4 MILE OR LESS
LOWEST: 55 ON 3 3 = THUNDER
SNOW, ICE PELLETS, HAIL 4 = ICE PELLETS
TOTAL MONTH: 0.0 INCH 5 = HAIL
GRTST 24HR 0.0 6 = FREEZING RAIN OR DRIZZLE
GRTST DEPTH: 0 7 = DUSTSTORM OR SANDSTORM:
VSBY 1/2 MILE OR LESS
8 = SMOKE OR HAZE
[NO. OF DAYS WITH] [WEATHER - DAYS WITH] 9 = BLOWING SNOW
X = TORNADO
MAX 32 OR BELOW: 0 0.01 INCH OR MORE: 5
MAX 90 OR ABOVE: 15 0.10 INCH OR MORE: 5
MIN 32 OR BELOW: 0 0.50 INCH OR MORE: 0
MIN 0 OR BELOW: 0 1.00 INCH OR MORE: 0
[HDD (BASE 65) ]
TOTAL THIS MO. 0 CLEAR (SCALE 0-3) 10
DPTR FM NORMAL -4 PTCLDY (SCALE 4-7) 18
TOTAL FM JUL 1 4003 CLOUDY (SCALE 8-10) 2
DPTR FM NORMAL -427
[CDD (BASE 65) ]
TOTAL THIS MO. 433
DPTR FM NORMAL 82 [PRESSURE DATA]
TOTAL FM JAN 1 668 HIGHEST SLP 30.28 ON 27
DPTR FM NORMAL 122 LOWEST SLP 29.66 ON 6
[REMARKS]
#FINAL-06-22#