000
CXUS56 KMTR 010900
CF6STS
PRELIMINARY LOCAL CLIMATOLOGICAL DATA (WS FORM: F-6)
STATION: SANTA ROSA AIRPORT
MONTH: APRIL
YEAR: 2023
LATITUDE: 38 30 N
LONGITUDE: 122 49 W
TEMPERATURE IN F: :PCPN: SNOW: WIND :SUNSHINE: SKY :PK WND
================================================================================
1 2 3 4 5 6A 6B 7 8 9 10 11 12 13 14 15 16 17 18
12Z AVG MX 2MIN
DY MAX MIN AVG DEP HDD CDD WTR SNW DPTH SPD SPD DIR MIN PSBL S-S WX SPD DR
================================================================================
1 61 37 49 -5 16 0 T M M 3.8 14 260 M M 7 1 21 270
2 62 41 52 -3 13 0 0.00 M M 9.0 22 270 M M 4 34 270
3 59 37 48 -7 17 0 0.00 M M 12.5 26 320 M M 1 36 310
4 62 38 50 -5 15 0 0.00 M M 7.7 20 270 M M 1 31 340
5 63 34 49 -6 16 0 0.00 M M 3.6 13 180 M M 1 17 180
6 61 39 50 -5 15 0 0.05 M M 3.2 13 190 M M 6 1 17 190
7 62 49 56 1 9 0 0.39 M M 7.7 15 190 M M 7 18 21 230
8 67 45 56 1 9 0 0.00 M M 4.1 13 180 M M 4 1 17 190
9 75 41 58 3 7 0 0.00 M M 3.9 12 190 M M 1 M M
10 75 M M M M M 0.00 M M 4.6 15 140 M M 1 12 20 160
11 72 47 60 4 5 0 0.00 M M 8.1 17 320 M M 4 24 330
12 66 43 55 -1 10 0 0.00 M M 10.4 20 310 M M 0 28 310
13 71 39 55 -1 10 0 0.00 M M 7.7 18 320 M M 0 25 320
14 66 37 52 -4 13 0 0.00 M M 4.2 14 140 M M 0 19 190
15 65 43 54 -2 11 0 0.00 M M 4.8 14 160 M M 4 1 19 160
16 67 40 54 -2 11 0 0.00 M M 5.6 17 250 M M 3 1 25 270
17 63 43 53 -3 12 0 0.03 M M 7.4 22 250 M M 5 12 28 260
18 60 38 49 -7 16 0 0.00 M M 4.6 17 240 M M 4 1 26 240
19 66 35 51 -5 14 0 0.00 M M 5.6 18 340 M M 1 1 25 320
20 73 39 56 -1 9 0 0.00 M M 6.3 18 330 M M 0 25 320
21 82 53 68 11 0 3 0.00 M M 7.0 15 320 M M 0 20 330
22 82 50 66 9 0 1 0.00 M M 5.6 22 310 M M 0 29 320
23 81 50 66 9 0 1 0.00 M M 6.9 18 320 M M 0 25 320
24 77 43 60 3 5 0 0.00 M M 4.3 13 170 M M 0 17 140
25 84 43 64 7 1 0 0.00 M M 4.3 14 140 M M 0 1 18 150
26 86 43 65 8 0 0 0.00 M M 4.2 14 150 M M 2 12 18 150
27 88 46 67 9 0 2 0.00 M M 3.9 13 160 M M 0 17 160
28 80 49 65 7 0 0 0.00 M M 5.9 17 160 M M 3 12 22 160
29 73 47 60 2 5 0 0.00 M M 5.3 16 160 M M 5 18 20 140
30 72 47 60 2 5 0 0.00 M M 7.6 21 340 M M 5 12 29 260
================================================================================
SM 2121 1236 244 7 0.47 M 179.8 M 69
================================================================================
AV 70.7 42.6 6.0 FASTST M M 2 MAX(MPH)
MISC ----> 26 320 36 310
================================================================================
NOTES:
# LAST OF SEVERAL OCCURRENCES
COLUMN 17 PEAK WIND IN M.P.H.
PRELIMINARY LOCAL CLIMATOLOGICAL DATA (WS FORM: F-6) , PAGE 2
STATION: SANTA ROSA AIRPORT
MONTH: APRIL
YEAR: 2023
LATITUDE: 38 30 N
LONGITUDE: 122 49 W
[TEMPERATURE DATA] [PRECIPITATION DATA] SYMBOLS USED IN COLUMN 16
AVERAGE MONTHLY: 56.7 TOTAL FOR MONTH: 0.47 1 = FOG OR MIST
DPTR FM NORMAL: 0.6 DPTR FM NORMAL: -1.63 2 = FOG REDUCING VISIBILITY
HIGHEST: 88 ON 27 GRTST 24HR 0.43 ON 6- 7 TO 1/4 MILE OR LESS
LOWEST: 34 ON 5 3 = THUNDER
SNOW, ICE PELLETS, HAIL 4 = ICE PELLETS
TOTAL MONTH: M 5 = HAIL
GRTST 24HR M ON M 6 = FREEZING RAIN OR DRIZZLE
GRTST DEPTH: M ON M 7 = DUSTSTORM OR SANDSTORM:
VSBY 1/2 MILE OR LESS
8 = SMOKE OR HAZE
[NO. OF DAYS WITH] [WEATHER - DAYS WITH] 9 = BLOWING SNOW
X = TORNADO
MAX 32 OR BELOW: 0 0.01 INCH OR MORE: 3
MAX 90 OR ABOVE: 0 0.10 INCH OR MORE: 1
MIN 32 OR BELOW: 0 0.50 INCH OR MORE: 0
MIN 0 OR BELOW: 0 1.00 INCH OR MORE: 0
[HDD (BASE 65) ]
TOTAL THIS MO. 244 CLEAR (SCALE 0-3) 19
DPTR FM NORMAL -27 PTCLDY (SCALE 4-7) 11
TOTAL FM JUL 1 2906 CLOUDY (SCALE 8-10) 0
DPTR FM NORMAL 204
[CDD (BASE 65) ]
TOTAL THIS MO. 7
DPTR FM NORMAL 3 [PRESSURE DATA]
TOTAL FM JAN 1 7 HIGHEST SLP M ON M
DPTR FM NORMAL 2 LOWEST SLP 29.77 ON 13
[REMARKS]
#FINAL-04-23#