000
CXUS54 KOUN 010810
CF6SWO
PRELIMINARY LOCAL CLIMATOLOGICAL DATA (WS FORM: F-6)
STATION: STILLWATER
MONTH: AUGUST
YEAR: 2022
LATITUDE: 36 10 N
LONGITUDE: 97 5 W
TEMPERATURE IN F: :PCPN: SNOW: WIND :SUNSHINE: SKY :PK WND
================================================================================
1 2 3 4 5 6A 6B 7 8 9 10 11 12 13 14 15 16 17 18
12Z AVG MX 2MIN
DY MAX MIN AVG DEP HDD CDD WTR SNW DPTH SPD SPD DIR MIN PSBL S-S WX SPD DR
================================================================================
1 98 78 88 3 0 23 0.00 M M 11.3 22 190 M M 1 27 190
2 104 77 91 6 0 26 0.00 M M 12.3 22 170 M M 0 28 160
3 106 80 93 9 0 28 0.00 M M 12.4 21 190 M M 0 28 180
4 95 82 89 5 0 24 0.03 M M 11.0 22 140 M M 3 3 28 180
5 104 77 91 7 0 26 0.00 M M 10.5 17 150 M M 1 24 140
6 103 81 92 8 0 27 0.00 M M 13.2 20 180 M M 0 24 190
7 101 78 90 6 0 25 0.00 M M 10.8 17 180 M M 0 23 170
8 103 78 91 7 0 26 0.33 M M 6.6 23 330 M M 1 3 31 320
9 97 74 86 2 0 21 0.05 M M 6.4 24 230 M M 2 3 33 250
10 99 72 86 2 0 21 0.00 M M 3.7 15 20 M M 1 22 270
11 97 69 83 -1 0 18 0.00 M M 6.4 14 40 M M 0 18 40
12 96 66 81 -3 0 16 0.00 M M 7.6 15 110 M M 1 18 110
13 100 73 87 3 0 22 0.00 M M 6.6 15 180 M M 1 18 170
14 102 71 87 4 0 22 0.00 M M 6.3 15 200 M M 0 20 220
15 102 71 87 4 0 22 0.00 M M 6.9 17 210 M M 0 21 210
16 106 73 90 7 0 25 M M M 8.9 17 40 M M 1 32 30
17 79 67 73 -10 0 8 0.04 M M 8.3 16 20 M M 8 1 20 10
18 90 64 77 -6 0 12 0.00 M M 7.7 17 100 M M 2 21 120
19 96 61 79 -4 0 14 0.00 M M 7.4 15 140 M M 0 19 200
20 95 70 83 1 0 18 T M M 5.8 17 260 M M 1 23 260
21 82 72 77 -5 0 12 0.17 M M 3.4 14 280 M M 3 3 19 290
22 94 67 81 -1 0 16 0.00 M M 7.4 17 50 M M 2 27 50
23 95 68 82 0 0 17 0.00 M M 6.0 16 50 M M 3 27 70
24 96 66 81 -1 0 16 0.00 M M 5.5 15 60 M M 1 19 40
25 97 62 80 -1 0 15 0.00 M M 4.5 15 130 M M 1 19 100
26 99 65 82 1 0 17 0.00 M M 6.1 17 160 M M 0 21 170
27 98 73 86 5 0 21 0.00 M M 10.4 20 160 M M 0 3 27 140
28 100 75 88 8 0 23 0.05 M M 12.1 28 170 M M 5 3 41 250
29 91 72 82 2 0 17 0.84 M M 9.4 29 320 M M 2 13 43 330
30 95 69 82 2 0 17 M M M 6.8 16 80 M M 1 8 22 80
31 96 67 82 2 0 17 0.00 M M 7.4 14 50 M M 0 18 100
================================================================================
SM 3016 2218 0 612 1.51 M 249.1 M 41
================================================================================
AV 97.3 71.5 8.0 FASTST M M 1 MAX(MPH)
MISC ----> 29 320 43 330
================================================================================
NOTES:
# LAST OF SEVERAL OCCURRENCES
COLUMN 17 PEAK WIND IN M.P.H.
PRELIMINARY LOCAL CLIMATOLOGICAL DATA (WS FORM: F-6) , PAGE 2
STATION: STILLWATER
MONTH: AUGUST
YEAR: 2022
LATITUDE: 36 10 N
LONGITUDE: 97 5 W
[TEMPERATURE DATA] [PRECIPITATION DATA] SYMBOLS USED IN COLUMN 16
AVERAGE MONTHLY: 84.4 TOTAL FOR MONTH: 1.51 1 = FOG OR MIST
DPTR FM NORMAL: 1.7 DPTR FM NORMAL: -1.77 2 = FOG REDUCING VISIBILITY
HIGHEST: 106 ON 16, 3 GRTST 24HR 0.86 ON 28-29 TO 1/4 MILE OR LESS
LOWEST: 61 ON 19 3 = THUNDER
SNOW, ICE PELLETS, HAIL 4 = ICE PELLETS
TOTAL MONTH: M 5 = HAIL
GRTST 24HR M ON M 6 = FREEZING RAIN OR DRIZZLE
GRTST DEPTH: M ON M 7 = DUSTSTORM OR SANDSTORM:
VSBY 1/2 MILE OR LESS
8 = SMOKE OR HAZE
[NO. OF DAYS WITH] [WEATHER - DAYS WITH] 9 = BLOWING SNOW
X = TORNADO
MAX 32 OR BELOW: 0 0.01 INCH OR MORE: 7
MAX 90 OR ABOVE: 29 0.10 INCH OR MORE: 3
MIN 32 OR BELOW: 0 0.50 INCH OR MORE: 1
MIN 0 OR BELOW: 0 1.00 INCH OR MORE: 0
[HDD (BASE 65) ]
TOTAL THIS MO. 0 CLEAR (SCALE 0-3) 27
DPTR FM NORMAL 0 PTCLDY (SCALE 4-7) 3
TOTAL FM JUL 1 0 CLOUDY (SCALE 8-10) 1
DPTR FM NORMAL 0
[CDD (BASE 65) ]
TOTAL THIS MO. 612
DPTR FM NORMAL 62 [PRESSURE DATA]
TOTAL FM JAN 1 2193 HIGHEST SLP M ON M
DPTR FM NORMAL 384 LOWEST SLP 29.65 ON 28
[REMARKS]
#FINAL-08-22#