000
CXUS54 KEWX 011010
CF6T82
PRELIMINARY LOCAL CLIMATOLOGICAL DATA (WS FORM: F-6)
STATION: FREDERICKSBURG
MONTH: MAY
YEAR: 2021
LATITUDE: 30 15 N
LONGITUDE: 98 55 W
TEMPERATURE IN F: :PCPN: SNOW: WIND :SUNSHINE: SKY :PK WND
================================================================================
1 2 3 4 5 6A 6B 7 8 9 10 11 12 13 14 15 16 17 18
12Z AVG MX 2MIN
DY MAX MIN AVG DEP HDD CDD WTR SNW DPTH SPD SPD DIR MIN PSBL S-S WX SPD DR
================================================================================
1 66 60 63 M 2 0 2.87 M M 6.6 16 270 M M 8 3 22 330
2 86 61 74 M 0 9 0.00 M M 6.6 16 200 M M 1 1 21 210
3 91 67 79 M 0 14 0.00 M M 5.8 14 220 M M 1 17 220
4 75 60 68 M 0 3 0.00 M M 13.6 23 350 M M 1 31 350
5 78 50 64 M 1 0 0.00 M M 4.5 9 30 M M 0 M M
6 82 49 66 M 0 1 0.00 M M 3.2 10 80 M M 0 16 60
7 82 52 67 M 0 2 0.00 M M 5.5 13 200 M M 0 23 160
8 85 62 74 M 0 9 0.00 M M 12.7 18 180 M M 5 28 180
9 87 67 77 M 0 12 0.00 M M 6.7 13 200 M M 6 20 180
10 78 59 69 M 0 4 0.00 M M 5.8 13 30 M M 9 17 40
11 67 61 64 M 1 0 0.01 M M 6.5 13 50 M M 10 18 22 360
12 68 55 62 M 3 0 0.00 M M 10.3 13 10 M M 9 21 10
13 72 56 64 M 1 0 0.00 M M 4.9 8 20 M M 8 M M
14 80 53 67 M 0 2 0.00 M M 4.8 12 170 M M 6 20 160
15 75 65 70 M 0 5 0.00 M M 8.2 12 140 M M 9 20 140
16 82 67 75 M 0 10 0.00 M M 6.7 14 170 M M 8 23 170
17 81 64 73 M 0 8 0.03 M M 7.9 14 90 M M 8 30 50
18 71 63 67 M 0 2 0.08 M M 7.7 16 350 M M 7 38 22 10
19 72 59 66 M 0 1 0.00 M M 3.9 13 180 M M 5 20 170
20 83 64 74 M 0 9 0.00 M M 3.0 8 170 M M 3 12 M M
21 84 66 75 M 0 10 0.00 M M 4.3 8 150 M M 4 18 18 180
22 74 69 72 M 0 7 0.62 M M 6.5 14 60 M M 10 18 18 60
23 78 68 73 M 0 8 0.01 M M 6.9 12 120 M M 10 1 17 110
24 82 70 76 M 0 11 0.07 M M 6.1 10 170 M M 8 17 160
25 86 70 78 M 0 13 0.00 M M 8.9 13 200 M M 8 8 17 160
26 85 71 78 M 0 13 0.00 M M 6.8 12 200 M M 7 16 200
27 85 70 78 M 0 13 0.00 M M 8.8 15 170 M M 6 21 170
28 79 65 72 M 0 7 0.79 M M 5.2 12 180 M M 9 3 31 0
29 83 64 74 M 0 9 0.30 M M 6.7 21 160 M M 4 3 29 160
30 82 67 75 M 0 10 0.00 M M 5.1 10 150 M M 6 23 150
31 81 65 73 M 0 8 0.44 M M 8.7 13 170 M M 8 3 22 170
================================================================================
SM 2460 1939 8 200 5.22 M 208.8 M 184
================================================================================
AV 79.4 62.5 6.7 FASTST M M 6 MAX(MPH)
MISC ----> 23 350 # 31 350
================================================================================
NOTES:
# LAST OF SEVERAL OCCURRENCES
COLUMN 17 PEAK WIND IN M.P.H.
PRELIMINARY LOCAL CLIMATOLOGICAL DATA (WS FORM: F-6) , PAGE 2
STATION: FREDERICKSBURG
MONTH: MAY
YEAR: 2021
LATITUDE: 30 15 N
LONGITUDE: 98 55 W
[TEMPERATURE DATA] [PRECIPITATION DATA] SYMBOLS USED IN COLUMN 16
AVERAGE MONTHLY: 71.0 TOTAL FOR MONTH: 5.22 1 = FOG OR MIST
DPTR FM NORMAL: 0.0 DPTR FM NORMAL: M 2 = FOG REDUCING VISIBILITY
HIGHEST: 91 ON 3 GRTST 24HR 2.87 ON 1- 1 TO 1/4 MILE OR LESS
LOWEST: 49 ON 6 3 = THUNDER
SNOW, ICE PELLETS, HAIL 4 = ICE PELLETS
TOTAL MONTH: M 5 = HAIL
GRTST 24HR M ON M 6 = FREEZING RAIN OR DRIZZLE
GRTST DEPTH: M ON M 7 = DUSTSTORM OR SANDSTORM:
VSBY 1/2 MILE OR LESS
8 = SMOKE OR HAZE
[NO. OF DAYS WITH] [WEATHER - DAYS WITH] 9 = BLOWING SNOW
X = TORNADO
MAX 32 OR BELOW: 0 0.01 INCH OR MORE: 10
MAX 90 OR ABOVE: 1 0.10 INCH OR MORE: 5
MIN 32 OR BELOW: 0 0.50 INCH OR MORE: 3
MIN 0 OR BELOW: 0 1.00 INCH OR MORE: 1
[HDD (BASE 65) ]
TOTAL THIS MO. 8 CLEAR (SCALE 0-3) 7
DPTR FM NORMAL M PTCLDY (SCALE 4-7) 13
TOTAL FM JUL 1 2118 CLOUDY (SCALE 8-10) 11
DPTR FM NORMAL M
[CDD (BASE 65) ]
TOTAL THIS MO. 200
DPTR FM NORMAL M [PRESSURE DATA]
TOTAL FM JAN 1 310 HIGHEST SLP M ON M
DPTR FM NORMAL M LOWEST SLP M ON M
[REMARKS]
#FINAL-05-21#