000
CXUS55 KPUB 011310
CF6TAD
PRELIMINARY LOCAL CLIMATOLOGICAL DATA (WS FORM: F-6)
STATION: TRINIDAD CO
MONTH: DECEMBER
YEAR: 2021
LATITUDE: 37 16 N
LONGITUDE: 104 20 W
TEMPERATURE IN F: :PCPN: SNOW: WIND :SUNSHINE: SKY :PK WND
================================================================================
1 2 3 4 5 6A 6B 7 8 9 10 11 12 13 14 15 16 17 18
12Z AVG MX 2MIN
DY MAX MIN AVG DEP HDD CDD WTR SNW DPTH SPD SPD DIR MIN PSBL S-S WX SPD DR
================================================================================
1 72 28 50 14 15 0 0.00 M M 9.8 17 250 M M 0 23 250
2 74 38 56 21 9 0 0.00 M M 10.8 17 260 M M 0 20 270
3 61 28 45 10 20 0 0.00 M M 7.0 14 350 M M 0 18 250
4 62 24 43 8 22 0 0.00 M M 9.2 18 270 M M 0 24 260
5 72 24 48 14 17 0 0.00 M M 15.3 38 30 M M 2 8 58 30
6 42 10 26 -8 39 0 0.00 M M 4.6 15 300 M M 1 18 290
7 59 22 41 7 24 0 0.00 M M 7.3 17 260 M M 3 22 100
8 63 21 42 8 23 0 0.00 M M 12.8 41 250 M M 0 8 54 250
9 61 21 41 8 24 0 0.00 M M 11.4 26 240 M M 0 38 240
10 55 18 37 4 28 0 0.00 M M 14.0 36 340 M M 3 8 49 350
11 50 8 29 -4 36 0 0.00 M M 7.3 16 240 M M 0 18 270
12 67 29 48 15 17 0 0.00 M M 8.4 17 250 M M 0 21 250
13 63 23 43 10 22 0 0.00 M M 8.7 16 270 M M 0 19 270
14 66 37 52 20 13 0 0.00 M M 14.5 31 220 M M 0 47 210
15 56 27 42 10 23 0 0.04 M M 25.5 55 250 M M 1 138 76 250
16 60 10 35 3 30 0 0.00 M M 9.0 25 240 M M 0 33 230
17 44 16 30 -2 35 0 0.00 M M 6.2 13 100 M M 0 17 70
18 44 7 26 -6 39 0 0.00 M M 9.1 21 240 M M 0 27 250
19 59 19 39 7 26 0 0.00 M M 9.4 18 250 M M 0 23 240
20 60 20 40 8 25 0 0.00 M M 11.4 23 330 M M 0 30 340
21 64 30 47 15 18 0 0.00 M M 13.5 23 310 M M 0 35 300
22 64 28 46 14 19 0 0.00 M M 10.3 23 250 M M 0 29 260
23 68 28 48 16 17 0 0.00 M M 9.6 24 250 M M 0 38 250
24 62 38 50 18 15 0 0.00 M M 20.4 45 240 M M 0 61 250
25 60 39 50 18 15 0 0.00 M M 12.7 28 270 M M 0 40 270
26 56 35 46 14 19 0 0.00 M M 21.9 49 250 M M 0 71 250
27 57 23 40 8 25 0 0.00 M M 12.7 35 260 M M 0 49 210
28 49 30 40 8 25 0 0.00 M M 14.9 35 270 M M 1 46 290
29 49 26 38 6 27 0 0.00 M M 13.5 32 260 M M 0 42 260
30 51 28 40 8 25 0 0.00 M M 15.1 39 270 M M 0 51 270
31 54 15 35 3 30 0 0.02 M M 17.8 29 230 M M 1 38 230
================================================================================
SM 1824 750 722 0 0.06 M 374.1 M 12
================================================================================
AV 58.8 24.2 12.1 FASTST M M 0 MAX(MPH)
MISC ----> 55 250 76 250
================================================================================
NOTES:
# LAST OF SEVERAL OCCURRENCES
COLUMN 17 PEAK WIND IN M.P.H.
PRELIMINARY LOCAL CLIMATOLOGICAL DATA (WS FORM: F-6) , PAGE 2
STATION: TRINIDAD CO
MONTH: DECEMBER
YEAR: 2021
LATITUDE: 37 16 N
LONGITUDE: 104 20 W
[TEMPERATURE DATA] [PRECIPITATION DATA] SYMBOLS USED IN COLUMN 16
AVERAGE MONTHLY: 41.5 TOTAL FOR MONTH: 0.06 1 = FOG OR MIST
DPTR FM NORMAL: 8.7 DPTR FM NORMAL: -0.37 2 = FOG REDUCING VISIBILITY
HIGHEST: 74 ON 2 GRTST 24HR 0.04 ON 15-15 TO 1/4 MILE OR LESS
LOWEST: 7 ON 18 3 = THUNDER
SNOW, ICE PELLETS, HAIL 4 = ICE PELLETS
TOTAL MONTH: M 5 = HAIL
GRTST 24HR M ON M 6 = FREEZING RAIN OR DRIZZLE
GRTST DEPTH: M ON M 7 = DUSTSTORM OR SANDSTORM:
VSBY 1/2 MILE OR LESS
8 = SMOKE OR HAZE
[NO. OF DAYS WITH] [WEATHER - DAYS WITH] 9 = BLOWING SNOW
X = TORNADO
MAX 32 OR BELOW: 0 0.01 INCH OR MORE: 2
MAX 90 OR ABOVE: 0 0.10 INCH OR MORE: 0
MIN 32 OR BELOW: 26 0.50 INCH OR MORE: 0
MIN 0 OR BELOW: 0 1.00 INCH OR MORE: 0
[HDD (BASE 65) ]
TOTAL THIS MO. 722 CLEAR (SCALE 0-3) 30
DPTR FM NORMAL -276 PTCLDY (SCALE 4-7) 1
TOTAL FM JUL 1 1623 CLOUDY (SCALE 8-10) 0
DPTR FM NORMAL -542
[CDD (BASE 65) ]
TOTAL THIS MO. 0
DPTR FM NORMAL 0 [PRESSURE DATA]
TOTAL FM JAN 1 1002 HIGHEST SLP 30.44 ON 18
DPTR FM NORMAL 125 LOWEST SLP 29.27 ON 15
[REMARKS]
#FINAL-12-21#