000
CXUS52 KTAE 010800
CF6TLH
PRELIMINARY LOCAL CLIMATOLOGICAL DATA (WS FORM: F-6)
STATION: TALLAHASSEE
MONTH: OCTOBER
YEAR: 2022
LATITUDE: 30 22 N
LONGITUDE: 84 22 W
TEMPERATURE IN F: :PCPN: SNOW: WIND :SUNSHINE: SKY :PK WND
================================================================================
1 2 3 4 5 6A 6B 7 8 9 10 11 12 13 14 15 16 17 18
12Z AVG MX 2MIN
DY MAX MIN AVG DEP HDD CDD WTR SNW DPTH SPD SPD DIR MIN PSBL S-S WX SPD DR
================================================================================
1 88 54 71 -5 0 6 0.00 0.0 0 4.8 20 260 M M 1 1 26 300
2 88 53 71 -4 0 6 0.00 0.0 0 7.0 20 310 M M 0 25 270
3 82 57 70 -5 0 5 0.00 0.0 0 7.7 17 360 M M 1 20 10
4 82 53 68 -7 0 3 0.00 0.0 0 4.3 16 60 M M 2 20 60
5 84 48 66 -8 0 1 0.00 0.0 0 2.5 14 340 M M 2 17 20
6 88 50 69 -5 0 4 0.00 0.0 0 2.9 12 350 M M 0 15 320
7 89 49 69 -5 0 4 0.00 0.0 0 1.8 10 350 M M 0 17 20
8 89 52 71 -2 0 6 0.00 0.0 0 5.4 15 360 M M 3 20 340
9 85 57 71 -2 0 6 0.00 M M 6.4 14 350 M M 3 19 340
10 85 52 69 -3 0 4 0.00 0.0 M 4.6 12 10 M M 0 15 20
11 88 55 72 0 0 7 0.00 0.0 M 3.6 10 70 M M 2 1 14 110
12 88 66 77 5 0 12 0.11 0.0 M 6.9 21 210 M M 7 13 27 200
13 89 66 78 7 0 13 0.03 0.0 0 3.8 14 320 M M 7 12 17 320
14 84 54 69 -2 0 4 0.00 0.0 0 4.2 13 360 M M 0 16 60
15 87 48 68 -3 0 3 0.00 0.0 0 2.2 12 60 M M 1 14 110
16 87 55 71 1 0 6 0.00 0.0 0 2.5 12 160 M M 2 14 130
17 86 57 72 2 0 7 T 0.0 0 5.1 15 290 M M 5 18 280
18 71 48 60 -10 5 0 0.00 0.0 0 9.9 18 320 M M 1 23 310
19 66 33 50 -19 15 0 0.00 0.0 0 5.7 17 340 M M 1 25 10
20 69 31 50 -19 15 0 0.00 0.0 M 3.4 13 280 M M 0 15 280
21 74 35 55 -13 10 0 0.00 0.0 M 2.4 13 340 M M 0 16 350
22 80 37 59 -9 6 0 0.00 0.0 M 2.9 13 60 M M 0 1 17 30
23 82 39 61 -7 4 0 0.00 0.0 0 1.9 9 40 M M 1 1 13 70
24 84 48 66 -1 0 1 0.00 0.0 M 3.1 13 120 M M 2 1 17 120
25 80 52 66 -1 0 1 0.00 0.0 M 5.3 15 140 M M 4 19 160
26 82 57 70 4 0 5 0.08 0.0 M 6.1 21 320 M M 4 13 25 320
27 83 48 66 0 0 1 0.00 0.0 M 3.6 10 80 M M 1 14 90
28 82 66 74 8 0 9 0.00 M M 8.9 17 90 M M 7 21 110
29 71 65 68 2 0 3 0.00 0.0 0 8.8 15 90 M M 9 18 80
30 81 65 73 8 0 8 0.00 0.0 0 6.9 15 140 M M 9 1 19 140
31 84 61 73 8 0 8 0.00 0.0 0 3.9 13 290 M M 6 1 16 290
================================================================================
SM 2558 1611 55 133 0.22 0.0 148.5 M 81
================================================================================
AV 82.5 52.0 4.8 FASTST M M 3 MAX(MPH)
MISC ----> # 21 210 27 200
================================================================================
NOTES:
# LAST OF SEVERAL OCCURRENCES
COLUMN 17 PEAK WIND IN M.P.H.
PRELIMINARY LOCAL CLIMATOLOGICAL DATA (WS FORM: F-6) , PAGE 2
STATION: TALLAHASSEE
MONTH: OCTOBER
YEAR: 2022
LATITUDE: 30 22 N
LONGITUDE: 84 22 W
[TEMPERATURE DATA] [PRECIPITATION DATA] SYMBOLS USED IN COLUMN 16
AVERAGE MONTHLY: 67.2 TOTAL FOR MONTH: 0.22 1 = FOG OR MIST
DPTR FM NORMAL: -3.1 DPTR FM NORMAL: -3.02 2 = FOG REDUCING VISIBILITY
HIGHEST: 89 ON 13, 8 GRTST 24HR 0.14 ON 12-13 TO 1/4 MILE OR LESS
LOWEST: 31 ON 20 3 = THUNDER
SNOW, ICE PELLETS, HAIL 4 = ICE PELLETS
TOTAL MONTH: 0.0 INCH 5 = HAIL
GRTST 24HR 0.0 6 = FREEZING RAIN OR DRIZZLE
GRTST DEPTH: 0 7 = DUSTSTORM OR SANDSTORM:
VSBY 1/2 MILE OR LESS
8 = SMOKE OR HAZE
[NO. OF DAYS WITH] [WEATHER - DAYS WITH] 9 = BLOWING SNOW
X = TORNADO
MAX 32 OR BELOW: 0 0.01 INCH OR MORE: 3
MAX 90 OR ABOVE: 0 0.10 INCH OR MORE: 1
MIN 32 OR BELOW: 1 0.50 INCH OR MORE: 0
MIN 0 OR BELOW: 0 1.00 INCH OR MORE: 0
[HDD (BASE 65) ]
TOTAL THIS MO. 55 CLEAR (SCALE 0-3) 22
DPTR FM NORMAL 16 PTCLDY (SCALE 4-7) 7
TOTAL FM JUL 1 55 CLOUDY (SCALE 8-10) 2
DPTR FM NORMAL 19
[CDD (BASE 65) ]
TOTAL THIS MO. 133
DPTR FM NORMAL -69 [PRESSURE DATA]
TOTAL FM JAN 1 2804 HIGHEST SLP M ON M
DPTR FM NORMAL 109 LOWEST SLP 29.79 ON 17
[REMARKS]
#FINAL-10-22#