000
CXUS51 KCLE 010800
CF6TOL
PRELIMINARY LOCAL CLIMATOLOGICAL DATA (WS FORM: F-6)
STATION: TOLEDO OH
MONTH: AUGUST
YEAR: 2020
LATITUDE: 41 35 N
LONGITUDE: 83 48 W
TEMPERATURE IN F: :PCPN: SNOW: WIND :SUNSHINE: SKY :PK WND
================================================================================
1 2 3 4 5 6A 6B 7 8 9 10 11 12 13 14 15 16 17 18
12Z AVG MX 2MIN
DY MAX MIN AVG DEP HDD CDD WTR SNW DPTH SPD SPD DIR MIN PSBL S-S WX SPD DR
================================================================================
1 74 67 71 -2 0 6 0.70 0.0 0 5.7 14 60 M M 8 1 18 60
2 75 63 69 -4 0 4 0.11 0.0 0 7.0 18 300 M M 7 18 25 280
3 84 63 74 1 0 9 T 0.0 0 5.4 13 230 M M 3 1 17 240
4 75 60 68 -5 0 3 0.00 0.0 0 8.8 18 320 M M 6 22 330
5 77 54 66 -6 0 1 0.00 0.0 0 2.6 10 350 M M 1 14 10
6 81 55 68 -4 0 3 0.00 0.0 0 3.4 13 60 M M 2 17 40
7 83 57 70 -2 0 5 0.00 0.0 0 3.4 12 60 M M 2 15 50
8 85 57 71 -1 0 6 0.00 0.0 0 2.7 10 220 M M 0 15 220
9 91 64 78 6 0 13 0.00 0.0 0 5.4 14 240 M M 1 16 230
10 91 70 81 9 0 16 T 0.0 0 6.9 28 260 M M 1 18 36 260
11 88 67 78 6 0 13 0.00 0.0 0 7.3 16 250 M M 4 22 260
12 87 59 73 1 0 8 0.00 0.0 0 3.6 13 70 M M 0 15 50
13 89 58 74 2 0 9 0.00 0.0 0 6.9 18 60 M M 0 23 60
14 91 68 80 8 0 15 0.38 0.0 0 7.8 21 300 M M 4 138 26 290
15 89 69 79 7 0 14 T 0.0 0 4.7 10 80 M M 1 13 60
16 84 63 74 2 0 9 0.08 0.0 0 5.6 16 330 M M 3 13 20 330
17 85 60 73 1 0 8 0.00 0.0 0 5.8 17 300 M M 2 23 290
18 79 57 68 -4 0 3 0.00 0.0 0 6.7 16 330 M M 1 23 350
19 80 56 68 -4 0 3 0.00 0.0 0 3.6 12 350 M M 3 17 120
20 83 53 68 -3 0 3 0.00 0.0 0 2.3 9 180 M M 0 14 210
21 90 57 74 3 0 9 0.00 0.0 0 2.5 12 190 M M 0 14 190
22 91 61 76 5 0 11 0.00 0.0 0 2.4 9 110 M M 0 13 100
23 91 64 78 7 0 13 0.00 0.0 0 4.2 14 250 M M 2 1 17 250
24 94 66 80 9 0 15 0.00 0.0 0 6.6 18 250 M M 1 27 240
25 91 72 82 11 0 17 0.00 0.0 0 7.5 20 320 M M 2 26 340
26 92 67 80 9 0 15 0.00 0.0 0 6.4 22 40 M M 3 28 40
27 95 75 85 15 0 20 T 0.0 0 12.7 24 280 M M 1 3 29 250
28 94 71 83 13 0 18 0.87 0.0 0 8.4 24 220 M M 4 123 31 230
29 82 62 72 2 0 7 0.71 0.0 0 11.1 22 320 M M 5 13 29 320
30 78 57 68 -2 0 3 0.00 0.0 0 4.6 12 90 M M 1 15 310
31 83 55 69 -1 0 4 0.00 0.0 0 2.7 12 210 M M 1 1 17 220
================================================================================
SM 2652 1927 0 283 2.85 0.0 174.7 M 69
================================================================================
AV 85.5 62.2 5.6 FASTST M M 2 MAX(MPH)
MISC ----> 28 260 36 260
================================================================================
NOTES:
# LAST OF SEVERAL OCCURRENCES
COLUMN 17 PEAK WIND IN M.P.H.
PRELIMINARY LOCAL CLIMATOLOGICAL DATA (WS FORM: F-6) , PAGE 2
STATION: TOLEDO OH
MONTH: AUGUST
YEAR: 2020
LATITUDE: 41 35 N
LONGITUDE: 83 48 W
[TEMPERATURE DATA] [PRECIPITATION DATA] SYMBOLS USED IN COLUMN 16
AVERAGE MONTHLY: 73.9 TOTAL FOR MONTH: 2.85 1 = FOG OR MIST
DPTR FM NORMAL: 2.4 DPTR FM NORMAL: -0.30 2 = FOG REDUCING VISIBILITY
HIGHEST: 95 ON 27 GRTST 24HR 1.58 ON 28-29 TO 1/4 MILE OR LESS
LOWEST: 53 ON 20 3 = THUNDER
SNOW, ICE PELLETS, HAIL 4 = ICE PELLETS
TOTAL MONTH: 0.0 INCH 5 = HAIL
GRTST 24HR 0.0 6 = FREEZING RAIN OR DRIZZLE
GRTST DEPTH: 0 7 = DUSTSTORM OR SANDSTORM:
VSBY 1/2 MILE OR LESS
8 = SMOKE OR HAZE
[NO. OF DAYS WITH] [WEATHER - DAYS WITH] 9 = BLOWING SNOW
X = TORNADO
MAX 32 OR BELOW: 0 0.01 INCH OR MORE: 6
MAX 90 OR ABOVE: 11 0.10 INCH OR MORE: 5
MIN 32 OR BELOW: 0 0.50 INCH OR MORE: 3
MIN 0 OR BELOW: 0 1.00 INCH OR MORE: 0
[HDD (BASE 65) ]
TOTAL THIS MO. 0 CLEAR (SCALE 0-3) 22
DPTR FM NORMAL -11 PTCLDY (SCALE 4-7) 9
TOTAL FM JUL 1 0 CLOUDY (SCALE 8-10) 0
DPTR FM NORMAL -10
[CDD (BASE 65) ]
TOTAL THIS MO. 283
DPTR FM NORMAL 69 [PRESSURE DATA]
TOTAL FM JAN 1 1025 HIGHEST SLP 30.21 ON 8
DPTR FM NORMAL 323 LOWEST SLP 29.57 ON 29
[REMARKS]
#FINAL-08-20#