000
CXUS51 KCLE 021655
CLMTOL
CLIMATE REPORT
NATIONAL WEATHER SERVICE CLEVELAND, OH
1255 PM EDT MON OCT 02 2023
...................................
...THE TOLEDO OH CLIMATE SUMMARY FOR THE MONTH OF SEPTEMBER 2023...
CLIMATE NORMAL PERIOD 1991 TO 2020
CLIMATE RECORD PERIOD 1873 TO 2023
WEATHER OBSERVED NORMAL DEPART LAST YEAR`S
VALUE DATE(S) VALUE FROM VALUE
NORMAL
..............................................................
TEMPERATURE (F)
RECORD
HIGH 100 09/02/1953
09/01/1953
09/15/1939
LOW 28 09/23/1974
HIGHEST 93 09/05
LOWEST 46 09/19
AVG. MAXIMUM 76.8 77.7 -0.9 77.1
AVG. MINIMUM 57.4 55.1 2.3 57.8
MEAN 67.1 66.4 0.7 67.4
DAYS MAX >= 90 3 1.7 1.3 0
DAYS MAX <= 32 0 0.0 0.0 0
DAYS MIN <= 32 0 0.1 -0.1 0
DAYS MIN <= 0 0 0.0 0.0 0
PRECIPITATION (INCHES)
RECORD
MAXIMUM 8.10 1972
MINIMUM 0.37 1946
TOTALS 1.07 2.93 -1.86 2.75
DAYS >= .01 9 9.1 -0.1 9
DAYS >= .10 5 5.6 -0.6 4
DAYS >= .50 1 1.9 -0.9 3
DAYS >= 1.00 0 0.6 -0.6 0
GREATEST
24 HR. TOTAL 0.51 09/06 TO 09/06 0.84
SNOWFALL (INCHES)
RECORDS
TOTAL T 1993
TOTALS 0.0 0.0 0.0 0.0
SINCE 7/1 0.0 0.0 0.0 0.0
DAYS >= 1.0 0 0.0 0.0 0
GREATEST
24 HR TOTAL 0.0
DEGREE DAYS
HEATING TOTAL 28 73 -45 66
SINCE 7/1 31 78 -47 67
COOLING TOTAL 99 115 -16 147
SINCE 1/1 822 1002 -180 1215
..............................................................
WIND (MPH)
AVERAGE WIND SPEED 4.7
HIGHEST WIND SPEED/DIRECTION 22/240 DATE 09/03
22/050 09/23
HIGHEST GUST SPEED/DIRECTION 30/250 DATE 09/03
30/040 09/23
SKY COVER
AVERAGE SKY COVER 0.43
AVERAGE RH (PERCENT) 73
WEATHER CONDITIONS. NUMBER OF DAYS WITH
THUNDERSTORM 3 MIXED PRECIP 0
HEAVY RAIN 2 RAIN 2
LIGHT RAIN 11 FREEZING RAIN 0
LT FREEZING RAIN 0 HAIL 0
HEAVY SNOW 0 SNOW 0
LIGHT SNOW 0 SLEET 0
FOG 16 FOG W/VIS <= 1/4 MILE 1
HAZE 3
- INDICATES NEGATIVE NUMBERS.
R INDICATES RECORD WAS SET OR TIED.
MM INDICATES DATA IS MISSING.
T INDICATES TRACE AMOUNT.
$$