000
CXUS53 KTOP 010810
CF6TOP
PRELIMINARY LOCAL CLIMATOLOGICAL DATA (WS FORM: F-6)
STATION: TOPEKA KS
MONTH: SEPTEMBER
YEAR: 2021
LATITUDE: 39 4 N
LONGITUDE: 95 38 W
TEMPERATURE IN F: :PCPN: SNOW: WIND :SUNSHINE: SKY :PK WND
================================================================================
1 2 3 4 5 6A 6B 7 8 9 10 11 12 13 14 15 16 17 18
12Z AVG MX 2MIN
DY MAX MIN AVG DEP HDD CDD WTR SNW DPTH SPD SPD DIR MIN PSBL S-S WX SPD DR
================================================================================
1 84 67 76 2 0 11 0.00 0.0 0 7.6 14 80 M M 4 18 80
2 83 68 76 2 0 11 0.24 0.0 0 9.7 20 130 M M 1 13 25 130
3 89 71 80 6 0 15 1.06 0.0 0 7.3 25 170 M M 6 13 37 170
4 78 63 71 -2 0 6 1.27 0.0 0 5.4 15 210 M M 6 13 19 210
5 82 57 70 -3 0 5 0.00 0.0 0 2.7 10 190 M M 3 12 15 180
6 90 59 75 2 0 10 0.00 0.0 0 4.7 15 200 M M 0 1 21 200
7 92 66 79 7 0 14 0.00 0.0 0 6.6 15 360 M M 0 26 260
8 87 58 73 1 0 8 0.00 0.0 0 4.7 15 300 M M 1 22 310
9 86 58 72 0 0 7 0.00 0.0 0 4.1 14 150 M M 1 1 25 150
10 89 62 76 5 0 11 0.00 0.0 0 3.5 14 210 M M 0 20 200
11 89 65 77 6 0 12 0.00 0.0 0 9.4 20 200 M M 0 35 210
12 89 69 79 8 0 14 0.00 0.0 0 8.3 17 160 M M 0 25 200
13 90 70 80 10 0 15 0.00 0.0 0 11.2 24 180 M M 0 35 200
14 80 65 73 3 0 8 T 0.0 0 5.5 12 20 M M 1 1 18 200
15 84 60 72 2 0 7 0.00 0.0 0 5.7 14 130 M M 2 12 19 80
16 89 61 75 6 0 10 0.00 0.0 0 7.0 16 160 M M 0 22 150
17 91 64 78 9 0 13 0.00 0.0 0 3.9 20 350 M M 1 26 360
18 90 63 77 9 0 12 0.00 0.0 0 2.6 12 180 M M 0 16 130
19 89 64 77 9 0 12 0.00 0.0 0 8.0 20 130 M M 0 1 26 130
20 88 62 75 7 0 10 0.01 0.0 0 11.2 22 350 M M 3 31 340
21 79 51 65 -2 0 0 T 0.0 0 9.0 20 320 M M 1 31 350
22 77 45 61 -6 4 0 0.00 0.0 0 1.6 13 340 M M 0 18 340
23 81 44 63 -3 2 0 0.00 0.0 0 5.3 16 160 M M 0 1 25 150
24 80 54 67 1 0 2 T 0.0 0 7.0 20 210 M M 1 29 220
25 78 45 62 -4 3 0 0.00 0.0 0 4.2 12 180 M M 0 12 16 180
26 95 55 75 10 0 10 0.00 0.0 0 9.8 24 210 M M 0 39 230
27 94 63 79 14 0 14 0.00 0.0 0 6.7 17 210 M M 0 23 220
28 92 59 76 12 0 11 0.00 0.0 0 5.7 18 150 M M 0 26 120
29 82 63 73 9 0 8 0.00 0.0 0 4.9 14 150 M M 2 1 21 150
30 84 65 75 11 0 10 0.67 0.0 0 5.4 15 150 M M 3 13 20 280
================================================================================
SM 2581 1816 9 266 3.25 0.0 188.7 M 36
================================================================================
AV 86.0 60.5 6.3 FASTST M M 1 MAX(MPH)
MISC ----> 25 170 39 230
================================================================================
NOTES:
# LAST OF SEVERAL OCCURRENCES
COLUMN 17 PEAK WIND IN M.P.H.
PRELIMINARY LOCAL CLIMATOLOGICAL DATA (WS FORM: F-6) , PAGE 2
STATION: TOPEKA KS
MONTH: SEPTEMBER
YEAR: 2021
LATITUDE: 39 4 N
LONGITUDE: 95 38 W
[TEMPERATURE DATA] [PRECIPITATION DATA] SYMBOLS USED IN COLUMN 16
AVERAGE MONTHLY: 73.3 TOTAL FOR MONTH: 3.25 1 = FOG OR MIST
DPTR FM NORMAL: 4.1 DPTR FM NORMAL: -0.27 2 = FOG REDUCING VISIBILITY
HIGHEST: 95 ON 26 GRTST 24HR 1.71 ON 3- 4 TO 1/4 MILE OR LESS
LOWEST: 44 ON 23 3 = THUNDER
SNOW, ICE PELLETS, HAIL 4 = ICE PELLETS
TOTAL MONTH: 0.0 INCH 5 = HAIL
GRTST 24HR 0.0 6 = FREEZING RAIN OR DRIZZLE
GRTST DEPTH: 0 7 = DUSTSTORM OR SANDSTORM:
VSBY 1/2 MILE OR LESS
8 = SMOKE OR HAZE
[NO. OF DAYS WITH] [WEATHER - DAYS WITH] 9 = BLOWING SNOW
X = TORNADO
MAX 32 OR BELOW: 0 0.01 INCH OR MORE: 5
MAX 90 OR ABOVE: 8 0.10 INCH OR MORE: 4
MIN 32 OR BELOW: 0 0.50 INCH OR MORE: 3
MIN 0 OR BELOW: 0 1.00 INCH OR MORE: 2
[HDD (BASE 65) ]
TOTAL THIS MO. 9 CLEAR (SCALE 0-3) 26
DPTR FM NORMAL -42 PTCLDY (SCALE 4-7) 4
TOTAL FM JUL 1 9 CLOUDY (SCALE 8-10) 0
DPTR FM NORMAL -42
[CDD (BASE 65) ]
TOTAL THIS MO. 266
DPTR FM NORMAL 87 [PRESSURE DATA]
TOTAL FM JAN 1 1625 HIGHEST SLP M ON M
DPTR FM NORMAL 126 LOWEST SLP 29.70 ON 20
[REMARKS]
#FINAL-09-21#