000
CXUS55 KCYS 011610
CF6TOR
PRELIMINARY LOCAL CLIMATOLOGICAL DATA (WS FORM: F-6)
STATION: TORRINGTON WY AIRPORT
MONTH: OCTOBER
YEAR: 2023
LATITUDE: 42 3 N
LONGITUDE: 104 9 W
TEMPERATURE IN F: :PCPN: SNOW: WIND :SUNSHINE: SKY :PK WND
================================================================================
1 2 3 4 5 6A 6B 7 8 9 10 11 12 13 14 15 16 17 18
12Z AVG MX 2MIN
DY MAX MIN AVG DEP HDD CDD WTR SNW DPTH SPD SPD DIR MIN PSBL S-S WX SPD DR
================================================================================
1 89 50 70 15 0 5 0.00 M M 10.3 26 140 M M 0 40 130
2 81 49 65 11 0 0 0.28 M M 8.1 30 320 M M 5 1 42 310
3 68 43 56 2 9 0 T M M 11.6 29 270 M M 3 12 42 290
4 69 37 53 -1 12 0 0.00 M M 7.3 22 270 M M 5 8 33 270
5 62 44 53 0 12 0 T M M 5.3 14 350 M M 8 20 330
6 57 33 45 -7 20 0 T M M 9.3 20 360 M M 3 30 350
7 73 29 51 -1 14 0 0.00 M M 3.3 10 320 M M 0 14 320
8 76 34 55 3 10 0 0.00 M M 5.6 13 60 M M 0 15 60
9 75 35 55 4 10 0 0.00 M M 5.0 13 90 M M 0 15 90
10 81 34 58 7 7 0 0.00 M M 5.2 14 300 M M 0 18 300
11 72 41 57 7 8 0 0.38 M M 9.2 26 300 M M 5 1 39 300
12 51 37 44 -6 21 0 0.35 M M 15.1 30 30 M M 9 1 37 30
13 48 31 40 -9 25 0 0.00 M M 13.4 25 330 M M 6 38 340
14 54 27 41 -8 24 0 0.00 M M 5.7 10 90 M M 2 15 130
15 66 28 47 -1 18 0 0.00 M M 3.7 10 80 M M 0 14 70
16 72 33 53 5 12 0 0.00 M M 3.4 12 80 M M 0 18 12 80
17 82 34 58 10 7 0 0.00 M M 8.5 35 330 M M 0 53 340
18 69 41 55 8 10 0 0.00 M M 9.4 26 310 M M 0 37 310
19 79 39 59 12 6 0 0.00 M M 8.5 25 310 M M 0 36 320
20 81 34 58 12 7 0 0.00 M M 5.1 20 300 M M 0 25 300
21 72 34 53 7 12 0 0.00 M M 6.9 15 110 M M 0 20 110
22 76 40 58 12 7 0 0.00 M M 7.5 16 80 M M 0 21 90
23 74 35 55 10 10 0 T M M 6.9 18 40 M M 1 23 40
24 65 33 49 4 16 0 T M M 6.2 16 120 M M 1 1 24 120
25 71 33 52 8 13 0 0.00 M M 11.8 25 360 M M 4 36 20
26 33 15 24 -20 41 0 T M M 10.2 18 330 M M 8 1 26 360
27 43 8 26 -18 39 0 0.00 M M 8.7 20 130 M M 3 25 130
28 28 21 25 -18 40 0 T M M 8.4 20 90 M M 10 1 26 90
29 34 11 23 -20 42 0 0.04 M M 8.7 24 320 M M 4 37 330
30 48 5 27 -16 38 0 0.00 M M 6.9 25 330 M M 0 37 320
31 51 12 32 -10 33 0 0.00 M M 3.6 10 140 M M 1 14 140
================================================================================
SM 2000 980 523 5 1.05 M 238.8 M 78
================================================================================
AV 64.5 31.6 7.7 FASTST M M 3 MAX(MPH)
MISC ----> 35 330 53 340
================================================================================
NOTES:
# LAST OF SEVERAL OCCURRENCES
COLUMN 17 PEAK WIND IN M.P.H.
PRELIMINARY LOCAL CLIMATOLOGICAL DATA (WS FORM: F-6) , PAGE 2
STATION: TORRINGTON WY AIRPORT
MONTH: OCTOBER
YEAR: 2023
LATITUDE: 42 3 N
LONGITUDE: 104 9 W
[TEMPERATURE DATA] [PRECIPITATION DATA] SYMBOLS USED IN COLUMN 16
AVERAGE MONTHLY: 48.1 TOTAL FOR MONTH: 1.05 1 = FOG OR MIST
DPTR FM NORMAL: -0.1 DPTR FM NORMAL: -0.04 2 = FOG REDUCING VISIBILITY
HIGHEST: 89 ON 1 GRTST 24HR 0.68 ON 11-12 TO 1/4 MILE OR LESS
LOWEST: 5 ON 30 3 = THUNDER
SNOW, ICE PELLETS, HAIL 4 = ICE PELLETS
TOTAL MONTH: M 5 = HAIL
GRTST 24HR M ON M 6 = FREEZING RAIN OR DRIZZLE
GRTST DEPTH: M ON M 7 = DUSTSTORM OR SANDSTORM:
VSBY 1/2 MILE OR LESS
8 = SMOKE OR HAZE
[NO. OF DAYS WITH] [WEATHER - DAYS WITH] 9 = BLOWING SNOW
X = TORNADO
MAX 32 OR BELOW: 1 0.01 INCH OR MORE: 4
MAX 90 OR ABOVE: 0 0.10 INCH OR MORE: 3
MIN 32 OR BELOW: 10 0.50 INCH OR MORE: 0
MIN 0 OR BELOW: 0 1.00 INCH OR MORE: 0
[HDD (BASE 65) ]
TOTAL THIS MO. 523 CLEAR (SCALE 0-3) 20
DPTR FM NORMAL 1 PTCLDY (SCALE 4-7) 9
TOTAL FM JUL 1 595 CLOUDY (SCALE 8-10) 2
DPTR FM NORMAL -91
[CDD (BASE 65) ]
TOTAL THIS MO. 5
DPTR FM NORMAL 4 [PRESSURE DATA]
TOTAL FM JAN 1 651 HIGHEST SLP 30.58 ON 29
DPTR FM NORMAL -74 LOWEST SLP 29.30 ON 11
[REMARKS]
#FINAL-10-23#