000
CXUS52 KTBW 040400
CLMTPA
CLIMATE REPORT
NATIONAL WEATHER SERVICE TAMPA BAY FL
1100 PM EST SUN MAR 03 2024
...................................
...THE TAMPA CLIMATE SUMMARY FOR THE MONTH OF FEBRUARY 2024...
CLIMATE NORMAL PERIOD: 1991 TO 2020
CLIMATE RECORD PERIOD: 1890 TO 2024
WEATHER OBSERVED NORMAL DEPART LAST YEAR`S
VALUE DATE(S) VALUE FROM VALUE DATE(S)
NORMAL
................................................................
TEMPERATURE (F)
ALL-TIME FEBRUARY RECORD
HIGH 89 02/20/2018
LOW 22 02/14/1899
02/08/1895
FEBRUARY 2024
HIGHEST 80 02/11 71 9 85 02/23
LOWEST 46 02/21 52 -6 49 02/14
AVG. MAXIMUM 72.3 74.0 -1.7 79.1
AVG. MINIMUM 54.2 55.5 -1.3 61.4
MEAN 63.3 64.7 -1.4 70.3
DAYS MAX >= 90 0 0.0 0.0 0
DAYS MAX <= 32 0 0.0 0.0 0
DAYS MIN <= 32 0 0.1 -0.1 0
DAYS MIN <= 0 0 0.0 0.0 0
PRECIPITATION (INCHES)
ALL-TIME FEBRUARY RECORD
MAXIMUM 10.92 1937
MINIMUM 0.05 1911
FEBRUARY 2024
TOTALS 3.32 2.62 0.70 0.46
DAILY AVG. 0.11 0.09 0.02 0.02
DAYS >= .01 7 6.6 0.4 4
DAYS >= .10 5 3.6 1.4 1
DAYS >= .50 2 1.5 0.5 0
DAYS >= 1.00 1 0.8 0.2 0
GREATEST
24 HR. TOTAL 2.08 02/17 TO 02/18
DEGREE DAYS
HEATING TOTAL 79 88 -9 13
SINCE 7/1 329 386 -57 MM
COOLING TOTAL 33 81 -48 167
SINCE 1/1 84 142 -58 MM
................................................................
WIND (MPH)
AVERAGE WIND SPEED 7.0
HIGHEST WIND SPEED/DIRECTION 25/260 DATE 02/04
HIGHEST GUST SPEED/DIRECTION 38/240 DATE 02/04
SKY COVER (DOES NOT INCLUDE ANY CLOUDS ABOVE 12000 FEET)
POSSIBLE SUNSHINE (PERCENT) MM
AVERAGE SKY COVER 0.45
NUMBER OF DAYS FAIR 10
NUMBER OF DAYS PC 14
NUMBER OF DAYS CLOUDY 5
AVERAGE RH (PERCENT) 68
WEATHER CONDITIONS. NUMBER OF DAYS WITH
THUNDERSTORM 1 MIXED PRECIP 0
HEAVY RAIN 2 RAIN 4
LIGHT RAIN 7 FREEZING RAIN 0
LT FREEZING RAIN 0 HAIL 0
HEAVY SNOW 0 SNOW 0
LIGHT SNOW 0 SLEET 0
FOG 9 FOG W/VIS <= 1/4 MILE 2
HAZE 3
- INDICATES NEGATIVE NUMBERS.
R INDICATES RECORD WAS SET OR TIED.
MM INDICATES DATA IS MISSING.
T INDICATES TRACE AMOUNT.
$$