000
CXUS53 KOAX 010930
CF6TQE
PRELIMINARY LOCAL CLIMATOLOGICAL DATA (WS FORM: F-6)
STATION: TEKAMAH NE
MONTH: APRIL
YEAR: 2022
LATITUDE: 41 46 N
LONGITUDE: 96 11 W
TEMPERATURE IN F: :PCPN: SNOW: WIND :SUNSHINE: SKY :PK WND
================================================================================
1 2 3 4 5 6A 6B 7 8 9 10 11 12 13 14 15 16 17 18
12Z AVG MX 2MIN
DY MAX MIN AVG DEP HDD CDD WTR SNW DPTH SPD SPD DIR MIN PSBL S-S WX SPD DR
================================================================================
1 62 16 39 -7 26 0 0.19 M M 7.4 25 190 M M 3 1 34 180
2 62 34 48 2 17 0 0.02 M M 8.5 18 320 M M 2 1 26 340
3 68 29 49 3 16 0 0.00 M M 12.0 26 330 M M 2 36 260
4 61 28 45 -2 20 0 0.00 M M 10.0 21 320 M M 3 25 180
5 64 34 49 2 16 0 0.02 M M 14.8 37 300 M M 4 1 48 300
6 52 38 45 -3 20 0 T M M 22.4 40 290 M M 7 54 320
7 46 33 40 -8 25 0 0.08 M M 27.6 40 340 M M 9 1 57 320
8 55 25 40 -8 25 0 T M M 19.2 31 330 M M 2 42 340
9 65 18 42 -6 23 0 0.00 M M 11.8 25 140 M M 0 31 130
10 69 35 52 3 13 0 0.00 M M 15.3 29 310 M M 0 39 310
11 67 30 49 0 16 0 0.00 M M 8.1 20 170 M M 0 29 170
12 92 44 68 18 0 3 0.21 M M 24.4 45 250 M M 5 13 60 200
13 51 30 41 -9 24 0 0.00 M M 19.4 31 320 M M 3 47 320
14 54 26 40 -10 25 0 0.00 M M 20.6 37 280 M M 0 53 310
15 51 24 38 -12 27 0 0.00 M M 11.6 21 350 M M 1 29 360
16 52 21 37 -14 28 0 0.00 M M 9.7 22 340 M M 0 30 360
17 47 28 38 -13 27 0 T M M 12.7 22 140 M M 8 28 130
18 56 22 39 -13 26 0 0.00 M M 17.1 35 320 M M 0 52 300
19 52 19 36 -16 29 0 0.00 M M 14.9 32 130 M M 7 40 130
20 60 35 48 -4 17 0 0.02 M M 8.0 21 140 M M 8 12 28 130
21 74 34 54 2 11 0 0.02 M M 10.3 23 110 M M 6 123 29 120
22 85 55 70 17 0 5 0.59 M M 27.0 46 180 M M 8 13 58 170
23 85 47 66 13 0 1 0.02 M M 30.7 49 190 M M 4 3 65 200
24 56 40 48 -6 17 0 T M M 20.1 33 270 M M 7 42 270
25 55 29 42 -12 23 0 T M M 16.9 29 340 M M 5 37 330
26 75 24 50 -4 15 0 0.00 M M 9.8 24 200 M M 1 33 210
27 84 48 66 11 0 1 0.04 M M 12.3 22 210 M M 2 3 28 170
28 83 46 65 10 0 0 0.08 M M 13.0 30 130 M M 2 3 43 130
29 63 55 59 4 6 0 0.45 M M 15.7 43 220 M M 10 138 55 220
30 56 46 51 -5 14 0 0.14 M M 20.1 38 300 M M 10 1 52 310
================================================================================
SM 1902 993 506 10 1.88 M 471.4 M 119
================================================================================
AV 63.4 33.1 15.7 FASTST M M 4 MAX(MPH)
MISC ----> 49 190 65 200
================================================================================
NOTES:
# LAST OF SEVERAL OCCURRENCES
COLUMN 17 PEAK WIND IN M.P.H.
PRELIMINARY LOCAL CLIMATOLOGICAL DATA (WS FORM: F-6) , PAGE 2
STATION: TEKAMAH NE
MONTH: APRIL
YEAR: 2022
LATITUDE: 41 46 N
LONGITUDE: 96 11 W
[TEMPERATURE DATA] [PRECIPITATION DATA] SYMBOLS USED IN COLUMN 16
AVERAGE MONTHLY: 48.3 TOTAL FOR MONTH: 1.88 1 = FOG OR MIST
DPTR FM NORMAL: -2.5 DPTR FM NORMAL: -1.25 2 = FOG REDUCING VISIBILITY
HIGHEST: 92 ON 12 GRTST 24HR 0.61 ON 21-22 TO 1/4 MILE OR LESS
LOWEST: 16 ON 1 3 = THUNDER
SNOW, ICE PELLETS, HAIL 4 = ICE PELLETS
TOTAL MONTH: M 5 = HAIL
GRTST 24HR M ON M 6 = FREEZING RAIN OR DRIZZLE
GRTST DEPTH: M ON M 7 = DUSTSTORM OR SANDSTORM:
VSBY 1/2 MILE OR LESS
8 = SMOKE OR HAZE
[NO. OF DAYS WITH] [WEATHER - DAYS WITH] 9 = BLOWING SNOW
X = TORNADO
MAX 32 OR BELOW: 0 0.01 INCH OR MORE: 13
MAX 90 OR ABOVE: 1 0.10 INCH OR MORE: 5
MIN 32 OR BELOW: 15 0.50 INCH OR MORE: 1
MIN 0 OR BELOW: 0 1.00 INCH OR MORE: 0
[HDD (BASE 65) ]
TOTAL THIS MO. 506 CLEAR (SCALE 0-3) 16
DPTR FM NORMAL 68 PTCLDY (SCALE 4-7) 11
TOTAL FM JUL 1 5663 CLOUDY (SCALE 8-10) 3
DPTR FM NORMAL -571
[CDD (BASE 65) ]
TOTAL THIS MO. 10
DPTR FM NORMAL 1 [PRESSURE DATA]
TOTAL FM JAN 1 10 HIGHEST SLP 30.43 ON 26
DPTR FM NORMAL 0 LOWEST SLP 29.04 ON 12
[REMARKS]
#FINAL-04-22#