000
CXUS54 KFWD 010731
CF6TRL
PRELIMINARY LOCAL CLIMATOLOGICAL DATA (WS FORM: F-6)
STATION: TERRELL
MONTH: APRIL
YEAR: 2023
LATITUDE: 32 42 N
LONGITUDE: 96 16 W
TEMPERATURE IN F: :PCPN: SNOW: WIND :SUNSHINE: SKY :PK WND
================================================================================
1 2 3 4 5 6A 6B 7 8 9 10 11 12 13 14 15 16 17 18
12Z AVG MX 2MIN
DY MAX MIN AVG DEP HDD CDD WTR SNW DPTH SPD SPD DIR MIN PSBL S-S WX SPD DR
================================================================================
1 74 44 59 -3 6 0 0.00 M M 4.2 13 20 M M 0 22 40
2 77 53 65 3 0 0 0.15 M M 8.1 21 160 M M 6 13 27 160
3 88 62 75 13 0 10 0.00 M M 11.8 22 180 M M 4 18 34 190
4 82 70 76 14 0 11 0.00 M M 14.6 24 170 M M 5 18 33 180
5 77 53 65 2 0 0 0.45 M M 10.8 21 170 M M 6 138 30 180
6 55 49 52 -11 13 0 T M M 10.2 18 50 M M 5 28 60
7 58 53 56 -7 9 0 0.00 M M 9.2 16 30 M M 10 23 40
8 72 52 62 -1 3 0 0.00 M M 4.0 14 60 M M 6 21 50
9 74 52 63 -1 2 0 0.00 M M 4.7 12 20 M M 2 17 90
10 73 54 64 0 1 0 0.00 M M 4.2 12 20 M M 5 17 20
11 75 50 63 -1 2 0 0.00 M M 3.4 14 70 M M 1 19 70
12 76 49 63 -1 2 0 0.00 M M 3.6 14 150 M M 1 19 170
13 77 52 65 1 0 0 0.00 M M 5.4 15 170 M M 0 21 160
14 80 57 69 4 0 4 0.00 M M 12.1 23 180 M M 4 34 180
15 84 58 71 6 0 6 0.00 M M 13.2 24 290 M M 4 33 310
16 71 42 57 -8 8 0 0.00 M M 5.6 18 320 M M 0 30 340
17 78 42 60 -5 5 0 0.00 M M 6.7 20 160 M M 0 26 180
18 73 59 66 0 0 1 T M M 14.1 24 170 M M 4 36 140
19 80 63 72 6 0 7 0.00 M M 15.2 25 180 M M 6 35 170
20 82 63 73 7 0 8 1.86 M M 11.9 21 190 M M 8 123 32 170
21 75 53 64 -2 1 0 0.00 M M 6.6 20 40 M M 1 30 20
22 73 48 61 -5 4 0 0.00 M M 8.0 18 30 M M 4 26 30
23 55 45 50 -17 15 0 T M M 9.1 20 30 M M 8 1 29 30
24 69 44 57 -10 8 0 T M M 7.9 16 110 M M 5 8 26 110
25 71 57 64 -3 1 0 T M M 7.6 14 120 M M 9 3 20 110
26 62 55 59 -9 6 0 0.99 M M 10.7 22 80 M M 9 13 32 80
27 68 52 60 -8 5 0 T M M 6.3 18 270 M M 7 1 26 280
28 75 48 62 -6 3 0 0.96 M M 8.0 20 360 M M 5 13 30 350
29 70 50 60 -8 5 0 0.00 M M 10.8 22 320 M M 6 34 310
30 79 46 63 -6 2 0 0.00 M M 4.8 13 40 M M 0 16 30
================================================================================
SM 2203 1575 101 47 4.41 M 252.8 M 131
================================================================================
AV 73.4 52.5 8.4 FASTST M M 4 MAX(MPH)
MISC ----> 25 180 36 140
================================================================================
NOTES:
# LAST OF SEVERAL OCCURRENCES
COLUMN 17 PEAK WIND IN M.P.H.
PRELIMINARY LOCAL CLIMATOLOGICAL DATA (WS FORM: F-6) , PAGE 2
STATION: TERRELL
MONTH: APRIL
YEAR: 2023
LATITUDE: 32 42 N
LONGITUDE: 96 16 W
[TEMPERATURE DATA] [PRECIPITATION DATA] SYMBOLS USED IN COLUMN 16
AVERAGE MONTHLY: 63.0 TOTAL FOR MONTH: 4.41 1 = FOG OR MIST
DPTR FM NORMAL: -2.1 DPTR FM NORMAL: 1.35 2 = FOG REDUCING VISIBILITY
HIGHEST: 88 ON 3 GRTST 24HR 1.86 ON 20-20 TO 1/4 MILE OR LESS
LOWEST: 42 ON 17,16 3 = THUNDER
SNOW, ICE PELLETS, HAIL 4 = ICE PELLETS
TOTAL MONTH: M 5 = HAIL
GRTST 24HR M ON M 6 = FREEZING RAIN OR DRIZZLE
GRTST DEPTH: M ON M 7 = DUSTSTORM OR SANDSTORM:
VSBY 1/2 MILE OR LESS
8 = SMOKE OR HAZE
[NO. OF DAYS WITH] [WEATHER - DAYS WITH] 9 = BLOWING SNOW
X = TORNADO
MAX 32 OR BELOW: 0 0.01 INCH OR MORE: 5
MAX 90 OR ABOVE: 0 0.10 INCH OR MORE: 5
MIN 32 OR BELOW: 0 0.50 INCH OR MORE: 3
MIN 0 OR BELOW: 0 1.00 INCH OR MORE: 1
[HDD (BASE 65) ]
TOTAL THIS MO. 101 CLEAR (SCALE 0-3) 9
DPTR FM NORMAL 11 PTCLDY (SCALE 4-7) 17
TOTAL FM JUL 1 2005 CLOUDY (SCALE 8-10) 4
DPTR FM NORMAL -195
[CDD (BASE 65) ]
TOTAL THIS MO. 47
DPTR FM NORMAL -46 [PRESSURE DATA]
TOTAL FM JAN 1 108 HIGHEST SLP M ON M
DPTR FM NORMAL -27 LOWEST SLP 29.54 ON 4
[REMARKS]
#FINAL-04-23#