000
CXUS56 KSGX 011145
CF6TRM
PRELIMINARY LOCAL CLIMATOLOGICAL DATA (WS FORM: F-6)
STATION: THERMAL AIRPORT CA
MONTH: JANUARY
YEAR: 2021
LATITUDE: 33 37 N
LONGITUDE: 116 10 W
TEMPERATURE IN F: :PCPN: SNOW: WIND :SUNSHINE: SKY :PK WND
================================================================================
1 2 3 4 5 6A 6B 7 8 9 10 11 12 13 14 15 16 17 18
12Z AVG MX 2MIN
DY MAX MIN AVG DEP HDD CDD WTR SNW DPTH SPD SPD DIR MIN PSBL S-S WX SPD DR
================================================================================
1 73 43 58 5 7 0 0.00 M M 7.2 18 310 M M 0 22 300
2 68 33 51 -2 14 0 0.00 M M 3.3 9 140 M M 0 12 130
3 71 35 53 -1 12 0 0.00 M M 2.4 9 250 M M 0 11 150
4 72 36 54 0 11 0 0.00 M M 3.4 10 140 M M 0 11 140
5 77 35 56 2 9 0 0.00 M M 2.9 9 260 M M 0 10 260
6 74 39 57 3 8 0 0.00 M M 3.2 9 350 M M 0 11 360
7 74 35 55 1 10 0 0.00 M M 3.9 8 130 M M 0 11 130
8 74 36 55 1 10 0 0.00 M M 3.9 12 140 M M 0 14 150
9 76 35 56 2 9 0 0.00 M M 6.4 18 300 M M 0 28 290
10 73 35 54 0 11 0 0.00 M M 3.5 13 130 M M 0 15 130
11 75 31 53 -1 12 0 0.00 M M 4.1 12 140 M M 0 14 140
12 70 32 51 -3 14 0 0.00 M M 4.0 13 70 M M 0 8 14 140
13 74 36 55 1 10 0 0.00 M M 3.3 10 340 M M 0 8 12 340
14 88 39 64 9 1 0 0.00 M M 5.1 13 340 M M 0 14 340
15 90 45 68 13 0 3 0.00 M M 5.2 21 330 M M 0 28 330
16 91 42 67 12 0 2 0.00 M M 5.7 10 280 M M 0 14 290
17 86 44 65 10 0 0 0.00 M M 4.4 10 330 M M 0 12 160
18 85 38 62 7 3 0 0.00 M M 5.1 14 120 M M 0 15 140
19 67 49 58 3 7 0 T M M 8.6 20 290 M M 5 26 280
20 67 55 61 6 4 0 0.05 M M 4.7 10 180 M M 9 14 10
21 76 48 62 7 3 0 T M 0 5.0 14 140 M M 5 18 150
22 66 40 53 -2 12 0 T M 0 4.9 29 260 M M 3 39 260
23 64 46 55 0 10 0 0.01 M 0 6.0 18 330 M M 5 23 330
24 65 42 54 -1 11 0 T M M 6.9 18 320 M M 4 28 310
25 59 34 47 -8 18 0 0.22 M M 7.6 25 340 M M 6 1 36 270
26 59 30 45 -10 20 0 0.00 M M 2.5 9 160 M M 0 11 140
27 61 33 47 -9 18 0 0.00 M M 2.3 10 150 M M 0 13 170
28 67 35 51 -5 14 0 0.00 M M 3.5 12 150 M M 0 15 170
29 64 41 53 -3 12 0 0.02 M M 6.6 18 320 M M 4 24 330
30 69 34 52 -4 13 0 0.00 M M 1.9 9 250 M M 0 11 90
31 73 36 55 -1 10 0 0.00 M M 2.6 7 350 M M 0 9 330
================================================================================
SM 2248 1192 293 5 0.30 M 140.1 M 41
================================================================================
AV 72.5 38.5 4.5 FASTST M M 1 MAX(MPH)
MISC ----> 29 260 39 260
================================================================================
NOTES:
# LAST OF SEVERAL OCCURRENCES
COLUMN 17 PEAK WIND IN M.P.H.
PRELIMINARY LOCAL CLIMATOLOGICAL DATA (WS FORM: F-6) , PAGE 2
STATION: THERMAL AIRPORT CA
MONTH: JANUARY
YEAR: 2021
LATITUDE: 33 37 N
LONGITUDE: 116 10 W
[TEMPERATURE DATA] [PRECIPITATION DATA] SYMBOLS USED IN COLUMN 16
AVERAGE MONTHLY: 55.5 TOTAL FOR MONTH: 0.30 1 = FOG OR MIST
DPTR FM NORMAL: 0.9 DPTR FM NORMAL: -0.37 2 = FOG REDUCING VISIBILITY
HIGHEST: 91 ON 16 GRTST 24HR 1.11 ON 29-30 TO 1/4 MILE OR LESS
LOWEST: 30 ON 26 3 = THUNDER
SNOW, ICE PELLETS, HAIL 4 = ICE PELLETS
TOTAL MONTH: M 5 = HAIL
GRTST 24HR M ON M 6 = FREEZING RAIN OR DRIZZLE
GRTST DEPTH: 0 7 = DUSTSTORM OR SANDSTORM:
VSBY 1/2 MILE OR LESS
8 = SMOKE OR HAZE
[NO. OF DAYS WITH] [WEATHER - DAYS WITH] 9 = BLOWING SNOW
X = TORNADO
MAX 32 OR BELOW: 0 0.01 INCH OR MORE: 4
MAX 90 OR ABOVE: 2 0.10 INCH OR MORE: 1
MIN 32 OR BELOW: 3 0.50 INCH OR MORE: 0
MIN 0 OR BELOW: 0 1.00 INCH OR MORE: 0
[HDD (BASE 65) ]
TOTAL THIS MO. 293 CLEAR (SCALE 0-3) 23
DPTR FM NORMAL -29 PTCLDY (SCALE 4-7) 7
TOTAL FM JUL 1 741 CLOUDY (SCALE 8-10) 1
DPTR FM NORMAL -118
[CDD (BASE 65) ]
TOTAL THIS MO. 5
DPTR FM NORMAL 3 [PRESSURE DATA]
TOTAL FM JAN 1 5 HIGHEST SLP 30.35 ON 12
DPTR FM NORMAL 3 LOWEST SLP 29.64 ON 25
[REMARKS]
#FINAL-01-21#