000
CXUS56 KPQR 011155
CF6TTD
PRELIMINARY LOCAL CLIMATOLOGICAL DATA (WS FORM: F-6)
STATION: TROUTDALE OR
MONTH: AUGUST
YEAR: 2022
LATITUDE: 45 33 N
LONGITUDE: 122 25 W
TEMPERATURE IN F: :PCPN: SNOW: WIND :SUNSHINE: SKY :PK WND
================================================================================
1 2 3 4 5 6A 6B 7 8 9 10 11 12 13 14 15 16 17 18
12Z AVG MX 2MIN
DY MAX MIN AVG DEP HDD CDD WTR SNW DPTH SPD SPD DIR MIN PSBL S-S WX SPD DR
================================================================================
1 90 67 79 8 0 14 0.00 M M 3.4 9 230 M M 0 15 330
2 89 62 76 5 0 11 0.00 M M 1.9 9 240 M M 2 18 14 230
3 88 59 74 3 0 9 0.00 M M 4.3 10 310 M M 0 18 18 310
4 78 60 69 -2 0 4 0.00 M M 3.7 10 320 M M 6 16 310
5 85 52 69 -2 0 4 0.00 M M 3.4 12 260 M M 0 17 250
6 95 54 75 4 0 10 0.00 M M 3.1 8 250 M M 0 14 320
7 100 57 79 9 0 14 0.00 M M 3.2 10 120 M M 0 14 140
8 87 61 74 4 0 9 0.00 M M 5.2 15 210 M M 0 8 18 220
9 87 63 75 5 0 10 T M M 3.8 17 210 M M 1 21 210
10 78 60 69 -1 0 4 0.00 M M 4.1 13 220 M M 6 17 210
11 89 55 72 2 0 7 0.00 M M 3.5 12 250 M M 1 15 250
12 82 58 70 0 0 5 0.00 M M 4.1 16 210 M M 0 20 220
13 81 60 71 1 0 6 0.00 M M 3.3 12 260 M M 4 17 260
14 87 55 71 1 0 6 0.00 M M 2.7 12 250 M M 0 16 250
15 91 56 74 4 0 9 0.00 M M 3.2 10 250 M M 0 14 270
16 92 61 77 7 0 12 0.00 M M 2.7 10 260 M M 2 14 240
17 98 59 79 9 0 14 0.00 M M 2.9 10 260 M M 0 14 290
18 85 70 78 8 0 13 T M M 1.9 14 190 M M 1 18 190
19 84 68 76 7 0 11 0.00 M M 5.3 13 190 M M 3 15 180
20 80 66 73 4 0 8 0.00 M M 2.4 10 240 M M 6 13 240
21 91 57 74 5 0 9 0.00 M M 2.4 9 260 M M 0 13 250
22 89 60 75 6 0 10 0.00 M M 2.7 12 260 M M 0 14 320
23 87 62 75 6 0 10 0.00 M M 3.3 9 240 M M 2 13 320
24 94 61 78 9 0 13 0.00 M M 4.7 10 240 M M 1 16 250
25 95 65 80 11 0 15 0.00 M M 3.6 10 250 M M 1 16 330
26 79 65 72 3 0 7 0.00 M M 3.6 10 330 M M 7 8 16 310
27 77 60 69 1 0 4 T M M 4.9 14 250 M M 6 18 250
28 83 51 67 -1 0 2 0.00 M M 3.1 12 250 M M 0 16 230
29 96 55 76 8 0 11 0.00 M M 2.4 9 100 M M 0 11 330
30 100 59 80 12 0 15 0.00 M M 2.3 9 230 M M 0 14 260
31 94 64 79 11 0 14 0.00 M M 2.5 10 230 M M 0 8 14 230
================================================================================
SM 2731 1862 0 290 T M 103.6 M 49
================================================================================
AV 88.1 60.1 3.3 FASTST M M 2 MAX(MPH)
MISC ----> 17 210 21 210
================================================================================
NOTES:
# LAST OF SEVERAL OCCURRENCES
COLUMN 17 PEAK WIND IN M.P.H.
PRELIMINARY LOCAL CLIMATOLOGICAL DATA (WS FORM: F-6) , PAGE 2
STATION: TROUTDALE OR
MONTH: AUGUST
YEAR: 2022
LATITUDE: 45 33 N
LONGITUDE: 122 25 W
[TEMPERATURE DATA] [PRECIPITATION DATA] SYMBOLS USED IN COLUMN 16
AVERAGE MONTHLY: 74.1 TOTAL FOR MONTH: T 1 = FOG OR MIST
DPTR FM NORMAL: 4.5 DPTR FM NORMAL: -0.63 2 = FOG REDUCING VISIBILITY
HIGHEST: 100 ON 30, 7 GRTST 24HR T ON 9- 9 TO 1/4 MILE OR LESS
LOWEST: 51 ON 28 3 = THUNDER
SNOW, ICE PELLETS, HAIL 4 = ICE PELLETS
TOTAL MONTH: M 5 = HAIL
GRTST 24HR M ON M 6 = FREEZING RAIN OR DRIZZLE
GRTST DEPTH: M ON M 7 = DUSTSTORM OR SANDSTORM:
VSBY 1/2 MILE OR LESS
8 = SMOKE OR HAZE
[NO. OF DAYS WITH] [WEATHER - DAYS WITH] 9 = BLOWING SNOW
X = TORNADO
MAX 32 OR BELOW: 0 0.01 INCH OR MORE: 0
MAX 90 OR ABOVE: 12 0.10 INCH OR MORE: 0
MIN 32 OR BELOW: 0 0.50 INCH OR MORE: 0
MIN 0 OR BELOW: 0 1.00 INCH OR MORE: 0
[HDD (BASE 65) ]
TOTAL THIS MO. 0 CLEAR (SCALE 0-3) 25
DPTR FM NORMAL -11 PTCLDY (SCALE 4-7) 6
TOTAL FM JUL 1 1 CLOUDY (SCALE 8-10) 0
DPTR FM NORMAL -18
[CDD (BASE 65) ]
TOTAL THIS MO. 290
DPTR FM NORMAL 136 [PRESSURE DATA]
TOTAL FM JAN 1 616 HIGHEST SLP 30.20 ON 13
DPTR FM NORMAL 250 LOWEST SLP 29.76 ON 24
[REMARKS]
#FINAL-08-22#