000
CXUS56 KPQR 011200
CF6TTD
PRELIMINARY LOCAL CLIMATOLOGICAL DATA (WS FORM: F-6)
STATION: TROUTDALE OR
MONTH: OCTOBER
YEAR: 2020
LATITUDE: 45 33 N
LONGITUDE: 122 25 W
TEMPERATURE IN F: :PCPN: SNOW: WIND :SUNSHINE: SKY :PK WND
================================================================================
1 2 3 4 5 6A 6B 7 8 9 10 11 12 13 14 15 16 17 18
12Z AVG MX 2MIN
DY MAX MIN AVG DEP HDD CDD WTR SNW DPTH SPD SPD DIR MIN PSBL S-S WX SPD DR
================================================================================
1 77 54 66 7 0 1 0.00 M M 2.1 8 260 M M 2 128 11 270
2 82 53 68 10 0 3 0.00 M M 0.9 6 320 M M 3 128 8 330
3 78 54 66 8 0 1 0.00 M M 1.3 7 250 M M 4 128 11 320
4 70 53 62 4 3 0 0.00 M M 1.9 8 250 M M 6 1 11 250
5 75 51 63 6 2 0 0.00 M M 2.0 9 240 M M 4 11 250
6 78 50 64 7 1 0 0.00 M M 1.8 7 240 M M 2 128 9 240
7 76 50 63 6 2 0 0.00 M M 1.8 7 250 M M 1 18 9 270
8 64 53 59 3 6 0 0.00 M M 2.2 12 230 M M 8 15 230
9 75 49 62 6 3 0 0.04 M M 4.2 20 220 M M 3 26 210
10 63 52 58 2 7 0 1.05 M M 7.0 22 250 M M 7 13 29 260
11 61 52 57 2 8 0 0.36 M M 11.1 25 210 M M 10 39 200
12 65 51 58 3 7 0 0.28 M M 4.3 16 210 M M 6 1 20 210
13 64 52 58 3 7 0 0.28 M M 9.0 25 220 M M 7 35 220
14 65 46 56 2 9 0 0.04 M M 2.0 10 230 M M 5 18 13 260
15 66 39 53 -1 12 0 0.00 M M 1.8 6 300 M M 2 12 9 270
16 65 43 54 0 11 0 0.00 M M 1.8 10 220 M M 7 14 230
17 65 55 60 7 5 0 0.03 M M 1.6 9 240 M M 9 1 13 240
18 69 55 62 9 3 0 T M M 5.3 18 200 M M 9 27 210
19 66 52 59 6 6 0 0.02 M M 3.6 10 240 M M 9 14 360
20 65 48 57 5 8 0 0.00 M M 1.9 8 260 M M 8 12 270
21 60 39 50 -2 15 0 0.02 M M 2.9 14 270 M M 5 20 270
22 60 35 48 -4 17 0 0.00 M M 1.6 8 260 M M 2 11 260
23 58 42 50 -2 15 0 T M M 7.5 18 90 M M 7 24 210
24 58 42 50 -1 15 0 T M M 10.8 21 80 M M 8 1 26 90
25 48 38 43 -8 22 0 0.00 M M 15.3 25 80 M M 0 35 90
26 54 33 44 -7 21 0 0.00 M M 2.8 20 80 M M 1 24 90
27 59 29 44 -7 21 0 0.00 M M 1.9 7 240 M M 0 10 310
28 64 34 49 -1 16 0 0.00 M M 0.6 6 250 M M 0 1 7 320
29 58 40 49 -1 16 0 0.00 M M 1.0 6 100 M M 6 128 7 320
30 61 39 50 0 15 0 0.07 M M 2.7 10 250 M M 6 18 14 260
31 63 36 50 0 15 0 0.00 M M 7.1 23 90 M M 3 128 32 80
================================================================================
SM 2032 1419 288 5 2.19 M 121.8 M 150
================================================================================
AV 65.6 45.8 3.9 FASTST M M 5 MAX(MPH)
MISC ----> # 25 210 # 39 200
================================================================================
NOTES:
# LAST OF SEVERAL OCCURRENCES
COLUMN 17 PEAK WIND IN M.P.H.
PRELIMINARY LOCAL CLIMATOLOGICAL DATA (WS FORM: F-6) , PAGE 2
STATION: TROUTDALE OR
MONTH: OCTOBER
YEAR: 2020
LATITUDE: 45 33 N
LONGITUDE: 122 25 W
[TEMPERATURE DATA] [PRECIPITATION DATA] SYMBOLS USED IN COLUMN 16
AVERAGE MONTHLY: 55.7 TOTAL FOR MONTH: 2.19 1 = FOG OR MIST
DPTR FM NORMAL: 1.9 DPTR FM NORMAL: -1.76 2 = FOG REDUCING VISIBILITY
HIGHEST: 82 ON 2 GRTST 24HR 1.05 ON 10-10 TO 1/4 MILE OR LESS
LOWEST: 29 ON 27 3 = THUNDER
SNOW, ICE PELLETS, HAIL 4 = ICE PELLETS
TOTAL MONTH: M 5 = HAIL
GRTST 24HR M ON M 6 = FREEZING RAIN OR DRIZZLE
GRTST DEPTH: M ON M 7 = DUSTSTORM OR SANDSTORM:
VSBY 1/2 MILE OR LESS
8 = SMOKE OR HAZE
[NO. OF DAYS WITH] [WEATHER - DAYS WITH] 9 = BLOWING SNOW
X = TORNADO
MAX 32 OR BELOW: 0 0.01 INCH OR MORE: 10
MAX 90 OR ABOVE: 0 0.10 INCH OR MORE: 4
MIN 32 OR BELOW: 1 0.50 INCH OR MORE: 1
MIN 0 OR BELOW: 0 1.00 INCH OR MORE: 1
[HDD (BASE 65) ]
TOTAL THIS MO. 288 CLEAR (SCALE 0-3) 11
DPTR FM NORMAL -60 PTCLDY (SCALE 4-7) 14
TOTAL FM JUL 1 344 CLOUDY (SCALE 8-10) 6
DPTR FM NORMAL -176
[CDD (BASE 65) ]
TOTAL THIS MO. 5
DPTR FM NORMAL 3 [PRESSURE DATA]
TOTAL FM JAN 1 520 HIGHEST SLP 30.59 ON 15
DPTR FM NORMAL 180 LOWEST SLP 29.66 ON 10
[REMARKS]
#FINAL-10-20#