000
CXUS51 KPHI 071438
CF6TTN
PRELIMINARY LOCAL CLIMATOLOGICAL DATA (WS FORM: F-6)
STATION: TRENTON NJ
MONTH: MARCH
YEAR: 2022
LATITUDE: 40 16 N
LONGITUDE: 74 49 W
TEMPERATURE IN F: :PCPN: SNOW: WIND :SUNSHINE: SKY :PK WND
================================================================================
1 2 3 4 5 6A 6B 7 8 9 10 11 12 13 14 15 16 17 18
12Z AVG MX 2MIN
DY MAX MIN AVG DEP HDD CDD WTR SNW DPTH SPD SPD DIR MIN PSBL S-S WX SPD DR
================================================================================
1 50 26 38 1 27 0 0.00 0.0 0 6.3 17 220 M M 7 23 210
2 53 32 43 5 22 0 0.00 0.0 0 4.5 14 290 M M 1 20 240
3 46 24 35 -3 30 0 T 0.0 0 10.9 20 300 M M 4 26 350
4 38 17 28 -10 37 0 0.00 0.0 0 4.9 15 260 M M 0 22 240
5 50 23 37 -1 28 0 0.00 0.0 0 4.9 17 140 M M 2 8 23 140
6 68 40 54 15 11 0 0.05 0.0 0 8.3 22 220 M M 6 1 30 210
7 74 47 61 22 4 0 0.15 0.0 0 14.7 32 210 M M 2 13 45 280
8 47 35 41 2 24 0 0.00 0.0 0 9.3 25 300 M M 2 41 310
9 40 33 37 -3 28 0 0.48 T 0 6.7 16 150 M M 9 1 20 40
10 51 26 39 -1 26 0 0.00 0.0 0 3.2 12 340 M M 2 12 14 360
11 57 28 43 3 22 0 0.00 0.0 0 5.5 16 160 M M 0 20 150
12 45 21 33 -7 32 0 0.59 1.2 0 12.1 29 350 M M 9 128 44 330
13 32 20 26 -15 39 0 0.00 0.0 1 9.8 22 280 M M 4 33 280
14 57 29 43 2 22 0 0.00 0.0 T 7.6 15 200 M M 2 26 250
15 67 36 52 11 13 0 0.00 0.0 0 4.9 15 210 M M 2 26 210
16 68 40 54 12 11 0 0.00 0.0 0 5.0 20 150 M M 0 25 160
17 54 43 49 7 16 0 0.19 0.0 0 6.1 12 30 M M 9 1 16 20
18 72 49 61 19 4 0 0.00 0.0 0 6.1 15 170 M M 5 128 18 140
19 74 52 63 21 2 0 0.06 0.0 0 8.7 26 210 M M 6 13 37 200
20 57 46 52 9 13 0 0.00 0.0 0 9.3 22 330 M M 8 32 310
21 63 39 51 8 14 0 0.00 0.0 0 7.7 21 310 M M 0 30 290
22 61 42 52 8 13 0 0.00 0.0 0 7.1 17 350 M M 2 21 340
23 49 36 43 -1 22 0 0.14 0.0 0 11.4 17 70 M M 5 1 25 130
24 46 41 44 0 21 0 0.59 0.0 0 10.5 21 50 M M 10 1 28 50
25 58 42 50 5 15 0 0.01 0.0 0 6.9 17 260 M M 6 1 24 260
26 52 39 46 1 19 0 0.02 0.0 0 8.7 26 270 M M 8 38 270
27 44 27 36 -9 29 0 T T 0 12.4 23 290 M M 6 33 290
28 32 21 27 -19 38 0 T T 0 13.1 26 320 M M 5 1 37 310
29 39 22 31 -15 34 0 0.00 0.0 T 11.4 24 340 M M 3 33 350
30 45 23 34 -12 31 0 T 0.0 0 4.9 13 150 M M 4 17 140
31 71 42 57 10 8 0 0.39 0.0 0 13.3 30 210 M M 9 13 40 170
================================================================================
SM 1660 1041 655 0 2.67 1.2 256.2 M 138
================================================================================
AV 53.5 33.6 8.3 FASTST M M 4 MAX(MPH)
MISC ----> 32 210 45 280
================================================================================
NOTES:
# LAST OF SEVERAL OCCURRENCES
COLUMN 17 PEAK WIND IN M.P.H.
PRELIMINARY LOCAL CLIMATOLOGICAL DATA (WS FORM: F-6) , PAGE 2
STATION: TRENTON NJ
MONTH: MARCH
YEAR: 2022
LATITUDE: 40 16 N
LONGITUDE: 74 49 W
[TEMPERATURE DATA] [PRECIPITATION DATA] SYMBOLS USED IN COLUMN 16
AVERAGE MONTHLY: 43.6 TOTAL FOR MONTH: 2.67 1 = FOG OR MIST
DPTR FM NORMAL: 1.9 DPTR FM NORMAL: -1.33 2 = FOG REDUCING VISIBILITY
HIGHEST: 74 ON 19, 7 GRTST 24HR 0.59 ON 12-12 TO 1/4 MILE OR LESS
LOWEST: 17 ON 4 3 = THUNDER
SNOW, ICE PELLETS, HAIL 4 = ICE PELLETS
TOTAL MONTH: 1.2 INCHES 5 = HAIL
GRTST 24HR 1.2 ON 12-12 6 = FREEZING RAIN OR DRIZZLE
GRTST DEPTH: 1 ON 13 7 = DUSTSTORM OR SANDSTORM:
VSBY 1/2 MILE OR LESS
8 = SMOKE OR HAZE
[NO. OF DAYS WITH] [WEATHER - DAYS WITH] 9 = BLOWING SNOW
X = TORNADO
MAX 32 OR BELOW: 2 0.01 INCH OR MORE: 11
MAX 90 OR ABOVE: 0 0.10 INCH OR MORE: 7
MIN 32 OR BELOW: 14 0.50 INCH OR MORE: 2
MIN 0 OR BELOW: 0 1.00 INCH OR MORE: 0
[HDD (BASE 65) ]
TOTAL THIS MO. 655 CLEAR (SCALE 0-3) 13
DPTR FM NORMAL -67 PTCLDY (SCALE 4-7) 13
TOTAL FM JUL 1 4142 CLOUDY (SCALE 8-10) 5
DPTR FM NORMAL -279
[CDD (BASE 65) ]
TOTAL THIS MO. 0
DPTR FM NORMAL -1 [PRESSURE DATA]
TOTAL FM JAN 1 0 HIGHEST SLP M ON M
DPTR FM NORMAL -1 LOWEST SLP 29.30 ON 12
[REMARKS]
#FINAL-03-22#