000
CXUS51 KPHI 071353
CF6TTN
PRELIMINARY LOCAL CLIMATOLOGICAL DATA (WS FORM: F-6)
STATION: TRENTON NJ
MONTH: SEPTEMBER
YEAR: 2021
LATITUDE: 40 16 N
LONGITUDE: 74 49 W
TEMPERATURE IN F: :PCPN: SNOW: WIND :SUNSHINE: SKY :PK WND
================================================================================
1 2 3 4 5 6A 6B 7 8 9 10 11 12 13 14 15 16 17 18
12Z AVG MX 2MIN
DY MAX MIN AVG DEP HDD CDD WTR SNW DPTH SPD SPD DIR MIN PSBL S-S WX SPD DR
================================================================================
1 75 63 69 -3 0 4 5.60 0.0 0 10.7 29 60 M M 8 13 38 100
2 77 58 68 -4 0 3 0.00 0.0 0 10.2 18 340 M M 2 25 330
3 74 54 64 -7 1 0 0.00 0.0 0 5.7 14 350 M M 3 20 20
4 77 56 67 -4 0 2 0.00 0.0 0 3.3 10 220 M M 0 17 280
5 74 60 67 -4 0 2 0.05 0.0 0 3.9 13 230 M M 7 1 19 220
6 83 65 74 3 0 9 T 0.0 0 5.8 17 270 M M 4 1 24 260
7 81 57 69 -1 0 4 0.00 0.0 0 4.5 13 210 M M 1 22 280
8 84 63 74 4 0 9 0.05 0.0 0 9.8 21 170 M M 4 1 26 320
9 71 64 68 -2 0 3 0.22 0.0 0 3.2 16 320 M M 5 1 19 320
10 75 54 65 -4 0 0 0.00 0.0 0 7.6 20 350 M M 1 28 340
11 77 52 65 -4 0 0 0.00 0.0 0 4.3 14 250 M M 0 19 290
12 83 60 72 3 0 7 0.00 0.0 0 6.9 16 220 M M 0 22 250
13 85 66 76 8 0 11 T 0.0 0 5.7 16 350 M M 1 3 23 350
14 84 64 74 6 0 9 0.00 0.0 0 5.2 12 150 M M 2 15 170
15 87 68 78 10 0 13 0.01 0.0 0 7.5 20 200 M M 3 1 26 200
16 78 68 73 5 0 8 T 0.0 0 9.2 18 50 M M 7 1 24 70
17 74 67 71 4 0 6 0.03 0.0 0 8.0 16 70 M M 9 1 19 60
18 85 66 76 9 0 11 0.00 0.0 0 6.0 12 340 M M 4 1 17 320
19 77 56 67 1 0 2 0.00 0.0 0 6.3 16 40 M M 0 20 360
20 77 52 65 -1 0 0 0.00 0.0 0 4.8 15 120 M M 1 21 140
21 77 56 67 1 0 2 T 0.0 0 5.4 13 120 M M 5 16 120
22 83 70 77 12 0 12 0.00 0.0 0 11.5 22 160 M M 7 1 29 180
23 81 59 70 5 0 5 1.60 0.0 0 9.7 28 140 M M 9 13 40 140
24 72 53 63 -1 2 0 0.05 0.0 0 4.2 12 250 M M 2 1 17 290
25 76 49 63 -1 2 0 0.00 0.0 0 2.0 7 250 M M 0 10 270
26 72 56 64 0 1 0 0.00 0.0 0 7.2 17 310 M M 1 24 300
27 79 52 66 3 0 1 0.00 0.0 0 7.9 24 210 M M 1 30 220
28 71 57 64 1 1 0 0.18 0.0 0 4.9 15 250 M M 4 13 21 260
29 68 50 59 -3 6 0 T 0.0 0 6.8 15 320 M M 4 22 350
30 68 51 60 -2 5 0 0.00 0.0 0 5.5 16 350 M M 6 18 360
================================================================================
SM 2325 1766 18 123 7.79 0.0 193.7 M 101
================================================================================
AV 77.5 58.9 6.5 FASTST M M 3 MAX(MPH)
MISC ----> 29 60 40 140
================================================================================
NOTES:
# LAST OF SEVERAL OCCURRENCES
COLUMN 17 PEAK WIND IN M.P.H.
PRELIMINARY LOCAL CLIMATOLOGICAL DATA (WS FORM: F-6) , PAGE 2
STATION: TRENTON NJ
MONTH: SEPTEMBER
YEAR: 2021
LATITUDE: 40 16 N
LONGITUDE: 74 49 W
[TEMPERATURE DATA] [PRECIPITATION DATA] SYMBOLS USED IN COLUMN 16
AVERAGE MONTHLY: 68.2 TOTAL FOR MONTH: 7.79 1 = FOG OR MIST
DPTR FM NORMAL: 0.8 DPTR FM NORMAL: 3.74 2 = FOG REDUCING VISIBILITY
HIGHEST: 87 ON 15 GRTST 24HR 5.60 ON 1- 1 TO 1/4 MILE OR LESS
LOWEST: 49 ON 25 3 = THUNDER
SNOW, ICE PELLETS, HAIL 4 = ICE PELLETS
TOTAL MONTH: 0.0 INCH 5 = HAIL
GRTST 24HR 0.0 6 = FREEZING RAIN OR DRIZZLE
GRTST DEPTH: 0 7 = DUSTSTORM OR SANDSTORM:
VSBY 1/2 MILE OR LESS
8 = SMOKE OR HAZE
[NO. OF DAYS WITH] [WEATHER - DAYS WITH] 9 = BLOWING SNOW
X = TORNADO
MAX 32 OR BELOW: 0 0.01 INCH OR MORE: 9
MAX 90 OR ABOVE: 0 0.10 INCH OR MORE: 4
MIN 32 OR BELOW: 0 0.50 INCH OR MORE: 2
MIN 0 OR BELOW: 0 1.00 INCH OR MORE: 2
[HDD (BASE 65) ]
TOTAL THIS MO. 18 CLEAR (SCALE 0-3) 16
DPTR FM NORMAL -33 PTCLDY (SCALE 4-7) 11
TOTAL FM JUL 1 18 CLOUDY (SCALE 8-10) 3
DPTR FM NORMAL -33
[CDD (BASE 65) ]
TOTAL THIS MO. 123
DPTR FM NORMAL 0 [PRESSURE DATA]
TOTAL FM JAN 1 1123 HIGHEST SLP M ON M
DPTR FM NORMAL 89 LOWEST SLP 29.43 ON 1
[REMARKS]
#FINAL-09-21#