000
CXUS54 KMEG 060548
CF6TUP
PRELIMINARY LOCAL CLIMATOLOGICAL DATA (WS FORM: F-6)
STATION: TUPELO
MONTH: JULY
YEAR: 2020
LATITUDE: 34 16 N
LONGITUDE: 88 46 W
TEMPERATURE IN F: :PCPN: SNOW: WIND :SUNSHINE: SKY :PK WND
================================================================================
1 2 3 4 5 6A 6B 7 8 9 10 11 12 13 14 15 16 17 18
12Z AVG MX 2MIN
DY MAX MIN AVG DEP HDD CDD WTR SNW DPTH SPD SPD DIR MIN PSBL S-S WX SPD DR
================================================================================
1 84 70 77 -4 0 12 1.41 0.0 0 6.2 26 10 M M 7 138 33 320
2 89 73 81 0 0 16 0.03 0.0 0 3.6 9 110 M M 3 13 11 110
3 94 69 82 1 0 17 0.00 0.0 0 2.5 17 160 M M 2 3 21 170
4 94 73 84 3 0 19 0.00 0.0 0 2.7 12 130 M M 1 13 15 120
5 92 73 83 2 0 18 0.17 0.0 0 4.5 17 150 M M 3 13 22 130
6 92 73 83 2 0 18 0.00 0.0 0 4.1 13 60 M M 1 15 70
7 93 74 84 3 0 19 0.20 0.0 0 2.5 17 130 M M 1 13 24 140
8 90 76 83 2 0 18 0.00 0.0 0 4.1 13 210 M M 4 16 220
9 94 76 85 4 0 20 0.06 0.0 0 1.8 10 240 M M 5 13 15 250
10 93 73 83 2 0 18 0.00 0.0 0 2.8 12 330 M M 1 16 330
11 95 72 84 2 0 19 0.00 0.0 0 2.6 9 320 M M 0 14 330
12 93 73 83 1 0 18 0.36 0.0 0 4.4 38 30 M M 3 13 45 30
13 92 73 83 1 0 18 0.00 0.0 0 4.2 8 60 M M 1 1 M M
14 94 73 84 2 0 19 0.00 0.0 0 2.1 9 200 M M 1 14 130
15 97 74 86 4 0 21 0.00 0.0 0 3.5 14 200 M M 1 18 26 170
16 94 70 82 0 0 17 0.00 0.0 0 6.4 14 180 M M 2 16 170
17 96 75 86 4 0 21 0.00 0.0 0 3.3 13 190 M M 1 18 180
18 97 78 88 6 0 23 0.00 0.0 0 2.4 10 170 M M 1 18 180
19 97 76 87 5 0 22 0.00 0.0 0 2.2 7 99 M M 0 M M
20 97 77 87 5 0 22 0.00 0.0 0 1.6 8 50 M M 1 3 11 260
21 97 74 86 4 0 21 0.01 0.0 0 2.8 22 190 M M 0 3 25 180
22 95 74 85 3 0 20 0.00 0.0 0 5.0 16 250 M M 1 3 22 240
23 96 75 86 4 0 21 0.00 0.0 0 4.8 13 120 M M 0 19 100
24 93 77 85 3 0 20 0.00 0.0 0 6.3 14 180 M M 2 20 190
25 95 75 85 3 0 20 T 0.0 0 5.2 22 150 M M 2 3 27 150
26 94 73 84 2 0 19 0.00 0.0 0 3.3 12 180 M M 0 14 180
27 96 76 86 4 0 21 0.03 0.0 0 1.8 15 180 M M 1 3 18 180
28 92 74 83 1 0 18 T 0.0 0 1.0 8 260 M M 3 1 9 250
29 92 76 84 2 0 19 0.01 0.0 0 3.9 13 230 M M 6 13 18 220
30 93 76 85 3 0 20 0.00 0.0 0 9.0 17 240 M M 4 8 24 250
31 94 73 84 2 0 19 0.05 0.0 0 8.3 23 220 M M 4 13 32 220
================================================================================
SM 2904 2294 0 593 2.33 0.0 118.9 M 62
================================================================================
AV 93.7 74.0 3.8 FASTST M M 2 MAX(MPH)
MISC ----> # 38 30 # 45 30
================================================================================
NOTES:
# LAST OF SEVERAL OCCURRENCES
COLUMN 17 PEAK WIND IN M.P.H.
PRELIMINARY LOCAL CLIMATOLOGICAL DATA (WS FORM: F-6) , PAGE 2
STATION: TUPELO
MONTH: JULY
YEAR: 2020
LATITUDE: 34 16 N
LONGITUDE: 88 46 W
[TEMPERATURE DATA] [PRECIPITATION DATA] SYMBOLS USED IN COLUMN 16
AVERAGE MONTHLY: 83.8 TOTAL FOR MONTH: 2.33 1 = FOG OR MIST
DPTR FM NORMAL: 2.4 DPTR FM NORMAL: -1.57 2 = FOG REDUCING VISIBILITY
HIGHEST: 97 ON 21,20 GRTST 24HR 1.41 ON 1- 1 TO 1/4 MILE OR LESS
LOWEST: 69 ON 3 3 = THUNDER
SNOW, ICE PELLETS, HAIL 4 = ICE PELLETS
TOTAL MONTH: 0.0 INCH 5 = HAIL
GRTST 24HR 0.0 6 = FREEZING RAIN OR DRIZZLE
GRTST DEPTH: 0 7 = DUSTSTORM OR SANDSTORM:
VSBY 1/2 MILE OR LESS
8 = SMOKE OR HAZE
[NO. OF DAYS WITH] [WEATHER - DAYS WITH] 9 = BLOWING SNOW
X = TORNADO
MAX 32 OR BELOW: 0 0.01 INCH OR MORE: 10
MAX 90 OR ABOVE: 29 0.10 INCH OR MORE: 4
MIN 32 OR BELOW: 0 0.50 INCH OR MORE: 1
MIN 0 OR BELOW: 0 1.00 INCH OR MORE: 1
[HDD (BASE 65) ]
TOTAL THIS MO. 0 CLEAR (SCALE 0-3) 24
DPTR FM NORMAL 0 PTCLDY (SCALE 4-7) 7
TOTAL FM JUL 1 0 CLOUDY (SCALE 8-10) 0
DPTR FM NORMAL 0
[CDD (BASE 65) ]
TOTAL THIS MO. 593
DPTR FM NORMAL 83 [PRESSURE DATA]
TOTAL FM JAN 1 1286 HIGHEST SLP 30.17 ON 17
DPTR FM NORMAL 104 LOWEST SLP 29.79 ON 12
[REMARKS]
#FINAL-07-20#