000
CXUS55 KTWC 011252
CLMTUS
CLIMATE REPORT
NATIONAL WEATHER SERVICE TUCSON AZ
552 AM MST SAT APR 01 2023
...................................
...THE TUCSON AZ CLIMATE SUMMARY FOR THE MONTH OF MARCH 2023...
CLIMATE NORMAL PERIOD 1991 TO 2020
CLIMATE RECORD PERIOD 1895 TO 2023
WEATHER OBSERVED NORMAL DEPART LAST YEAR`S
VALUE DATE(S) VALUE FROM VALUE
NORMAL
..............................................................
TEMPERATURE (F)
RECORD
HIGH 99 03/26/1988
LOW 20 03/04/1965
HIGHEST 83 03/28 87 -4
03/29
LOWEST 33 03/01 34 -1
03/02
AVG. MAXIMUM 71.8 75.8 -4.0
AVG. MINIMUM 46.3 48.0 -1.7
MEAN 59.1 61.9 -2.8
DAYS MAX >= 90 0 1.2 -1.2 3
DAYS MAX >= 100 0 0
DAYS MIN <= 32 0 0.3 -0.3 0
DAYS MIN >= 80 0 0
PRECIPITATION (INCHES)
RECORD
MAXIMUM 3.88 1905
MINIMUM 0.00 1984
TOTALS 0.66 0.56 0.10 0.19
DAILY AVG. 0.02 0.02 0.00 0.01
DAYS >= .01 5 3.1 1.9 3
DAYS >= .10 3 1.7 1.3 1
DAYS >= .50 0 0.3 -0.3 0
DAYS >= 1.00 0 0.0 0.0 0
GREATEST
24 HR. TOTAL 0.28 03/01 TO 03/02 0.16
DEGREE DAYS
HEATING TOTAL 179 138 41
SINCE 7/1 1463 1283 180
COOLING TOTAL 4 42 -38
SINCE 1/1 5 48 -43
..............................................................
WIND (MPH)
AVERAGE WIND SPEED 7.3
HIGHEST WIND SPEED/DIRECTION 32/200 DATE 03/01
HIGHEST GUST SPEED/DIRECTION 52/290 DATE 03/01
SKY COVER
POSSIBLE SUNSHINE (PERCENT) MM
AVERAGE SKY COVER 0.19
NUMBER OF DAYS FAIR 20
NUMBER OF DAYS PC 5
NUMBER OF DAYS CLOUDY 1
AVERAGE RH (PERCENT) 42
WEATHER CONDITIONS. NUMBER OF DAYS WITH
THUNDERSTORM 0 MIXED PRECIP 0
HEAVY RAIN 1 RAIN 1
LIGHT RAIN 4 FREEZING RAIN 0
LT FREEZING RAIN 0 HAIL 0
HEAVY SNOW 0 SLEET 0
FOG 3 FOG W/VIS <= 1/4 MILE 0
HAZE 2
- INDICATES NEGATIVE NUMBERS.
R INDICATES RECORD WAS SET OR TIED.
MM INDICATES DATA IS MISSING.
T INDICATES TRACE AMOUNT.
$$