000
CXUS53 KAPX 010631
CF6TVC
PRELIMINARY LOCAL CLIMATOLOGICAL DATA (WS FORM: F-6)
STATION: TRAVERSE CITY MI
MONTH: JUNE
YEAR: 2020
LATITUDE: 44 44 N
LONGITUDE: 85 34 W
TEMPERATURE IN F: :PCPN: SNOW: WIND :SUNSHINE: SKY :PK WND
================================================================================
1 2 3 4 5 6A 6B 7 8 9 10 11 12 13 14 15 16 17 18
12Z AVG MX 2MIN
DY MAX MIN AVG DEP HDD CDD WTR SNW DPTH SPD SPD DIR MIN PSBL S-S WX SPD DR
================================================================================
1 76 44 60 1 5 0 0.03 M M 7.9 15 220 M M 6 27 240
2 91 62 77 17 0 12 0.00 M M 8.8 20 260 M M 4 33 220
3 84 59 72 12 0 7 0.00 M M 5.8 16 50 M M 3 22 290
4 77 53 65 5 0 0 0.00 M M 3.4 10 30 M M 3 16 10
5 74 53 64 3 1 0 0.03 M M 3.0 13 360 M M 4 18 230
6 65 52 59 -2 6 0 0.00 M M 7.0 16 320 M M 4 1 23 330
7 69 43 56 -5 9 0 0.00 M M 4.3 13 40 M M 5 1 16 20
8 91 53 72 10 0 7 0.00 M M 6.4 17 230 M M 4 24 230
9 95 58 77 15 0 12 0.13 M M 6.7 18 110 M M 7 33 120
10 81 54 68 6 0 3 1.38 M M 12.1 29 200 M M 8 138 51 190
11 74 48 61 -2 4 0 0.04 M M 12.4 25 260 M M 5 1 37 260
12 58 45 52 -11 13 0 0.00 M M 7.8 13 30 M M 3 19 30
13 65 41 53 -10 12 0 0.00 M M 5.9 14 20 M M 2 21 30
14 71 40 56 -8 9 0 0.00 M M 3.9 14 10 M M 1 19 20
15 78 43 61 -3 4 0 0.00 M M 3.4 10 30 M M 1 18 200
16 84 47 66 2 0 1 0.00 M M 4.2 15 30 M M 1 20 40
17 84 56 70 5 0 5 0.00 M M 3.9 12 30 M M 1 16 10
18 88 55 72 7 0 7 0.00 M M 2.6 12 350 M M 1 15 260
19 91 59 75 10 0 10 0.00 M M 2.8 12 300 M M 3 17 220
20 89 60 75 9 0 10 0.17 M M 4.1 17 230 M M 6 1 27 220
21 79 62 71 5 0 6 0.01 M M 5.1 14 270 M M 6 1 20 260
22 75 58 67 1 0 2 0.34 M M 3.6 23 280 M M 6 138 30 290
23 67 57 62 -4 3 0 1.44 M M 10.3 22 310 M M 10 1 33 310
24 74 55 65 -2 0 0 0.00 M M 9.1 25 270 M M 7 32 270
25 81 54 68 1 0 3 0.00 M M 7.9 20 250 M M 4 26 240
26 86 62 74 7 0 9 T M M 8.4 16 220 M M 6 27 230
27 81 60 71 4 0 6 0.00 M M 6.3 15 40 M M 4 20 50
28 79 55 67 -1 0 2 0.00 M M 3.1 13 30 M M 1 1 18 20
29 92 63 78 10 0 13 0.00 M M 4.7 15 330 M M 4 20 330
30 93 68 81 13 0 16 0.00 M M 4.2 13 100 M M 4 18 130
================================================================================
SM 2392 1619 66 131 3.57 M 179.1 M 124
================================================================================
AV 79.7 54.0 6.0 FASTST M M 4 MAX(MPH)
MISC ----> # 29 200 # 51 190
================================================================================
NOTES:
# LAST OF SEVERAL OCCURRENCES
COLUMN 17 PEAK WIND IN M.P.H.
PRELIMINARY LOCAL CLIMATOLOGICAL DATA (WS FORM: F-6) , PAGE 2
STATION: TRAVERSE CITY MI
MONTH: JUNE
YEAR: 2020
LATITUDE: 44 44 N
LONGITUDE: 85 34 W
[TEMPERATURE DATA] [PRECIPITATION DATA] SYMBOLS USED IN COLUMN 16
AVERAGE MONTHLY: 66.9 TOTAL FOR MONTH: 3.57 1 = FOG OR MIST
DPTR FM NORMAL: 2.9 DPTR FM NORMAL: 0.41 2 = FOG REDUCING VISIBILITY
HIGHEST: 95 ON 9 GRTST 24HR 1.44 ON 23-23 TO 1/4 MILE OR LESS
LOWEST: 40 ON 14 3 = THUNDER
SNOW, ICE PELLETS, HAIL 4 = ICE PELLETS
TOTAL MONTH: M 5 = HAIL
GRTST 24HR M ON M 6 = FREEZING RAIN OR DRIZZLE
GRTST DEPTH: M ON M 7 = DUSTSTORM OR SANDSTORM:
VSBY 1/2 MILE OR LESS
8 = SMOKE OR HAZE
[NO. OF DAYS WITH] [WEATHER - DAYS WITH] 9 = BLOWING SNOW
X = TORNADO
MAX 32 OR BELOW: 0 0.01 INCH OR MORE: 9
MAX 90 OR ABOVE: 6 0.10 INCH OR MORE: 5
MIN 32 OR BELOW: 0 0.50 INCH OR MORE: 2
MIN 0 OR BELOW: 0 1.00 INCH OR MORE: 2
[HDD (BASE 65) ]
TOTAL THIS MO. 66 CLEAR (SCALE 0-3) 10
DPTR FM NORMAL -46 PTCLDY (SCALE 4-7) 18
TOTAL FM JUL 1 6861 CLOUDY (SCALE 8-10) 2
DPTR FM NORMAL -687
[CDD (BASE 65) ]
TOTAL THIS MO. 131
DPTR FM NORMAL 50 [PRESSURE DATA]
TOTAL FM JAN 1 170 HIGHEST SLP M ON M
DPTR FM NORMAL 69 LOWEST SLP 29.35 ON 10
[REMARKS]
#FINAL-06-20#
#FINAL-06-20#