654
CXUS55 KREV 020910
CF6TVL
PRELIMINARY LOCAL CLIMATOLOGICAL DATA (WS FORM: F-6)
STATION: SOUTH LAKE TAHOE CA
MONTH: NOVEMBER
YEAR: 2020
LATITUDE: 38 53 N
LONGITUDE: 119 60 W
TEMPERATURE IN F: :PCPN: SNOW: WIND :SUNSHINE: SKY :PK WND
================================================================================
1 2 3 4 5 6A 6B 7 8 9 10 11 12 13 14 15 16 17 18
12Z AVG MX 2MIN
DY MAX MIN AVG DEP HDD CDD WTR SNW DPTH SPD SPD DIR MIN PSBL S-S WX SPD DR
================================================================================
1 68 23 46 5 19 0 0.00 M M 2.1 8 20 M M 0 11 30
2 67 26 47 7 18 0 0.00 M M 2.5 9 30 M M 0 14 40
3 68 25 47 7 18 0 0.00 M M 3.4 9 200 M M 0 14 190
4 67 25 46 6 19 0 0.00 M M 2.3 9 30 M M 0 13 30
5 71 25 48 8 17 0 0.00 M M 3.7 13 200 M M 0 19 190
6 54 24 39 0 26 0 0.03 M M 10.5 31 190 M M 4 1 44 190
7 38 21 30 -9 35 0 0.02 M M 7.5 20 190 M M 8 1 27 190
8 29 5 17 -22 48 0 0.70 M M 4.0 15 20 M M 6 128 21 20
9 35 -1 17 -21 48 0 T M M 3.1 9 180 M M 1 1 11 180
10 47 8 28 -10 37 0 0.00 M M 2.7 7 190 M M 0 12 190
11 47 16 32 -6 33 0 0.00 M M 3.3 12 190 M M 0 19 180
12 49 8 29 -8 36 0 0.00 M M 4.8 16 180 M M 0 21 200
13 41 35 38 1 27 0 0.36 M M 15.9 35 190 M M 8 18 47 180
14 47 23 35 -2 30 0 0.00 M M 8.8 21 180 M M 1 26 200
15 55 27 41 5 24 0 0.00 M M 6.4 17 180 M M 0 23 180
16 58 22 40 4 25 0 0.00 M M 3.4 20 200 M M 0 27 190
17 55 34 45 9 20 0 0.15 M M 19.6 45 190 M M 5 1 57 190
18 41 33 37 2 28 0 1.12 M M 10.2 25 200 M M 9 16 42 190
19 46 22 34 -1 31 0 T M M 4.2 18 160 M M 1 1 30 160
20 44 18 31 -4 34 0 0.00 M M 2.6 7 30 M M 2 13 40
21 47 19 33 -1 32 0 0.00 M M 1.8 8 30 M M 0 11 20
22 53 21 37 3 28 0 T M M 4.9 22 180 M M 2 27 180
23 48 25 37 3 28 0 0.00 M M 2.3 10 200 M M 3 13 200
24 50 20 35 1 30 0 0.00 M M 2.4 13 200 M M 0 18 220
25 45 28 37 4 28 0 T M M 10.0 23 190 M M M 31 190
26 36 21 29 -4 36 0 0.00 M M 6.6 20 80 M M M 31 80
27 48 14 31 -2 34 0 0.00 M M 2.3 8 20 M M M 10 30
28 51 15 33 1 32 0 0.00 M M 2.1 8 30 M M M 12 30
29 50 16 33 1 32 0 0.00 M M 2.9 8 40 M M 0 10 10
30 55 19 37 5 28 0 0.00 M M 3.7 14 190 M M M 19 180
================================================================================
SM 1510 617 881 0 2.38 M 160.0 M 50
================================================================================
AV 50.3 20.6 5.3 FASTST M M 2 MAX(MPH)
MISC ----> 45 190 57 190
================================================================================
NOTES:
# LAST OF SEVERAL OCCURRENCES
COLUMN 17 PEAK WIND IN M.P.H.
PRELIMINARY LOCAL CLIMATOLOGICAL DATA (WS FORM: F-6) , PAGE 2
STATION: SOUTH LAKE TAHOE CA
MONTH: NOVEMBER
YEAR: 2020
LATITUDE: 38 53 N
LONGITUDE: 119 60 W
[TEMPERATURE DATA] [PRECIPITATION DATA] SYMBOLS USED IN COLUMN 16
AVERAGE MONTHLY: 35.5 TOTAL FOR MONTH: 2.38 1 = FOG OR MIST
DPTR FM NORMAL: -0.8 DPTR FM NORMAL: -0.86 2 = FOG REDUCING VISIBILITY
HIGHEST: 71 ON 5 GRTST 24HR 1.23 ON 17-18 TO 1/4 MILE OR LESS
LOWEST: -1 ON 9 3 = THUNDER
SNOW, ICE PELLETS, HAIL 4 = ICE PELLETS
TOTAL MONTH: M 5 = HAIL
GRTST 24HR M ON M 6 = FREEZING RAIN OR DRIZZLE
GRTST DEPTH: M ON M 7 = DUSTSTORM OR SANDSTORM:
VSBY 1/2 MILE OR LESS
8 = SMOKE OR HAZE
[NO. OF DAYS WITH] [WEATHER - DAYS WITH] 9 = BLOWING SNOW
X = TORNADO
MAX 32 OR BELOW: 1 0.01 INCH OR MORE: 6
MAX 90 OR ABOVE: 0 0.10 INCH OR MORE: 4
MIN 32 OR BELOW: 27 0.50 INCH OR MORE: 2
MIN 0 OR BELOW: 1 1.00 INCH OR MORE: 1
[HDD (BASE 65) ]
TOTAL THIS MO. 881 CLEAR (SCALE 0-3) 19
DPTR FM NORMAL 20 PTCLDY (SCALE 4-7) 4
TOTAL FM JUL 1 1738 CLOUDY (SCALE 8-10) 7
DPTR FM NORMAL -355
[CDD (BASE 65) ]
TOTAL THIS MO. 0
DPTR FM NORMAL 0 [PRESSURE DATA]
TOTAL FM JAN 1 70 HIGHEST SLP 30.47 ON 4
DPTR FM NORMAL 39 LOWEST SLP 29.49 ON 8
[REMARKS]
...THE SOUTH LAKE TAHOE CA CLIMATE SUMMARY FOR THE MONTH OF NOVEMBER
2020...
THE AVERAGE TEMPERATURE FOR NOVEMBER 2020 AT THE SOUTH LAKE TAHOE
AIRPORT WAS 35.5 DEGREES WHICH IS 0.8 DEGREES BELOW NORMAL. THE
HIGHEST TEMPERATURE FOR NOVEMBER WAS 71 DEGREES WHICH OCCURRED ON
THE 5TH, WHICH ALSO SET A RECORD FOR THE WARMEST TEMPERATURE
REPORTED IN ANY DAY OF NOVEMBER. THE LOWEST TEMPERATURE FOR THE
MONTH WAS -1 DEGREE WHICH OCCURRED ON THE 9TH.
FOR NOVEMBER 2020, 2.38 INCHES OF PRECIPITATION WAS RECORDED AT THE
SOUTH LAKE TAHOE AIRPORT. THIS IS 0.86 INCHES BELOW NORMAL.
THE AVERAGE WIND SPEED FOR NOVEMBER 2020 WAS 5.3 MPH. THE PEAK WIND
GUST FOR THE MONTH WAS 57 MPH FROM THE SOUTH ON THE 17TH.
#FINAL-11-20#