000
CXUS55 KSEW 011420
CF6UIL
PRELIMINARY LOCAL CLIMATOLOGICAL DATA (WS FORM: F-6)
STATION: QUILLAYUTE WA AIRPORT
MONTH: OCTOBER
YEAR: 2022
LATITUDE: 47 57 N
LONGITUDE: 124 33 W
TEMPERATURE IN F: :PCPN: SNOW: WIND :SUNSHINE: SKY :PK WND
================================================================================
1 2 3 4 5 6A 6B 7 8 9 10 11 12 13 14 15 16 17 18
12Z AVG MX 2MIN
DY MAX MIN AVG DEP HDD CDD WTR SNW DPTH SPD SPD DIR MIN PSBL S-S WX SPD DR
================================================================================
1 75 44 60 6 5 0 0.00 M M 1.5 10 360 M M 1 14 10
2 82 48 65 11 0 0 0.00 M M 2.6 10 320 M M 1 14 310
3 67 54 61 7 4 0 0.00 M M 2.9 12 240 M M 9 1 15 240
4 66 51 59 6 6 0 0.00 M M 2.3 8 210 M M 9 13 210
5 70 52 61 8 4 0 0.00 M M 3.8 15 260 M M 7 1 21 270
6 69 48 59 6 6 0 0.00 M M 1.8 10 250 M M 5 1 13 240
7 72 47 60 7 5 0 0.00 M M 2.3 10 300 M M 4 1 14 290
8 72 46 59 7 6 0 0.00 M M 2.0 9 210 M M 5 1 26 260
9 73 43 58 6 7 0 0.00 M M 2.4 12 250 M M 1 1 15 250
10 61 43 52 0 13 0 0.00 M M 3.3 15 310 M M 9 1 32 280
11 65 43 54 2 11 0 0.00 M M 4.0 10 260 M M 0 14 270
12 73 40 57 6 8 0 0.00 M M 2.1 10 240 M M 0 14 240
13 75 41 58 7 7 0 0.00 M M 2.8 14 240 M M 0 17 250
14 69 42 56 5 9 0 0.00 M M 1.4 13 240 M M 3 12 15 240
15 83 42 63 12 2 0 0.00 M M 3.4 14 40 M M 0 18 18 50
16 59 48 54 4 11 0 0.00 M M 4.2 13 180 M M 8 1 23 170
17 70 47 59 9 6 0 0.00 M M 3.7 13 190 M M 7 20 170
18 72 45 59 9 6 0 0.00 M M 3.3 13 270 M M 3 17 270
19 71 48 60 10 5 0 0.00 M M 3.8 15 350 M M 4 12 21 350
20 64 41 53 3 12 0 0.01 M M 3.3 14 320 M M 5 1 22 320
21 52 41 47 -2 18 0 0.29 M M 1.2 7 190 M M 8 12 10 180
22 55 40 48 -1 17 0 0.06 M M 3.4 14 290 M M 5 12 22 270
23 56 31 44 -5 21 0 0.51 M M 5.5 15 150 M M 4 1 26 150
24 57 42 50 1 15 0 0.71 M M 5.3 18 260 M M 6 1 35 150
25 49 42 46 -2 19 0 1.02 M M 3.6 16 280 M M 9 1 30 130
26 52 39 46 -2 19 0 0.27 M M 3.2 9 150 M M 8 1 15 130
27 54 48 51 3 14 0 2.33 M M 10.2 22 170 M M 10 1 44 140
28 58 43 51 3 14 0 0.03 M M 2.5 10 200 M M 7 1 17 210
29 58 42 50 2 15 0 0.37 M M 5.3 13 170 M M 6 1 24 160
30 56 50 53 5 12 0 3.33 M M 5.5 20 230 M M 10 1 32 210
31 53 38 46 -1 19 0 0.31 M M 3.8 17 250 M M 6 1 32 280
================================================================================
SM 2008 1369 316 0 9.24 M 106.4 M 160
================================================================================
AV 64.8 44.2 3.4 FASTST M M 5 MAX(MPH)
MISC ----> 22 170 44 140
================================================================================
NOTES:
# LAST OF SEVERAL OCCURRENCES
COLUMN 17 PEAK WIND IN M.P.H.
PRELIMINARY LOCAL CLIMATOLOGICAL DATA (WS FORM: F-6) , PAGE 2
STATION: QUILLAYUTE WA AIRPORT
MONTH: OCTOBER
YEAR: 2022
LATITUDE: 47 57 N
LONGITUDE: 124 33 W
[TEMPERATURE DATA] [PRECIPITATION DATA] SYMBOLS USED IN COLUMN 16
AVERAGE MONTHLY: 54.5 TOTAL FOR MONTH: 9.24 1 = FOG OR MIST
DPTR FM NORMAL: 3.9 DPTR FM NORMAL: -1.44 2 = FOG REDUCING VISIBILITY
HIGHEST: 83 ON 15 GRTST 24HR 3.57 ON 29-30 TO 1/4 MILE OR LESS
LOWEST: 31 ON 23 3 = THUNDER
SNOW, ICE PELLETS, HAIL 4 = ICE PELLETS
TOTAL MONTH: M 5 = HAIL
GRTST 24HR M ON M 6 = FREEZING RAIN OR DRIZZLE
GRTST DEPTH: M ON M 7 = DUSTSTORM OR SANDSTORM:
VSBY 1/2 MILE OR LESS
8 = SMOKE OR HAZE
[NO. OF DAYS WITH] [WEATHER - DAYS WITH] 9 = BLOWING SNOW
X = TORNADO
MAX 32 OR BELOW: 0 0.01 INCH OR MORE: 12
MAX 90 OR ABOVE: 0 0.10 INCH OR MORE: 9
MIN 32 OR BELOW: 1 0.50 INCH OR MORE: 5
MIN 0 OR BELOW: 0 1.00 INCH OR MORE: 3
[HDD (BASE 65) ]
TOTAL THIS MO. 316 CLEAR (SCALE 0-3) 9
DPTR FM NORMAL -132 PTCLDY (SCALE 4-7) 15
TOTAL FM JUL 1 642 CLOUDY (SCALE 8-10) 7
DPTR FM NORMAL -393
[CDD (BASE 65) ]
TOTAL THIS MO. 0
DPTR FM NORMAL 0 [PRESSURE DATA]
TOTAL FM JAN 1 40 HIGHEST SLP 30.33 ON 19
DPTR FM NORMAL 18 LOWEST SLP 29.68 ON 22
[REMARKS]
#FINAL-10-22#
CORRECTED PRECIPITATION AND WIND FOR 27TH