000
CXUS55 KSEW 011030
CF6UIL
PRELIMINARY LOCAL CLIMATOLOGICAL DATA (WS FORM: F-6)
STATION: QUILLAYUTE WA AIRPORT
MONTH: FEBRUARY
YEAR: 2024
LATITUDE: 47 57 N
LONGITUDE: 124 33 W
TEMPERATURE IN F: :PCPN: SNOW: WIND :SUNSHINE: SKY :PK WND
================================================================================
1 2 3 4 5 6A 6B 7 8 9 10 11 12 13 14 15 16 17 18
12Z AVG MX 2MIN
DY MAX MIN AVG DEP HDD CDD WTR SNW DPTH SPD SPD DIR MIN PSBL S-S WX SPD DR
================================================================================
1 59 50 55 13 10 0 0.51 M M 8.8 21 170 M M 8 1 40 200
2 54 39 47 5 18 0 0.73 M M 5.8 13 140 M M 7 1 23 170
3 53 36 45 3 20 0 0.00 M M 2.3 8 10 M M 4 18 13 300
4 55 36 46 4 19 0 0.00 M M 5.8 17 40 M M 0 27 40
5 53 33 43 1 22 0 0.00 M M 5.4 10 50 M M 1 16 290
6 52 30 41 -1 24 0 0.01 M M 2.3 12 250 M M 7 1 14 240
7 52 36 44 2 21 0 0.00 M M 3.0 10 340 M M 7 1 20 70
8 50 36 43 1 22 0 0.05 M M 3.3 10 260 M M 8 18 15 240
9 51 41 46 4 19 0 0.02 M M 2.6 7 80 M M 9 9 80
10 52 43 48 6 17 0 0.12 M M 3.5 9 130 M M 10 14 140
11 52 47 50 8 15 0 1.14 M M 6.1 15 220 M M 10 1 23 230
12 55 41 48 6 17 0 0.12 M M 4.2 13 40 M M 9 18 20 80
13 54 34 44 2 21 0 0.00 M M 2.4 12 30 M M 4 18 15 20
14 51 32 42 0 23 0 T M M 10.7 23 60 M M 6 34 70
15 49 39 44 2 21 0 0.01 M M 11.5 25 50 M M 9 43 40
16 49 40 45 3 20 0 0.00 M M 9.6 16 50 M M 2 28 60
17 50 43 47 5 18 0 0.21 M M 4.3 14 50 M M 10 20 60
18 53 41 47 5 18 0 0.09 M M 3.8 10 40 M M 9 1 13 60
19 53 44 49 7 16 0 0.18 M M 4.0 14 40 M M 7 20 50
20 54 41 48 6 17 0 0.22 M M 3.3 12 150 M M 10 1 19 150
21 54 48 51 9 14 0 0.46 M M 3.0 9 20 M M 10 1 13 140
22 58 40 49 7 16 0 0.71 M M 3.6 9 240 M M 8 12 15 130
23 59 34 47 5 18 0 0.00 M M 2.5 12 260 M M 3 18 20 110
24 51 45 48 6 17 0 0.40 M M 3.3 12 250 M M 10 18 16 250
25 50 38 44 2 21 0 1.05 M M 9.9 24 250 M M 9 1 39 240
26 47 35 41 -1 24 0 0.28 M M 8.9 21 310 M M 7 1 32 320
27 50 34 42 -1 23 0 0.88 M M 6.3 18 310 M M 7 1 30 290
28 52 43 48 5 17 0 1.88 M M 11.8 24 210 M M 10 1 47 180
29 43 37 40 -3 25 0 0.68 M M 6.0 17 260 M M 8 1 26 160
================================================================================
SM 1515 1136 553 0 9.75 M 158.0 M 209
================================================================================
AV 52.2 39.2 5.4 FASTST M M 7 MAX(MPH)
MISC ----> 25 50 47 180
================================================================================
NOTES:
# LAST OF SEVERAL OCCURRENCES
COLUMN 17 PEAK WIND IN M.P.H.
PRELIMINARY LOCAL CLIMATOLOGICAL DATA (WS FORM: F-6) , PAGE 2
STATION: QUILLAYUTE WA AIRPORT
MONTH: FEBRUARY
YEAR: 2024
LATITUDE: 47 57 N
LONGITUDE: 124 33 W
[TEMPERATURE DATA] [PRECIPITATION DATA] SYMBOLS USED IN COLUMN 16
AVERAGE MONTHLY: 45.7 TOTAL FOR MONTH: 9.75 1 = FOG OR MIST
DPTR FM NORMAL: 3.6 DPTR FM NORMAL: 0.02 2 = FOG REDUCING VISIBILITY
HIGHEST: 59 ON 23, 1 GRTST 24HR 1.88 ON 28-28 TO 1/4 MILE OR LESS
LOWEST: 30 ON 6 3 = THUNDER
SNOW, ICE PELLETS, HAIL 4 = ICE PELLETS
TOTAL MONTH: M 5 = HAIL
GRTST 24HR M ON M 6 = FREEZING RAIN OR DRIZZLE
GRTST DEPTH: M ON M 7 = DUSTSTORM OR SANDSTORM:
VSBY 1/2 MILE OR LESS
8 = SMOKE OR HAZE
[NO. OF DAYS WITH] [WEATHER - DAYS WITH] 9 = BLOWING SNOW
X = TORNADO
MAX 32 OR BELOW: 0 0.01 INCH OR MORE: 21
MAX 90 OR ABOVE: 0 0.10 INCH OR MORE: 16
MIN 32 OR BELOW: 2 0.50 INCH OR MORE: 8
MIN 0 OR BELOW: 0 1.00 INCH OR MORE: 3
[HDD (BASE 65) ]
TOTAL THIS MO. 553 CLEAR (SCALE 0-3) 3
DPTR FM NORMAL -87 PTCLDY (SCALE 4-7) 12
TOTAL FM JUL 1 2764 CLOUDY (SCALE 8-10) 14
DPTR FM NORMAL -1032
[CDD (BASE 65) ]
TOTAL THIS MO. 0
DPTR FM NORMAL 0 [PRESSURE DATA]
TOTAL FM JAN 1 0 HIGHEST SLP 30.36 ON 23
DPTR FM NORMAL 0 LOWEST SLP 29.36 ON 29
[REMARKS]
#FINAL-02-24#