000
CXUS55 KSEW 020220 CCA
CF6UIL
PRELIMINARY LOCAL CLIMATOLOGICAL DATA (WS FORM: F-6)
STATION: QUILLAYUTE WA AIRPORT
MONTH: FEBRUARY
YEAR: 2020
LATITUDE: 47 57 N
LONGITUDE: 124 33 W
TEMPERATURE IN F: :PCPN: SNOW: WIND :SUNSHINE: SKY :PK WND
================================================================================
1 2 3 4 5 6A 6B 7 8 9 10 11 12 13 14 15 16 17 18
12Z AVG MX 2MIN
DY MAX MIN AVG DEP HDD CDD WTR SNW DPTH SPD SPD DIR MIN PSBL S-S WX SPD DR
================================================================================
1 51 33 42 0 23 0 0.43 0.0 0 9.4 28 230 M M 10 1 44 200
2 42 31 37 -5 28 0 0.37 0.0 0 3.4 13 270 M M M 12 16 180
3 42 27 35 -7 30 0 0.03 M M 1.8 12 60 M M M 6 14 50
4 44 31 38 -4 27 0 1.33 M M 6.1 14 140 M M M 1 20 140
5 49 44 47 5 18 0 1.54 0.0 0 9.2 14 260 M M M 1 20 250
6 49 46 48 6 17 0 1.25 0.0 0 7.7 16 240 M M 10 12 21 250
7 48 43 46 4 19 0 0.84 0.0 0 12.6 36 250 M M 10 18 51 260
8 50 31 41 -1 24 0 0.03 0.0 0 8.9 26 300 M M 4 1 41 270
9 48 28 38 -4 27 0 0.00 0.0 0 4.0 9 260 M M 2 1 11 250
10 52 31 42 0 23 0 0.00 0.0 0 3.1 9 240 M M 3 13 250
11 48 34 41 -1 24 0 0.30 0.0 0 3.4 12 260 M M 9 1 15 250
12 50 36 43 1 22 0 T 0.0 0 2.2 8 240 M M 10 1 11 230
13 49 41 45 3 20 0 0.55 0.0 0 4.7 20 240 M M 8 1 25 250
14 47 35 41 -1 24 0 0.25 0.0 0 4.5 14 250 M M 8 1 21 310
15 48 37 43 1 22 0 1.24 0.0 0 5.0 15 280 M M 8 1 19 270
16 47 33 40 -2 25 0 0.22 0.0 0 3.2 20 310 M M 5 1 26 300
17 47 30 39 -3 26 0 0.03 0.0 0 2.1 8 310 M M 6 1 12 320
18 48 25 37 -5 28 0 0.00 0.0 0 3.2 12 40 M M 2 1 14 40
19 52 26 39 -3 26 0 0.00 0.0 0 3.9 13 50 M M 0 17 50
20 58 26 42 0 23 0 0.00 0.0 0 3.0 10 250 M M 0 1 12 70
21 49 27 38 -4 27 0 0.00 0.0 0 2.5 13 240 M M 5 16 240
22 48 37 43 1 22 0 0.29 0.0 0 4.8 14 250 M M 7 1 20 140
23 45 40 43 1 22 0 0.45 0.0 0 15.8 35 250 M M 10 13 48 260
24 48 35 42 0 23 0 0.01 0.0 0 4.6 18 300 M M 9 1 24 280
25 49 34 42 0 23 0 0.01 0.0 0 4.0 12 180 M M 9 1 15 180
26 51 41 46 3 19 0 T 0.0 0 3.3 10 220 M M 9 1 13 220
27 52 42 47 4 18 0 0.00 0.0 0 3.0 12 250 M M 9 1 17 200
28 45 41 43 0 22 0 0.66 0.0 0 7.0 22 220 M M 10 1 30 220
29 48 35 42 -1 23 0 0.08 0.0 0 6.8 17 300 M M 7 1 24 260
================================================================================
SM 1404 1000 675 0 9.91 0.0 153.2 M 170
================================================================================
AV 48.4 34.5 5.3 FASTST M M 7 MAX(MPH)
MISC ----> # 36 250 # 51 260
================================================================================
NOTES:
# LAST OF SEVERAL OCCURRENCES
COLUMN 17 PEAK WIND IN M.P.H.
PRELIMINARY LOCAL CLIMATOLOGICAL DATA (WS FORM: F-6) , PAGE 2
STATION: QUILLAYUTE WA AIRPORT
MONTH: FEBRUARY
YEAR: 2020
LATITUDE: 47 57 N
LONGITUDE: 124 33 W
[TEMPERATURE DATA] [PRECIPITATION DATA] SYMBOLS USED IN COLUMN 16
AVERAGE MONTHLY: 41.5 TOTAL FOR MONTH: 9.91 1 = FOG OR MIST
DPTR FM NORMAL: -0.7 DPTR FM NORMAL: -0.80 2 = FOG REDUCING VISIBILITY
HIGHEST: 58 ON 20 GRTST 24HR 4.01 ON 31- 1 TO 1/4 MILE OR LESS
LOWEST: 25 ON 18 3 = THUNDER
SNOW, ICE PELLETS, HAIL 4 = ICE PELLETS
TOTAL MONTH: 0.0 INCH 5 = HAIL
GRTST 24HR 0.0 6 = FREEZING RAIN OR DRIZZLE
GRTST DEPTH: 0 7 = DUSTSTORM OR SANDSTORM:
VSBY 1/2 MILE OR LESS
8 = SMOKE OR HAZE
[NO. OF DAYS WITH] [WEATHER - DAYS WITH] 9 = BLOWING SNOW
X = TORNADO
MAX 32 OR BELOW: 0 0.01 INCH OR MORE: 20
MAX 90 OR ABOVE: 0 0.10 INCH OR MORE: 14
MIN 32 OR BELOW: 11 0.50 INCH OR MORE: 7
MIN 0 OR BELOW: 0 1.00 INCH OR MORE: 4
[HDD (BASE 65) ]
TOTAL THIS MO. 675 CLEAR (SCALE 0-3) 5
DPTR FM NORMAL 35 PTCLDY (SCALE 4-7) 7
TOTAL FM JUL 1 3579 CLOUDY (SCALE 8-10) 13
DPTR FM NORMAL -288
[CDD (BASE 65) ]
TOTAL THIS MO. 0
DPTR FM NORMAL 0 [PRESSURE DATA]
TOTAL FM JAN 1 0 HIGHEST SLP M ON M
DPTR FM NORMAL 0 LOWEST SLP 29.69 ON 23
[REMARKS]
#FINAL-02-20#