000
CXUS56 KEKA 011230
CF6UKI
PRELIMINARY LOCAL CLIMATOLOGICAL DATA (WS FORM: F-6)

                                          STATION:   UKIAH CA
                                          MONTH:     JUNE
                                          YEAR:      2016
                                          LATITUDE:   39  7 N
                                          LONGITUDE: 123 12 W

  TEMPERATURE IN F:       :PCPN:    SNOW:  WIND      :SUNSHINE: SKY     :PK WND
================================================================================
1   2   3   4   5  6A  6B    7    8   9   10  11  12  13   14  15   16   17  18
                                     12Z  AVG MX 2MIN
DY MAX MIN AVG DEP HDD CDD  WTR  SNW DPTH SPD SPD DIR MIN PSBL S-S WX    SPD DR
================================================================================

 1  97  54  76  12   0  11 0.00  0.0    0  3.1 14 260   M    M   0        19 330
 2  97  51  74  10   0   9 0.00  0.0    0  2.3 14  10   M    M   0        23  10
 3 101  52  77  12   0  12 0.00  0.0    0  2.0 14 300   M    M   0        17 300
 4  88  58  73   8   0   8 0.00  0.0    0  2.0 10 180   M    M   0        13 170
 5 100  54  77  12   0  12 0.00  0.0    M  2.8 12 260   M    M   0        15 320
 6  94  58  76  11   0  11 0.00  0.0    0  6.3 17 150   M    M   0        25 160
 7  91  56  74   9   0   9 0.00  0.0    0  5.8 13 120   M    M   2        17 130
 8  79  55  67   1   0   2 0.00  0.0    0  5.2 14 340   M    M   3        19  20
 9  82  56  69   3   0   4 0.00  0.0    0  7.8 17 340   M    M   4        24 350
10  75  53  64  -2   1   0 0.00  0.0    0  8.8 18 300   M    M   1        25 320
11  88  52  70   4   0   5 0.00  0.0    0  3.1 15 270   M    M   0        20 320
12  91  49  70   3   0   5 0.00  0.0    0  4.3 14 290   M    M   0 8      19 250
13  84  50  67   0   0   2 0.00  0.0    0  7.3 21 290   M    M   0        29 270
14  69  51  60  -7   5   0 0.00  0.0    0 10.1 21 300   M    M   0        26 300
15  66  48  57 -10   8   0 0.00  0.0    0  6.6 18 310   M    M   4        26 300
16  68  51  60  -8   5   0 0.04  0.0    0  3.7 14 150   M    M   9        19 140
17  71  56  64  -4   1   0 0.21  0.0    0  4.6 14 140   M    M   9 1      18 140
18  78  48  63  -5   2   0 0.11    M    0  3.6 14 330   M    M   2 1      19 310
19  87  48  68   0   0   3 0.00  0.0    0  3.2 15 320   M    M   0 8      19 330
20  89  48  69   0   0   4 0.00  0.0    0  3.3 16 320   M    M   0        21 320
21  96  52  74   5   0   9 0.00  0.0    0  2.9 13 350   M    M   0        17 330
22  91  53  72   3   0   7 0.00  0.0    0  6.0 17 300   M    M   0        24 290
23  85  51  68  -2   0   3 0.00  0.0    0  6.8 17 320   M    M   0        24 320
24  88  51  70   0   0   5 0.00  0.0    0  3.8 15 320   M    M   0        19 310
25  96  53  75   5   0  10 0.00  0.0    0  3.5 14 330   M    M   0        19 360
26  98  53  76   6   0  11 0.00  0.0    0  4.1 15 310   M    M   0        22 290
27  98  56  77   6   0  12 0.00  0.0    0  5.9 22 300   M    M   0        30 290
28  99  56  78   7   0  13 0.00  0.0    0  3.2 14 320   M    M   0        19 310
29  98  56  77   6   0  12 0.00  0.0    0  3.8 13  10   M    M   0        17 330
30 101  58  80   8   0  15 0.00  0.0    0  3.5 15 250   M    M   0        18 250
================================================================================
SM 2645 1587        22 194  0.36     0.0 139.4          M       34
================================================================================
AV 88.2 52.9                               4.6 FASTST   M    M   1    MAX(MPH)
                                 MISC ---->  # 22 300               # 30  290
================================================================================
NOTES:
# LAST OF SEVERAL OCCURRENCES

COLUMN 17 PEAK WIND IN M.P.H.

PRELIMINARY LOCAL CLIMATOLOGICAL DATA (WS FORM: F-6) , PAGE 2

                                          STATION:  UKIAH CA
                                          MONTH:    JUNE
                                          YEAR:     2016
                                          LATITUDE:   39  7 N
                                          LONGITUDE: 123 12 W

[TEMPERATURE DATA]      [PRECIPITATION DATA]       SYMBOLS USED IN COLUMN 16

AVERAGE MONTHLY: 70.5   TOTAL FOR MONTH:   0.36    1 = FOG OR MIST
DPTR FM NORMAL:   2.9   DPTR FM NORMAL:    0.02    2 = FOG REDUCING VISIBILITY
HIGHEST:   101 ON 30, 3 GRTST 24HR  0.32 ON 17-18      TO 1/4 MILE OR LESS
LOWEST:     48 ON 20,19                            3 = THUNDER
                        SNOW, ICE PELLETS, HAIL    4 = ICE PELLETS
                        TOTAL MONTH:   0.0 INCH    5 = HAIL
                        GRTST 24HR     0.0         6 = FREEZING RAIN OR DRIZZLE
                        GRTST DEPTH:   0           7 = DUSTSTORM OR SANDSTORM:
                                                       VSBY 1/2 MILE OR LESS
                                                   8 = SMOKE OR HAZE
[NO. OF DAYS WITH]      [WEATHER - DAYS WITH]      9 = BLOWING SNOW
                                                   X = TORNADO
MAX 32 OR BELOW:   0    0.01 INCH OR MORE:   3
MAX 90 OR ABOVE:  15    0.10 INCH OR MORE:   2
MIN 32 OR BELOW:   0    0.50 INCH OR MORE:   0
MIN  0 OR BELOW:   0    1.00 INCH OR MORE:   0

[HDD (BASE 65) ]
TOTAL THIS MO.    22    CLEAR  (SCALE 0-3)  26
DPTR FM NORMAL   -10    PTCLDY (SCALE 4-7)   2
TOTAL FM JUL 1  2557    CLOUDY (SCALE 8-10)  2
DPTR FM NORMAL  -561

[CDD (BASE 65) ]
TOTAL THIS MO.   194
DPTR FM NORMAL    82    [PRESSURE DATA]
TOTAL FM JAN 1   259    HIGHEST SLP 30.21 ON 18
DPTR FM NORMAL    95    LOWEST  SLP 29.68 ON  6

[REMARKS]
#FINAL-06-16#
