000
CDUS46 KEKA 210016
CLIUKI


CLIMATE REPORT
NATIONAL WEATHER SERVICE EUREKA CA
515 PM PDT FRI JUL 20 2018


...................................

...THE UKIAH CA CLIMATE SUMMARY FOR JULY 20 2018...
VALID TODAY AS OF 0500 PM LOCAL TIME.

CLIMATE NORMAL PERIOD 1981 TO 2010
CLIMATE RECORD PERIOD 1903 TO 2018


WEATHER ITEM   OBSERVED RECORD YEAR NORMAL DEPARTURE LAST
                VALUE   VALUE       VALUE  FROM      YEAR
                                           NORMAL
...........................................................
TEMPERATURE (F)
 TODAY
  MAXIMUM         93    111    1960  93      0       92
                               1938
  MINIMUM         58     42    1929  56      2       54
                               1923
  AVERAGE         76                 75      1       73

PRECIPITATION (IN)
  TODAY            0.00   T    1943   0.00   0.00     0.00
  MONTH TO DATE    T                  0.04  -0.04     0.00
  SINCE OCT 1     23.65              36.80 -13.15    51.62
  SINCE JAN 1     18.07              23.42  -5.35    34.51

SNOWFALL (IN)
  TODAY            0.0   MM          MM     MM        0.0
  MONTH TO DATE    0.0               MM     MM        0.0
  SINCE JUN 1      0.0               MM     MM        0.0
  SINCE JUL 1      0.0               MM     MM        0.0
  SNOW DEPTH       0

...........................................................


WIND (MPH)
  HIGHEST WIND SPEED    18   HIGHEST WIND DIRECTION    SE (140)
  HIGHEST GUST SPEED    24   HIGHEST GUST DIRECTION    SE (140)
  AVERAGE WIND SPEED     7.3


SKY COVER
  AVERAGE SKY COVER 0.0


WEATHER CONDITIONS
 THE FOLLOWING WEATHER WAS RECORDED TODAY.
  NO SIGNIFICANT WEATHER WAS OBSERVED.


RELATIVE HUMIDITY (PERCENT)
 HIGHEST    69
 LOWEST     16
 AVERAGE    43

..........................................................


THE UKIAH CA CLIMATE NORMALS FOR TOMORROW
                         NORMAL    RECORD    YEAR
 MAXIMUM TEMPERATURE (F)   94       111      2006
                                             1938
 MINIMUM TEMPERATURE (F)   56        43      1911


SUNRISE AND SUNSET
JULY 20 2018..........SUNRISE   603 AM PDT   SUNSET   835 PM PDT
JULY 21 2018..........SUNRISE   604 AM PDT   SUNSET   834 PM PDT


-  INDICATES NEGATIVE NUMBERS.
R  INDICATES RECORD WAS SET OR TIED.
MM INDICATES DATA IS MISSING.
T  INDICATES TRACE AMOUNT.




$$
