000
CXUS53 KSGF 010710
CF6UNO
PRELIMINARY LOCAL CLIMATOLOGICAL DATA (WS FORM: F-6)
STATION: WEST PLAINS MO
MONTH: MARCH
YEAR: 2022
LATITUDE: 36 52 N
LONGITUDE: 91 55 W
TEMPERATURE IN F: :PCPN: SNOW: WIND :SUNSHINE: SKY :PK WND
================================================================================
1 2 3 4 5 6A 6B 7 8 9 10 11 12 13 14 15 16 17 18
12Z AVG MX 2MIN
DY MAX MIN AVG DEP HDD CDD WTR SNW DPTH SPD SPD DIR MIN PSBL S-S WX SPD DR
================================================================================
1 75 37 56 13 9 0 0.00 M M 8.2 18 250 M M 0 28 260
2 79 47 63 20 2 0 M M M 7.5 14 240 M M 0 22 230
3 76 41 59 16 6 0 0.00 M M 5.9 14 110 M M 0 20 120
4 71 37 54 10 11 0 0.00 M M 7.3 14 170 M M 0 20 170
5 67 57 62 18 3 0 T M M 12.4 23 180 M M 7 34 180
6 68 46 57 13 8 0 1.09 M M 7.1 22 300 M M 8 13 30 310
7 46 31 39 -5 26 0 0.05 M M 10.2 21 320 M M 10 32 300
8 44 29 37 -8 28 0 0.00 M M 3.9 9 80 M M 8 17 110
9 55 30 43 -2 22 0 T M M 3.9 10 360 M M 2 M M
10 56 28 42 -4 23 0 0.00 M M 5.4 13 110 M M 2 19 130
11 41 26 34 -12 31 0 0.11 M M 10.3 20 330 M M 8 1 31 310
12 38 14 26 -20 39 0 0.00 M M 9.1 21 320 M M 0 32 320
13 65 31 48 2 17 0 0.00 M M 10.6 18 240 M M 0 30 250
14 58 40 49 2 16 0 T M M 8.9 15 190 M M 6 27 190
15 69 45 57 10 8 0 0.01 M M 2.9 10 90 M M 6 14 90
16 72 39 56 8 9 0 0.00 M M 3.7 12 160 M M 0 17 160
17 74 44 59 11 6 0 0.13 M M 6.9 18 170 M M 3 12 26 180
18 59 40 50 2 15 0 1.30 M M 10.4 23 270 M M 10 13 35 280
19 63 40 52 4 13 0 0.00 M M 9.2 20 300 M M 3 30 320
20 73 35 54 5 11 0 0.00 M M 4.7 12 220 M M 0 17 170
21 68 42 55 6 10 0 0.61 M M 9.2 21 160 M M 4 13 33 150
22 57 47 52 2 13 0 0.73 M M 12.0 28 160 M M 10 18 47 140
23 47 39 43 -7 22 0 0.09 M M 11.1 23 280 M M 10 1 33 280
24 45 38 42 -8 23 0 T M M 7.8 15 260 M M 10 22 260
25 63 38 51 0 14 0 0.00 M M 10.4 25 310 M M 5 36 300
26 63 35 49 -2 16 0 0.00 M M 9.6 23 330 M M 0 35 320
27 56 34 45 -6 20 0 0.00 M M 6.0 14 50 M M 1 17 60
28 59 32 46 -6 19 0 0.00 M M 8.9 17 100 M M 1 25 120
29 72 44 58 6 7 0 0.00 M M 14.2 24 180 M M 6 37 160
30 68 40 54 2 11 0 2.36 M M 9.3 25 160 M M 10 1 40 180
31 44 32 38 -15 27 0 T M M 10.0 18 280 M M 9 26 310
================================================================================
SM 1891 1158 485 0 6.48 M 257.0 M 139
================================================================================
AV 61.0 37.4 8.3 FASTST M M 4 MAX(MPH)
MISC ----> 28 160 47 140
================================================================================
NOTES:
# LAST OF SEVERAL OCCURRENCES
COLUMN 17 PEAK WIND IN M.P.H.
PRELIMINARY LOCAL CLIMATOLOGICAL DATA (WS FORM: F-6) , PAGE 2
STATION: WEST PLAINS MO
MONTH: MARCH
YEAR: 2022
LATITUDE: 36 52 N
LONGITUDE: 91 55 W
[TEMPERATURE DATA] [PRECIPITATION DATA] SYMBOLS USED IN COLUMN 16
AVERAGE MONTHLY: 49.2 TOTAL FOR MONTH: 6.48 1 = FOG OR MIST
DPTR FM NORMAL: 1.6 DPTR FM NORMAL: 2.07 2 = FOG REDUCING VISIBILITY
HIGHEST: 79 ON 2 GRTST 24HR 2.36 ON 30-30 TO 1/4 MILE OR LESS
LOWEST: 14 ON 12 3 = THUNDER
SNOW, ICE PELLETS, HAIL 4 = ICE PELLETS
TOTAL MONTH: M 5 = HAIL
GRTST 24HR M ON M 6 = FREEZING RAIN OR DRIZZLE
GRTST DEPTH: M ON M 7 = DUSTSTORM OR SANDSTORM:
VSBY 1/2 MILE OR LESS
8 = SMOKE OR HAZE
[NO. OF DAYS WITH] [WEATHER - DAYS WITH] 9 = BLOWING SNOW
X = TORNADO
MAX 32 OR BELOW: 0 0.01 INCH OR MORE: 10
MAX 90 OR ABOVE: 0 0.10 INCH OR MORE: 7
MIN 32 OR BELOW: 9 0.50 INCH OR MORE: 5
MIN 0 OR BELOW: 0 1.00 INCH OR MORE: 3
[HDD (BASE 65) ]
TOTAL THIS MO. 485 CLEAR (SCALE 0-3) 14
DPTR FM NORMAL -60 PTCLDY (SCALE 4-7) 10
TOTAL FM JUL 1 3357 CLOUDY (SCALE 8-10) 7
DPTR FM NORMAL -564
[CDD (BASE 65) ]
TOTAL THIS MO. 0
DPTR FM NORMAL -4 [PRESSURE DATA]
TOTAL FM JAN 1 0 HIGHEST SLP M ON M
DPTR FM NORMAL -4 LOWEST SLP 29.26 ON 30
[REMARKS]
#FINAL-03-22#