000
CXUS53 KSGF 010810
CF6UNO
PRELIMINARY LOCAL CLIMATOLOGICAL DATA (WS FORM: F-6)
STATION: WEST PLAINS MO
MONTH: JANUARY
YEAR: 2024
LATITUDE: 36 52 N
LONGITUDE: 91 55 W
TEMPERATURE IN F: :PCPN: SNOW: WIND :SUNSHINE: SKY :PK WND
================================================================================
1 2 3 4 5 6A 6B 7 8 9 10 11 12 13 14 15 16 17 18
12Z AVG MX 2MIN
DY MAX MIN AVG DEP HDD CDD WTR SNW DPTH SPD SPD DIR MIN PSBL S-S WX SPD DR
================================================================================
1 34 20 27 -8 38 0 0.00 M M 5.3 15 340 M M 9 20 330
2 42 18 30 -4 35 0 0.00 M M 2.8 12 210 M M 0 16 210
3 50 24 37 3 28 0 0.00 M M 4.1 10 260 M M 0 16 260
4 42 25 34 0 31 0 0.00 M M 5.8 13 30 M M 5 1 17 30
5 33 24 29 -5 36 0 0.17 M M 5.2 15 100 M M 7 168 20 90
6 39 33 36 2 29 0 0.02 M M 5.8 13 260 M M 10 16 18 260
7 47 31 39 5 26 0 0.00 M M 5.6 13 260 M M 3 1 19 250
8 39 32 36 2 29 0 0.96 M M 10.6 24 100 M M M 35 110
9 40 29 35 1 30 0 0.07 M M 12.5 24 280 M M 10 12 41 290
10 47 24 36 2 29 0 0.00 M M 9.5 17 170 M M 3 30 280
11 53 25 39 5 26 0 0.31 M M 9.0 21 160 M M 2 13 32 160
12 51 19 35 1 30 0 0.32 M M 13.4 31 280 M M 9 13 47 260
13 M M M M M M 0.00 M M 9.8 21 280 M M 3 31 290
14 M M M M M M M M M M M M M M M 18 M M
15 M M M M M M 0.00 M M 6.9 17 320 M M 6 24 320
16 19 M M M M M 0.00 M M 7.9 17 330 M M 0 25 310
17 35 5 20 -14 45 0 0.00 M M 8.1 16 250 M M 0 22 160
18 44 21 33 -1 32 0 0.00 M M 3.5 10 150 M M 0 15 150
19 31 10 21 -13 44 0 T M M 13.5 25 320 M M 4 41 320
20 23 3 13 -21 52 0 0.00 M M 5.6 14 340 M M 0 19 330
21 29 9 19 -15 46 0 0.00 M M 8.5 16 160 M M 3 24 150
22 37 28 33 -1 32 0 1.17 M M 8.5 15 120 M M 10 16 24 120
23 47 36 42 7 23 0 0.44 M M 3.9 8 90 M M 10 12 M M
24 54 43 49 14 16 0 0.10 M M 1.4 7 270 M M 10 12 12 120
25 53 45 49 14 16 0 0.58 M M 4.6 16 260 M M 10 12 23 260
26 46 41 44 9 21 0 0.00 M M 4.5 12 330 M M 10 1 17 280
27 43 38 41 6 24 0 0.79 M M 9.7 17 320 M M 10 1 27 320
28 45 29 37 2 28 0 0.00 M M 8.1 20 330 M M 6 18 27 320
29 58 26 42 7 23 0 0.00 M M 4.6 10 170 M M 0 18 15 210
30 61 35 48 12 17 0 0.00 M M 9.5 22 340 M M 0 30 320
31 56 27 42 6 23 0 0.00 M M 3.5 8 190 M M 1 12 200
================================================================================
SM 1198 700 809 0 4.93 M 211.7 M 141
================================================================================
AV 42.8 25.9 7.1 FASTST M M 5 MAX(MPH)
MISC ----> 31 280 47 260
================================================================================
NOTES:
# LAST OF SEVERAL OCCURRENCES
COLUMN 17 PEAK WIND IN M.P.H.
PRELIMINARY LOCAL CLIMATOLOGICAL DATA (WS FORM: F-6) , PAGE 2
STATION: WEST PLAINS MO
MONTH: JANUARY
YEAR: 2024
LATITUDE: 36 52 N
LONGITUDE: 91 55 W
[TEMPERATURE DATA] [PRECIPITATION DATA] SYMBOLS USED IN COLUMN 16
AVERAGE MONTHLY: 34.4 TOTAL FOR MONTH: 4.93 1 = FOG OR MIST
DPTR FM NORMAL: -0.1 DPTR FM NORMAL: 2.30 2 = FOG REDUCING VISIBILITY
HIGHEST: 61 ON 30 GRTST 24HR 1.17 ON 22-22 TO 1/4 MILE OR LESS
LOWEST: 3 ON 20 3 = THUNDER
SNOW, ICE PELLETS, HAIL 4 = ICE PELLETS
TOTAL MONTH: M 5 = HAIL
GRTST 24HR M ON M 6 = FREEZING RAIN OR DRIZZLE
GRTST DEPTH: M ON M 7 = DUSTSTORM OR SANDSTORM:
VSBY 1/2 MILE OR LESS
8 = SMOKE OR HAZE
[NO. OF DAYS WITH] [WEATHER - DAYS WITH] 9 = BLOWING SNOW
X = TORNADO
MAX 32 OR BELOW: 4 0.01 INCH OR MORE: 11
MAX 90 OR ABOVE: 0 0.10 INCH OR MORE: 9
MIN 32 OR BELOW: 20 0.50 INCH OR MORE: 4
MIN 0 OR BELOW: 0 1.00 INCH OR MORE: 1
[HDD (BASE 65) ]
TOTAL THIS MO. 809 CLEAR (SCALE 0-3) 14
DPTR FM NORMAL -136 PTCLDY (SCALE 4-7) 5
TOTAL FM JUL 1 2178 CLOUDY (SCALE 8-10) 12
DPTR FM NORMAL -468
[CDD (BASE 65) ]
TOTAL THIS MO. 0
DPTR FM NORMAL 0 [PRESSURE DATA]
TOTAL FM JAN 1 0 HIGHEST SLP M ON M
DPTR FM NORMAL 0 LOWEST SLP 29.25 ON 9
[REMARKS]
#FINAL-01-24#