000
CXUS54 KHGX 251632
CF6UTS
PRELIMINARY LOCAL CLIMATOLOGICAL DATA (WS FORM: F-6)
STATION: HUNTSVILLE
MONTH: AUGUST
YEAR: 2020
LATITUDE: 30 45 N
LONGITUDE: 95 35 W
TEMPERATURE IN F: :PCPN: SNOW: WIND :SUNSHINE: SKY :PK WND
================================================================================
1 2 3 4 5 6A 6B 7 8 9 10 11 12 13 14 15 16 17 18
12Z AVG MX 2MIN
DY MAX MIN AVG DEP HDD CDD WTR SNW DPTH SPD SPD DIR MIN PSBL S-S WX SPD DR
================================================================================
1 93 73 83 -3 0 18 T 0.0 0 3.6 9 220 M M 1 3 13 220
2 94 75 85 -1 0 20 T 0.0 0 2.3 9 360 M M 1 11 10
3 96 74 85 -1 0 20 0.00 0.0 0 2.6 9 320 M M 0 13 290
4 97 75 86 0 0 21 0.00 0.0 0 3.8 15 190 M M 3 3 20 190
5 97 77 87 1 0 22 0.00 0.0 0 4.6 12 190 M M 1 16 190
6 97 77 87 1 0 22 0.00 0.0 0 5.7 14 180 M M 2 18 180
7 97 76 87 1 0 22 0.00 0.0 0 4.4 12 190 M M 1 18 15 240
8 98 76 87 1 0 22 0.00 0.0 0 3.9 13 160 M M 1 138 21 160
9 99 78 89 3 0 24 T 0.0 0 6.7 21 190 M M 1 27 180
10 98 78 88 2 0 23 0.00 0.0 0 7.2 15 220 M M 1 23 190
11 99 78 89 3 0 24 0.00 0.0 0 6.3 14 180 M M 1 20 180
12 99 79 89 4 0 24 0.00 0.0 0 7.3 16 230 M M 1 25 230
13 100 80 90 5 0 25 0.00 0.0 0 7.1 14 230 M M 2 20 240
14 100 78 89 4 0 24 0.00 0.0 0 6.9 14 230 M M 1 21 220
15 103 80 92 7 0 27 0.00 0.0 0 4.9 15 220 M M 1 19 220
16 103 75 89 4 0 24 0.17 0.0 0 4.0 20 340 M M 0 13 31 350
17 93 71 82 -3 0 17 1.36 0.0 0 3.5 18 360 M M 2 13 32 20
18 97 74 86 1 0 21 0.00 0.0 0 2.0 12 360 M M 0 15 360
19 93 68 81 -4 0 16 0.00 0.0 0 2.0 10 10 M M 0 14 340
20 93 69 81 -4 0 16 0.00 0.0 0 1.4 8 60 M M 0 16 60
21 94 68 81 -4 0 16 0.00 0.0 0 1.6 7 180 M M 1 11 70
22 93 73 83 -1 0 18 0.01 0.0 0 2.6 14 320 M M 1 3 19 310
23 96 71 84 0 0 19 0.00 0.0 0 1.7 10 50 M M 1 18 16 50
24 95 72 84 0 0 19 0.00 0.0 0 1.5 9 50 M M 0 15 70
25 97 73 85 1 0 20 0.00 0.0 0 3.4 12 50 M M 1 8 18 70
26 94 78 86 2 0 21 0.58 0.0 0 4.1 16 90 M M 4 138 25 90
27 97 77 87 3 0 22 0.00 0.0 0 5.8 13 270 M M 1 18 290
28 104 77 91 7 0 26 0.99 0.0 0 7.5 16 210 M M 3 138 28 100
29 98 78 88 5 0 23 0.00 0.0 0 6.4 12 220 M M 2 18 170
30 98 78 88 5 0 23 0.00 0.0 0 5.1 13 190 M M 2 19 190
31 99 82 91 8 0 26 0.00 0.0 0 9.6 20 190 M M 2 18 25 190
================================================================================
SM 3011 2338 0 665 3.11 0.0 139.5 M 38
================================================================================
AV 97.1 75.4 4.5 FASTST M M 1 MAX(MPH)
MISC ----> 21 190 32 20
================================================================================
NOTES:
# LAST OF SEVERAL OCCURRENCES
COLUMN 17 PEAK WIND IN M.P.H.
PRELIMINARY LOCAL CLIMATOLOGICAL DATA (WS FORM: F-6) , PAGE 2
STATION: HUNTSVILLE
MONTH: AUGUST
YEAR: 2020
LATITUDE: 30 45 N
LONGITUDE: 95 35 W
[TEMPERATURE DATA] [PRECIPITATION DATA] SYMBOLS USED IN COLUMN 16
AVERAGE MONTHLY: 86.3 TOTAL FOR MONTH: 3.11 1 = FOG OR MIST
DPTR FM NORMAL: 1.5 DPTR FM NORMAL: -0.13 2 = FOG REDUCING VISIBILITY
HIGHEST: 104 ON 28 GRTST 24HR 1.36 ON 17-17 TO 1/4 MILE OR LESS
LOWEST: 68 ON 21,19 3 = THUNDER
SNOW, ICE PELLETS, HAIL 4 = ICE PELLETS
TOTAL MONTH: 0.0 INCH 5 = HAIL
GRTST 24HR 0.0 6 = FREEZING RAIN OR DRIZZLE
GRTST DEPTH: 0 7 = DUSTSTORM OR SANDSTORM:
VSBY 1/2 MILE OR LESS
8 = SMOKE OR HAZE
[NO. OF DAYS WITH] [WEATHER - DAYS WITH] 9 = BLOWING SNOW
X = TORNADO
MAX 32 OR BELOW: 0 0.01 INCH OR MORE: 5
MAX 90 OR ABOVE: 31 0.10 INCH OR MORE: 4
MIN 32 OR BELOW: 0 0.50 INCH OR MORE: 3
MIN 0 OR BELOW: 0 1.00 INCH OR MORE: 1
[HDD (BASE 65) ]
TOTAL THIS MO. 0 CLEAR (SCALE 0-3) 29
DPTR FM NORMAL 0 PTCLDY (SCALE 4-7) 2
TOTAL FM JUL 1 0 CLOUDY (SCALE 8-10) 0
DPTR FM NORMAL 0
[CDD (BASE 65) ]
TOTAL THIS MO. 665
DPTR FM NORMAL 51 [PRESSURE DATA]
TOTAL FM JAN 1 2568 HIGHEST SLP M ON M
DPTR FM NORMAL 244 LOWEST SLP 29.65 ON 27
[REMARKS]
#FINAL-08-20#