000
CXUS54 KEWX 191010
CF6UVA
PRELIMINARY LOCAL CLIMATOLOGICAL DATA (WS FORM: F-6)
STATION: UVALDE
MONTH: APRIL
YEAR: 2024
LATITUDE: 29 12 N
LONGITUDE: 99 44 W
TEMPERATURE IN F: :PCPN: SNOW: WIND :SUNSHINE: SKY :PK WND
================================================================================
1 2 3 4 5 6A 6B 7 8 9 10 11 12 13 14 15 16 17 18
12Z AVG MX 2MIN
DY MAX MIN AVG DEP HDD CDD WTR SNW DPTH SPD SPD DIR MIN PSBL S-S WX SPD DR
================================================================================
1 94 67 81 M 0 16 0.01 M M 11.1 16 360 M M 6 1 24 30
2 80 58 69 M 0 4 0.00 M M 11.2 23 330 M M 0 29 300
3 83 43 63 M 2 0 0.00 M M 3.5 10 320 M M 0 20 280
4 88 44 66 M 0 1 0.00 M M 4.0 12 150 M M 0 17 240
5 89 47 68 M 0 3 0.00 M M 11.1 20 150 M M 0 30 150
6 85 62 74 M 0 9 0.00 M M 9.7 13 130 M M 4 18 110
7 85 61 73 M 0 8 0.00 M M 5.9 12 10 M M 3 17 20
8 80 59 70 M 0 5 0.00 M M 7.7 12 120 M M 9 1 18 120
9 95 66 81 M 0 16 0.00 M M 7.4 21 360 M M 5 138 30 340
10 81 55 68 M 0 3 0.00 M M 17.1 28 340 M M 1 38 330
11 87 49 68 M 0 3 0.00 M M 5.6 12 150 M M 0 20 120
12 85 50 68 M 0 3 0.00 M M 11.0 20 160 M M 0 28 160
13 87 57 72 M 0 7 0.00 M M 12.2 20 150 M M 0 26 150
14 90 64 77 M 0 12 0.00 M M 8.2 14 120 M M 4 8 21 190
15 92 71 82 M 0 17 0.00 M M 12.0 18 140 M M 6 30 150
16 87 70 79 M 0 14 0.00 M M 7.1 13 120 M M 6 1 18 120
17 88 72 80 M 0 15 0.00 M M 8.5 14 140 M M 7 1 20 120
18 88 73 81 M 0 16 0.00 M M 7.1 14 100 M M 7 1 17 100
================================================================================
SM 1564 1068 2 152 0.01 M 160.6 M 58
================================================================================
AV 86.9 59.3 8.9 FASTST M M 3 MAX(MPH)
MISC ----> 28 340 38 330
================================================================================
NOTES:
# LAST OF SEVERAL OCCURRENCES
COLUMN 17 PEAK WIND IN M.P.H.
PRELIMINARY LOCAL CLIMATOLOGICAL DATA (WS FORM: F-6) , PAGE 2
STATION: UVALDE
MONTH: APRIL
YEAR: 2024
LATITUDE: 29 12 N
LONGITUDE: 99 44 W
[TEMPERATURE DATA] [PRECIPITATION DATA] SYMBOLS USED IN COLUMN 16
AVERAGE MONTHLY: 73.1 TOTAL FOR MONTH: 0.01 1 = FOG OR MIST
DPTR FM NORMAL: 0.0 DPTR FM NORMAL: 0.01 2 = FOG REDUCING VISIBILITY
HIGHEST: 95 ON 9 GRTST 24HR 0.01 ON 1- 1 TO 1/4 MILE OR LESS
LOWEST: 43 ON 3 3 = THUNDER
SNOW, ICE PELLETS, HAIL 4 = ICE PELLETS
TOTAL MONTH: M 5 = HAIL
GRTST 24HR M ON M 6 = FREEZING RAIN OR DRIZZLE
GRTST DEPTH: M ON M 7 = DUSTSTORM OR SANDSTORM:
VSBY 1/2 MILE OR LESS
8 = SMOKE OR HAZE
[NO. OF DAYS WITH] [WEATHER - DAYS WITH] 9 = BLOWING SNOW
X = TORNADO
MAX 32 OR BELOW: 0 0.01 INCH OR MORE: 1
MAX 90 OR ABOVE: 4 0.10 INCH OR MORE: 0
MIN 32 OR BELOW: 0 0.50 INCH OR MORE: 0
MIN 0 OR BELOW: 0 1.00 INCH OR MORE: 0
[HDD (BASE 65) ]
TOTAL THIS MO. 2 CLEAR (SCALE 0-3) 9
DPTR FM NORMAL M PTCLDY (SCALE 4-7) 8
TOTAL FM JUL 1 1223 CLOUDY (SCALE 8-10) 1
DPTR FM NORMAL M
[CDD (BASE 65) ]
TOTAL THIS MO. 152
DPTR FM NORMAL M [PRESSURE DATA]
TOTAL FM JAN 1 302 HIGHEST SLP M ON M
DPTR FM NORMAL M LOWEST SLP M ON M
[REMARKS]