000
CXUS56 KSTO 031555
CF6VCB
PRELIMINARY LOCAL CLIMATOLOGICAL DATA (WS FORM: F-6)
STATION: VACAVILLE AIRPORT CA
MONTH: JUNE
YEAR: 2020
LATITUDE: 38 22 N
LONGITUDE: 121 58 W
TEMPERATURE IN F: :PCPN: SNOW: WIND :SUNSHINE: SKY :PK WND
================================================================================
1 2 3 4 5 6A 6B 7 8 9 10 11 12 13 14 15 16 17 18
12Z AVG MX 2MIN
DY MAX MIN AVG DEP HDD CDD WTR SNW DPTH SPD SPD DIR MIN PSBL S-S WX SPD DR
================================================================================
1 88 59 74 5 0 9 0.00 0.0 0 4.3 12 230 M M 2 16 180
2 98 56 77 7 0 12 0.00 0.0 0 3.2 13 220 M M 0 8 16 190
3 102 59 81 11 0 16 0.00 0.0 0 4.7 14 240 M M 0 20 220
4 102 57 80 10 0 15 0.00 0.0 0 6.1 15 220 M M 0 21 220
5 77 57 67 -3 0 2 0.00 0.0 0 18.7 33 220 M M 0 43 220
6 79 54 67 -3 0 2 0.00 0.0 0 10.9 25 270 M M 0 36 280
7 78 55 67 -4 0 2 0.00 0.0 0 10.1 22 310 M M 2 29 310
8 86 55 71 0 0 6 0.00 0.0 0 9.4 25 360 M M 0 33 360
9 93 51 72 1 0 7 0.00 0.0 0 4.8 16 210 M M 0 21 180
10 99 56 78 7 0 13 0.00 0.0 0 3.9 14 250 M M 0 18 270
11 96 61 79 7 0 14 0.00 0.0 0 6.5 15 220 M M 0 21 190
12 78 58 68 -4 0 3 0.00 0.0 0 12.6 22 220 M M 1 30 230
13 80 55 68 -4 0 3 0.00 0.0 0 8.2 18 220 M M 2 26 220
14 86 51 69 -3 0 4 0.00 0.0 0 3.1 14 220 M M 0 19 180
15 88 62 75 3 0 10 0.00 0.0 0 9.1 22 220 M M 0 30 210
16 83 54 69 -4 0 4 0.00 0.0 0 5.8 20 190 M M 0 25 190
17 91 57 74 1 0 9 0.00 0.0 0 12.7 23 360 M M 0 32 340
18 98 52 75 2 0 10 0.00 0.0 0 6.5 18 350 M M 0 24 10
19 99 59 79 6 0 14 0.00 0.0 0 6.1 15 220 M M 0 36 210
20 95 58 77 3 0 12 0.00 0.0 0 7.0 14 220 M M 0 18 190
21 95 58 77 3 0 12 0.00 0.0 0 5.7 14 210 M M 0 19 210
22 100 60 80 6 0 15 0.00 0.0 0 7.0 15 230 M M 0 21 210
23 98 64 81 7 0 16 0.00 0.0 0 6.7 16 220 M M 0 23 210
24 99 61 80 6 0 15 T 0.0 0 6.8 14 210 M M 0 27 240
25 102 62 82 8 0 17 0.00 0.0 0 6.8 15 230 M M 0 19 230
26 104 64 84 9 0 19 0.00 0.0 0 6.6 16 260 M M 0 22 250
27 93 62 78 3 0 13 0.00 0.0 0 12.7 26 220 M M 0 34 220
28 83 57 70 -5 0 5 0.00 0.0 0 11.2 21 220 M M 0 28 220
29 91 68 80 5 0 15 0.00 0.0 0 12.0 26 350 M M 0 36 360
30 93 59 76 1 0 11 0.00 0.0 0 5.8 15 240 M M 0 21 220
================================================================================
SM 2754 1741 0 305 T 0.0 235.0 M 7
================================================================================
AV 91.8 58.0 7.8 FASTST M M 0 MAX(MPH)
MISC ----> # 33 220 # 43 220
================================================================================
NOTES:
# LAST OF SEVERAL OCCURRENCES
COLUMN 17 PEAK WIND IN M.P.H.
PRELIMINARY LOCAL CLIMATOLOGICAL DATA (WS FORM: F-6) , PAGE 2
STATION: VACAVILLE AIRPORT CA
MONTH: JUNE
YEAR: 2020
LATITUDE: 38 22 N
LONGITUDE: 121 58 W
[TEMPERATURE DATA] [PRECIPITATION DATA] SYMBOLS USED IN COLUMN 16
AVERAGE MONTHLY: 74.9 TOTAL FOR MONTH: T 1 = FOG OR MIST
DPTR FM NORMAL: 2.4 DPTR FM NORMAL: -0.15 2 = FOG REDUCING VISIBILITY
HIGHEST: 104 ON 26 GRTST 24HR T ON 24-24 TO 1/4 MILE OR LESS
LOWEST: 51 ON 14, 9 3 = THUNDER
SNOW, ICE PELLETS, HAIL 4 = ICE PELLETS
TOTAL MONTH: 0.0 INCH 5 = HAIL
GRTST 24HR 0.0 6 = FREEZING RAIN OR DRIZZLE
GRTST DEPTH: 0 7 = DUSTSTORM OR SANDSTORM:
VSBY 1/2 MILE OR LESS
8 = SMOKE OR HAZE
[NO. OF DAYS WITH] [WEATHER - DAYS WITH] 9 = BLOWING SNOW
X = TORNADO
MAX 32 OR BELOW: 0 0.01 INCH OR MORE: 0
MAX 90 OR ABOVE: 19 0.10 INCH OR MORE: 0
MIN 32 OR BELOW: 0 0.50 INCH OR MORE: 0
MIN 0 OR BELOW: 0 1.00 INCH OR MORE: 0
[HDD (BASE 65) ]
TOTAL THIS MO. 0 CLEAR (SCALE 0-3) 30
DPTR FM NORMAL -7 PTCLDY (SCALE 4-7) 0
TOTAL FM JUL 1 2215 CLOUDY (SCALE 8-10) 0
DPTR FM NORMAL -372
[CDD (BASE 65) ]
TOTAL THIS MO. 305
DPTR FM NORMAL 73 [PRESSURE DATA]
TOTAL FM JAN 1 469 HIGHEST SLP 30.16 ON 8
DPTR FM NORMAL 117 LOWEST SLP 29.59 ON 28
[REMARKS]
#FINAL-06-20#