000
CXUS55 KGJT 011812
CF6VEL
PRELIMINARY LOCAL CLIMATOLOGICAL DATA (WS FORM: F-6)
STATION: VERNAL UT
MONTH: MARCH
YEAR: 2022
LATITUDE: 40 27 N
LONGITUDE: 109 31 W
TEMPERATURE IN F: :PCPN: SNOW: WIND :SUNSHINE: SKY :PK WND
================================================================================
1 2 3 4 5 6A 6B 7 8 9 10 11 12 13 14 15 16 17 18
12Z AVG MX 2MIN
DY MAX MIN AVG DEP HDD CDD WTR SNW DPTH SPD SPD DIR MIN PSBL S-S WX SPD DR
================================================================================
1 45 16 31 -3 34 0 0.00 M M 1.7 8 280 M M 0 9 280
2 52 24 38 3 27 0 0.00 M M 2.2 8 290 M M 0 8 280
3 56 27 42 7 23 0 0.00 M M 2.0 8 260 M M 0 9 100
4 52 30 41 5 24 0 0.02 M M 4.5 26 240 M M 6 34 230
5 48 34 41 5 24 0 0.12 M M 2.8 28 190 M M 10 1236 36 180
6 40 25 33 -3 32 0 T M M 9.7 26 60 M M 9 1 33 60
7 33 20 27 -10 38 0 0.00 M M 3.5 10 70 M M 6 14 70
8 39 20 30 -8 35 0 0.00 M M 3.3 10 360 M M 7 13 260
9 42 19 31 -7 34 0 0.00 M M 8.3 23 60 M M 7 31 50
10 33 16 25 -13 40 0 0.00 M M 7.3 16 60 M M 4 21 60
11 39 12 26 -13 39 0 0.00 M M 2.7 8 70 M M 0 12 180
12 49 20 35 -4 30 0 0.00 M M 3.2 10 320 M M 0 13 350
13 49 24 37 -3 28 0 T M M 5.5 15 20 M M 3 21 10
14 51 26 39 -1 26 0 0.00 M M 4.4 13 240 M M 1 16 170
15 59 23 41 1 24 0 0.00 M M 3.0 13 230 M M 2 17 230
16 49 37 43 2 22 0 0.12 M M 3.8 18 190 M M 9 1 24 190
17 48 29 39 -2 26 0 0.00 M M 6.3 22 40 M M 1 29 40
18 53 23 38 -3 27 0 0.00 M M 3.2 14 360 M M 1 19 360
19 56 24 40 -2 25 0 0.00 M M 4.1 13 240 M M 1 17 200
20 58 32 45 3 20 0 T M M 7.6 29 350 M M 8 1 41 350
21 50 21 36 -6 29 0 0.00 M M 6.6 21 60 M M 1 28 70
22 50 25 38 -5 27 0 0.00 M M 5.9 28 350 M M 2 8 37 350
23 57 21 39 -4 26 0 0.00 M M 2.7 10 240 M M 0 14 100
24 67 28 48 5 17 0 0.00 M M 4.1 15 320 M M 0 18 320
25 72 31 52 9 13 0 0.00 M M 3.8 12 230 M M 0 15 220
26 75 35 55 11 10 0 0.00 M M 3.7 9 260 M M 0 12 260
27 77 36 57 13 8 0 0.00 M M 5.8 21 230 M M 0 26 220
28 66 34 50 6 15 0 T M M 6.9 25 230 M M 5 34 220
29 49 40 45 1 20 0 0.43 M M 4.9 14 10 M M 9 1 19 10
30 54 36 45 1 20 0 T M M 5.4 12 250 M M 3 16 210
31 56 32 44 -1 21 0 T M M 6.7 25 220 M M 3 34 220
================================================================================
SM 1624 820 784 0 0.69 M 145.6 M 98
================================================================================
AV 52.4 26.5 4.7 FASTST M M 3 MAX(MPH)
MISC ----> 29 350 41 350
================================================================================
NOTES:
# LAST OF SEVERAL OCCURRENCES
COLUMN 17 PEAK WIND IN M.P.H.
PRELIMINARY LOCAL CLIMATOLOGICAL DATA (WS FORM: F-6) , PAGE 2
STATION: VERNAL UT
MONTH: MARCH
YEAR: 2022
LATITUDE: 40 27 N
LONGITUDE: 109 31 W
[TEMPERATURE DATA] [PRECIPITATION DATA] SYMBOLS USED IN COLUMN 16
AVERAGE MONTHLY: 39.4 TOTAL FOR MONTH: 0.69 1 = FOG OR MIST
DPTR FM NORMAL: -0.8 DPTR FM NORMAL: -0.03 2 = FOG REDUCING VISIBILITY
HIGHEST: 77 ON 27 GRTST 24HR 0.43 ON 29-29 TO 1/4 MILE OR LESS
LOWEST: 12 ON 11 3 = THUNDER
SNOW, ICE PELLETS, HAIL 4 = ICE PELLETS
TOTAL MONTH: M 5 = HAIL
GRTST 24HR M ON M 6 = FREEZING RAIN OR DRIZZLE
GRTST DEPTH: M ON M 7 = DUSTSTORM OR SANDSTORM:
VSBY 1/2 MILE OR LESS
8 = SMOKE OR HAZE
[NO. OF DAYS WITH] [WEATHER - DAYS WITH] 9 = BLOWING SNOW
X = TORNADO
MAX 32 OR BELOW: 0 0.01 INCH OR MORE: 4
MAX 90 OR ABOVE: 0 0.10 INCH OR MORE: 3
MIN 32 OR BELOW: 24 0.50 INCH OR MORE: 0
MIN 0 OR BELOW: 0 1.00 INCH OR MORE: 0
[HDD (BASE 65) ]
TOTAL THIS MO. 784 CLEAR (SCALE 0-3) 18
DPTR FM NORMAL 15 PTCLDY (SCALE 4-7) 9
TOTAL FM JUL 1 5696 CLOUDY (SCALE 8-10) 4
DPTR FM NORMAL -397
[CDD (BASE 65) ]
TOTAL THIS MO. 0
DPTR FM NORMAL 0 [PRESSURE DATA]
TOTAL FM JAN 1 0 HIGHEST SLP 30.60 ON 1
DPTR FM NORMAL 0 LOWEST SLP 29.54 ON 29
[REMARKS]
#FINAL-03-22#