000
CXUS55 KVEF 011010
CF6VGT
PRELIMINARY LOCAL CLIMATOLOGICAL DATA (WS FORM: F-6)
STATION: NORTH_LAS_VEGAS NV
MONTH: DECEMBER
YEAR: 2022
LATITUDE: 36 12 N
LONGITUDE: 115 12 W
TEMPERATURE IN F: :PCPN: SNOW: WIND :SUNSHINE: SKY :PK WND
================================================================================
1 2 3 4 5 6A 6B 7 8 9 10 11 12 13 14 15 16 17 18
12Z AVG MX 2MIN
DY MAX MIN AVG DEP HDD CDD WTR SNW DPTH SPD SPD DIR MIN PSBL S-S WX SPD DR
================================================================================
1 63 36 50 0 15 0 0.00 M M 9.3 26 150 M M 0 33 190
2 63 49 56 7 9 0 0.00 M M 9.1 39 200 M M 1 53 190
3 64 47 56 7 9 0 0.00 M M 3.1 10 120 M M 1 15 140
4 67 44 56 7 9 0 0.00 M M 7.7 23 160 M M 0 30 170
5 63 46 55 7 10 0 0.00 M M 7.3 17 180 M M 0 21 160
6 59 40 50 2 15 0 0.00 M M 3.4 9 120 M M 1 13 130
7 58 40 49 1 16 0 0.00 M M 4.3 20 310 M M 2 26 320
8 56 36 46 -2 19 0 0.00 M M 3.2 10 330 M M 0 12 80
9 56 35 46 -2 19 0 0.00 M M 1.8 8 300 M M 0 10 110
10 59 38 49 2 16 0 0.00 M M 6.1 17 150 M M 0 24 150
11 56 40 48 1 17 0 0.09 M M 8.6 25 230 M M 5 37 230
12 51 33 42 -5 23 0 0.00 M M 4.5 9 330 M M 1 12 280
13 52 39 46 -1 19 0 0.00 M M 11.2 22 310 M M 2 28 310
14 54 35 45 -2 20 0 0.00 M M 6.8 20 350 M M 0 28 350
15 57 33 45 -2 20 0 0.00 M M 5.0 13 320 M M 0 22 60
16 52 32 42 -4 23 0 0.00 M M 3.2 9 300 M M 0 12 300
17 51 28 40 -6 25 0 0.00 M M 2.8 8 310 M M 0 9 320
18 52 31 42 -4 23 0 0.00 M M 2.9 8 330 M M 0 11 140
19 53 28 41 -5 24 0 0.00 M M 3.1 8 310 M M 0 9 310
20 57 36 47 1 18 0 0.00 M M 2.6 10 290 M M 0 12 300
21 59 37 48 2 17 0 0.00 M M 5.5 15 320 M M 0 19 350
22 60 38 49 3 16 0 0.00 M M 1.9 8 280 M M 0 9 270
23 63 40 52 6 13 0 0.00 M M 3.4 10 310 M M 0 13 310
24 66 41 54 8 11 0 0.00 M M 3.9 15 360 M M 0 19 330
25 68 43 56 10 9 0 0.00 M M 4.4 13 280 M M 0 14 280
26 67 43 55 9 10 0 0.00 M M 3.0 12 290 M M 0 13 280
27 70 49 60 14 5 0 T M M 9.2 28 180 M M 4 38 170
28 64 47 56 9 9 0 0.00 M M 10.7 28 330 M M 2 38 320
29 56 42 49 2 16 0 0.00 M M 4.7 14 90 M M 2 17 130
30 53 39 46 -1 19 0 0.00 M M 4.7 12 90 M M 8 14 90
31 64 45 55 8 10 0 0.01 M M 10.0 25 200 M M 4 33 190
================================================================================
SM 1833 1210 484 0 0.10 M 167.4 M 33
================================================================================
AV 59.1 39.0 5.4 FASTST M M 1 MAX(MPH)
MISC ----> 39 200 53 190
================================================================================
NOTES:
# LAST OF SEVERAL OCCURRENCES
COLUMN 17 PEAK WIND IN M.P.H.
PRELIMINARY LOCAL CLIMATOLOGICAL DATA (WS FORM: F-6) , PAGE 2
STATION: NORTH_LAS_VEGAS NV
MONTH: DECEMBER
YEAR: 2022
LATITUDE: 36 12 N
LONGITUDE: 115 12 W
[TEMPERATURE DATA] [PRECIPITATION DATA] SYMBOLS USED IN COLUMN 16
AVERAGE MONTHLY: 49.1 TOTAL FOR MONTH: 0.10 1 = FOG OR MIST
DPTR FM NORMAL: 1.9 DPTR FM NORMAL: -0.34 2 = FOG REDUCING VISIBILITY
HIGHEST: 70 ON 27 GRTST 24HR 0.09 ON 11-11 TO 1/4 MILE OR LESS
LOWEST: 28 ON 19,17 3 = THUNDER
SNOW, ICE PELLETS, HAIL 4 = ICE PELLETS
TOTAL MONTH: M 5 = HAIL
GRTST 24HR M ON M 6 = FREEZING RAIN OR DRIZZLE
GRTST DEPTH: M ON M 7 = DUSTSTORM OR SANDSTORM:
VSBY 1/2 MILE OR LESS
8 = SMOKE OR HAZE
[NO. OF DAYS WITH] [WEATHER - DAYS WITH] 9 = BLOWING SNOW
X = TORNADO
MAX 32 OR BELOW: 0 0.01 INCH OR MORE: 2
MAX 90 OR ABOVE: 0 0.10 INCH OR MORE: 0
MIN 32 OR BELOW: 4 0.50 INCH OR MORE: 0
MIN 0 OR BELOW: 0 1.00 INCH OR MORE: 0
[HDD (BASE 65) ]
TOTAL THIS MO. 484 CLEAR (SCALE 0-3) 27
DPTR FM NORMAL -69 PTCLDY (SCALE 4-7) 4
TOTAL FM JUL 1 876 CLOUDY (SCALE 8-10) 0
DPTR FM NORMAL 4
[CDD (BASE 65) ]
TOTAL THIS MO. 0
DPTR FM NORMAL 0 [PRESSURE DATA]
TOTAL FM JAN 1 4157 HIGHEST SLP M ON M
DPTR FM NORMAL 749 LOWEST SLP 29.69 ON 28
[REMARKS]
#FINAL-12-22#