000
CXUS52 KTAE 010800
CF6VLD
PRELIMINARY LOCAL CLIMATOLOGICAL DATA (WS FORM: F-6)
STATION: VALDOSTA
MONTH: APRIL
YEAR: 2021
LATITUDE: 30 46 N
LONGITUDE: 83 17 W
TEMPERATURE IN F: :PCPN: SNOW: WIND :SUNSHINE: SKY :PK WND
================================================================================
1 2 3 4 5 6A 6B 7 8 9 10 11 12 13 14 15 16 17 18
12Z AVG MX 2MIN
DY MAX MIN AVG DEP HDD CDD WTR SNW DPTH SPD SPD DIR MIN PSBL S-S WX SPD DR
================================================================================
1 65 42 54 -9 11 0 0.01 0.0 0 9.8 24 360 M M 2 1 36 360
2 61 36 49 -14 16 0 0.00 0.0 0 8.3 17 360 M M 0 24 20
3 69 32 51 -12 14 0 0.00 0.0 0 2.8 14 140 M M 0 18 19 130
4 74 39 57 -6 8 0 0.00 0.0 M 1.2 9 10 M M 0 1 14 330
5 79 43 61 -2 4 0 0.00 0.0 M 1.0 10 10 M M 0 18 13 30
6 82 45 64 0 1 0 0.00 M M 2.1 9 180 M M 0 1 14 180
7 82 47 65 1 0 0 0.00 M M 2.1 10 170 M M 3 12 14 200
8 79 52 66 2 0 1 0.00 0.0 M 5.2 21 180 M M 3 18 25 170
9 75 63 69 5 0 4 0.04 M M 3.9 13 150 M M 7 1 16 190
10 78 55 67 3 0 2 0.16 0.0 M 5.2 22 170 M M 3 13 26 170
11 75 55 65 0 0 0 0.06 0.0 0 3.8 16 190 M M 6 13 24 210
12 85 56 71 6 0 6 0.00 0.0 0 1.5 14 10 M M 3 12 18 360
13 91 50 71 6 0 6 0.00 0.0 0 2.0 10 20 M M 0 1 16 90
14 89 58 74 9 0 9 T 0.0 0 4.8 13 170 M M 2 18 210
15 74 58 66 0 0 1 0.01 0.0 0 1.2 9 210 M M 6 14 220
16 71 58 65 -1 0 0 T 0.0 0 2.1 10 10 M M 4 1 13 30
17 77 60 69 3 0 4 0.53 0.0 0 2.1 10 20 M M 9 13 12 20
18 73 61 67 1 0 2 0.30 M M 1.9 8 200 M M 9 1 11 190
19 78 53 66 -1 0 1 0.01 M M 2.0 15 360 M M 2 1 20 360
20 81 52 67 0 0 2 T 0.0 M 1.3 9 160 M M 5 13 170
21 84 52 68 1 0 3 0.00 0.0 M 4.4 17 290 M M 1 18 22 10
22 69 46 58 -9 7 0 0.00 0.0 0 6.6 18 20 M M 0 25 10
23 77 42 60 -8 5 0 0.00 0.0 0 3.8 14 150 M M 0 19 100
24 78 62 70 2 0 5 2.99 0.0 0 8.7 25 350 M M 7 123 32 360
25 79 58 69 1 0 4 0.00 0.0 0 2.3 10 360 M M 2 1 16 10
26 84 53 69 1 0 4 0.00 0.0 0 4.2 10 120 M M 1 15 50
27 85 59 72 3 0 7 0.00 0.0 0 4.8 14 180 M M 0 18 190
28 84 61 73 4 0 8 0.00 0.0 0 2.6 9 170 M M 1 13 190
29 88 62 75 6 0 10 0.00 0.0 0 5.3 14 190 M M 1 19 180
30 88 62 75 5 0 10 0.00 0.0 M 0.9 9 320 M M 4 1 14 320
================================================================================
SM 2354 1572 66 89 4.11 0.0 107.9 M 81
================================================================================
AV 78.5 52.4 3.6 FASTST M M 3 MAX(MPH)
MISC ----> 25 350 36 360
================================================================================
NOTES:
# LAST OF SEVERAL OCCURRENCES
COLUMN 17 PEAK WIND IN M.P.H.
PRELIMINARY LOCAL CLIMATOLOGICAL DATA (WS FORM: F-6) , PAGE 2
STATION: VALDOSTA
MONTH: APRIL
YEAR: 2021
LATITUDE: 30 46 N
LONGITUDE: 83 17 W
[TEMPERATURE DATA] [PRECIPITATION DATA] SYMBOLS USED IN COLUMN 16
AVERAGE MONTHLY: 65.4 TOTAL FOR MONTH: 4.11 1 = FOG OR MIST
DPTR FM NORMAL: -0.5 DPTR FM NORMAL: 1.24 2 = FOG REDUCING VISIBILITY
HIGHEST: 91 ON 13 GRTST 24HR 2.99 ON 24-24 TO 1/4 MILE OR LESS
LOWEST: 32 ON 3 3 = THUNDER
SNOW, ICE PELLETS, HAIL 4 = ICE PELLETS
TOTAL MONTH: 0.0 INCH 5 = HAIL
GRTST 24HR 0.0 6 = FREEZING RAIN OR DRIZZLE
GRTST DEPTH: 0 7 = DUSTSTORM OR SANDSTORM:
VSBY 1/2 MILE OR LESS
8 = SMOKE OR HAZE
[NO. OF DAYS WITH] [WEATHER - DAYS WITH] 9 = BLOWING SNOW
X = TORNADO
MAX 32 OR BELOW: 0 0.01 INCH OR MORE: 9
MAX 90 OR ABOVE: 1 0.10 INCH OR MORE: 4
MIN 32 OR BELOW: 1 0.50 INCH OR MORE: 2
MIN 0 OR BELOW: 0 1.00 INCH OR MORE: 1
[HDD (BASE 65) ]
TOTAL THIS MO. 66 CLEAR (SCALE 0-3) 20
DPTR FM NORMAL 0 PTCLDY (SCALE 4-7) 8
TOTAL FM JUL 1 1328 CLOUDY (SCALE 8-10) 2
DPTR FM NORMAL -306
[CDD (BASE 65) ]
TOTAL THIS MO. 89
DPTR FM NORMAL -3 [PRESSURE DATA]
TOTAL FM JAN 1 237 HIGHEST SLP 30.51 ON 3
DPTR FM NORMAL 102 LOWEST SLP 29.70 ON 11
[REMARKS]
#FINAL-04-21#