000
CXUS52 KTAE 010800
CF6VLD
PRELIMINARY LOCAL CLIMATOLOGICAL DATA (WS FORM: F-6)
STATION: VALDOSTA
MONTH: MARCH
YEAR: 2021
LATITUDE: 30 46 N
LONGITUDE: 83 17 W
TEMPERATURE IN F: :PCPN: SNOW: WIND :SUNSHINE: SKY :PK WND
================================================================================
1 2 3 4 5 6A 6B 7 8 9 10 11 12 13 14 15 16 17 18
12Z AVG MX 2MIN
DY MAX MIN AVG DEP HDD CDD WTR SNW DPTH SPD SPD DIR MIN PSBL S-S WX SPD DR
================================================================================
1 87 57 72 15 0 7 0.34 0.0 0 5.3 20 10 M M 7 1 27 50
2 58 50 54 -4 11 0 0.92 M M 8.2 16 130 M M 10 13 20 140
3 56 44 50 -8 15 0 0.17 M M 5.0 17 350 M M 7 1 23 350
4 74 41 58 0 7 0 0.00 0.0 M 1.3 13 10 M M 0 1 18 10
5 72 40 56 -2 9 0 0.00 0.0 M 3.8 12 20 M M 0 1 15 30
6 58 45 52 -6 13 0 0.09 0.0 M 5.9 14 40 M M 7 18 20
7 67 37 52 -7 13 0 0.00 0.0 M 5.3 16 360 M M 0 1 20 10
8 68 33 51 -8 14 0 0.00 0.0 M 2.9 14 40 M M 0 1 17 20
9 74 35 55 -4 10 0 0.00 0.0 M 2.6 10 120 M M 0 16 90
10 76 42 59 0 6 0 0.00 0.0 M 4.6 15 150 M M 0 20 150
11 79 45 62 3 3 0 0.00 0.0 M 2.8 13 180 M M 0 1 16 180
12 82 48 65 5 0 0 0.00 0.0 M 0.5 8 180 M M 0 1 11 160
13 84 51 68 8 0 3 0.00 0.0 M 0.4 9 10 M M 1 1 19 340
14 85 53 69 9 0 4 0.00 0.0 M 2.0 10 190 M M 0 1 17 180
15 85 52 69 9 0 4 0.00 0.0 M 3.7 16 180 M M 1 1 23 180
16 84 59 72 12 0 7 T 0.0 M 4.2 15 190 M M 4 1 25 200
17 86 63 75 15 0 10 0.00 0.0 M 5.7 21 180 M M 6 1 28 180
18 81 60 71 11 0 6 0.56 0.0 M 7.5 25 170 M M 6 1 35 160
19 65 49 57 -4 8 0 0.00 0.0 M 3.6 14 10 M M 4 20 10
20 63 50 57 -4 8 0 T 0.0 M 10.2 16 10 M M 10 22 10
21 65 49 57 -4 8 0 0.15 0.0 0 12.7 26 30 M M 9 1 36 40
22 75 54 65 4 0 0 0.00 0.0 0 7.6 15 70 M M 7 20 30
23 79 52 66 5 0 1 0.00 0.0 M 4.4 12 180 M M 2 16 140
24 83 57 70 9 0 5 0.00 M M 4.0 15 180 M M 1 8 20 180
25 88 55 72 10 0 7 0.00 M M 6.5 22 180 M M 2 1 32 180
26 88 70 79 17 0 14 0.00 M M 6.9 16 190 M M 6 1 24 210
27 90 67 79 17 0 14 0.00 0.0 M 4.3 14 180 M M 5 22 180
28 86 63 75 13 0 10 0.03 0.0 M 5.3 16 190 M M 4 13 24 190
29 73 54 64 2 1 0 T 0.0 M 5.1 13 40 M M 2 19 40
30 79 58 69 7 0 4 0.17 0.0 M 4.4 12 160 M M 4 1 15 150
31 87 62 75 13 0 10 0.28 0.0 0 3.4 17 360 M M 4 128 29 360
================================================================================
SM 2377 1595 126 106 2.71 0.0 150.1 M 109
================================================================================
AV 76.7 51.5 4.8 FASTST M M 4 MAX(MPH)
MISC ----> 26 30 36 40
================================================================================
NOTES:
# LAST OF SEVERAL OCCURRENCES
COLUMN 17 PEAK WIND IN M.P.H.
PRELIMINARY LOCAL CLIMATOLOGICAL DATA (WS FORM: F-6) , PAGE 2
STATION: VALDOSTA
MONTH: MARCH
YEAR: 2021
LATITUDE: 30 46 N
LONGITUDE: 83 17 W
[TEMPERATURE DATA] [PRECIPITATION DATA] SYMBOLS USED IN COLUMN 16
AVERAGE MONTHLY: 64.1 TOTAL FOR MONTH: 2.71 1 = FOG OR MIST
DPTR FM NORMAL: 4.0 DPTR FM NORMAL: -2.16 2 = FOG REDUCING VISIBILITY
HIGHEST: 90 ON 27 GRTST 24HR 1.07 ON 2- 3 TO 1/4 MILE OR LESS
LOWEST: 33 ON 8 3 = THUNDER
SNOW, ICE PELLETS, HAIL 4 = ICE PELLETS
TOTAL MONTH: 0.0 INCH 5 = HAIL
GRTST 24HR 0.0 6 = FREEZING RAIN OR DRIZZLE
GRTST DEPTH: 0 7 = DUSTSTORM OR SANDSTORM:
VSBY 1/2 MILE OR LESS
8 = SMOKE OR HAZE
[NO. OF DAYS WITH] [WEATHER - DAYS WITH] 9 = BLOWING SNOW
X = TORNADO
MAX 32 OR BELOW: 0 0.01 INCH OR MORE: 9
MAX 90 OR ABOVE: 1 0.10 INCH OR MORE: 7
MIN 32 OR BELOW: 0 0.50 INCH OR MORE: 2
MIN 0 OR BELOW: 0 1.00 INCH OR MORE: 0
[HDD (BASE 65) ]
TOTAL THIS MO. 126 CLEAR (SCALE 0-3) 15
DPTR FM NORMAL -60 PTCLDY (SCALE 4-7) 13
TOTAL FM JUL 1 1262 CLOUDY (SCALE 8-10) 3
DPTR FM NORMAL -304
[CDD (BASE 65) ]
TOTAL THIS MO. 106
DPTR FM NORMAL 73 [PRESSURE DATA]
TOTAL FM JAN 1 148 HIGHEST SLP 30.60 ON 9
DPTR FM NORMAL 105 LOWEST SLP 29.77 ON 18
[REMARKS]
#FINAL-03-21#