000
CXUS52 KTAE 010800
CF6VLD
PRELIMINARY LOCAL CLIMATOLOGICAL DATA (WS FORM: F-6)
STATION: VALDOSTA
MONTH: OCTOBER
YEAR: 2023
LATITUDE: 30 46 N
LONGITUDE: 83 17 W
TEMPERATURE IN F: :PCPN: SNOW: WIND :SUNSHINE: SKY :PK WND
================================================================================
1 2 3 4 5 6A 6B 7 8 9 10 11 12 13 14 15 16 17 18
12Z AVG MX 2MIN
DY MAX MIN AVG DEP HDD CDD WTR SNW DPTH SPD SPD DIR MIN PSBL S-S WX SPD DR
================================================================================
1 85 68 77 3 0 12 0.00 0.0 M 7.4 17 20 M M 2 24 20
2 87 65 76 3 0 11 0.00 M M 6.4 15 40 M M 1 20 80
3 87 60 74 1 0 9 0.00 0.0 M 5.6 14 40 M M 0 18 19 50
4 88 67 78 5 0 13 0.00 M M 6.3 14 40 M M 2 18 20 70
5 89 67 78 6 0 13 0.00 M M 4.5 10 100 M M 1 20 30
6 81 66 74 2 0 9 T M M 2.1 7 40 M M 2 1 9 30
7 86 62 74 2 0 9 0.00 M M 3.0 16 10 M M 2 1 22 20
8 75 50 63 -8 2 0 0.00 M M 5.3 15 10 M M 0 20 10
9 79 46 63 -8 2 0 0.00 M M 0.5 8 190 M M 0 11 200
10 85 49 67 -4 0 2 0.00 0.0 M 0.7 9 10 M M 0 15 360
11 77 63 70 0 0 5 0.35 0.0 M 4.7 15 70 M M 5 1 26 70
12 72 63 68 -2 0 3 2.30 0.0 M 8.0 17 30 M M 10 13 29 60
13 80 69 75 5 0 10 0.05 0.0 M 4.5 10 20 M M 10 1 14 60
14 81 66 74 5 0 9 0.01 0.0 M 0.7 6 360 M M 7 1 16 270
15 77 55 66 -3 0 1 0.00 0.0 0 2.0 12 360 M M 3 17 300
16 70 51 61 -8 4 0 0.00 0.0 0 2.4 17 350 M M 5 19 360
17 72 46 59 -9 6 0 0.00 0.0 0 2.0 9 20 M M 0 16 10
18 76 46 61 -7 4 0 0.00 0.0 0 1.2 8 110 M M 0 13 130
19 80 50 65 -3 0 0 0.00 0.0 0 0.3 10 190 M M 1 1 14 190
20 85 54 70 3 0 5 T 0.0 0 3.5 29 240 M M 2 1 29 240
21 81 54 68 1 0 3 0.00 0.0 0 1.8 14 360 M M 0 1 20 10
22 86 55 71 4 0 6 0.00 0.0 0 0.6 7 360 M M 0 10 30
23 83 52 68 2 0 3 0.00 0.0 0 4.0 13 60 M M 0 19 50
24 82 60 71 5 0 6 0.00 0.0 0 6.8 15 40 M M 2 23 90
25 84 63 74 8 0 9 T 0.0 0 6.2 15 60 M M 6 22 80
26 85 64 75 10 0 10 0.00 0.0 0 4.7 13 80 M M 3 20 60
27 85 60 73 8 0 8 0.00 0.0 0 2.8 9 130 M M 4 1 13 100
28 86 59 73 9 0 8 0.00 0.0 0 2.0 9 70 M M 1 1 15 170
29 87 60 74 10 0 9 0.00 0.0 0 2.3 9 130 M M 3 128 13 150
30 87 59 73 9 0 8 0.00 M M 0.7 6 30 M M 4 12 8 20
31 84 61 73 9 0 8 0.00 0.0 0 3.1 12 350 M M 3 1 23 10
================================================================================
SM 2542 1810 18 189 2.71 0.0 106.1 M 79
================================================================================
AV 82.0 58.4 3.4 FASTST M M 3 MAX(MPH)
MISC ----> 29 240 # 29 60
================================================================================
NOTES:
# LAST OF SEVERAL OCCURRENCES
COLUMN 17 PEAK WIND IN M.P.H.
PRELIMINARY LOCAL CLIMATOLOGICAL DATA (WS FORM: F-6) , PAGE 2
STATION: VALDOSTA
MONTH: OCTOBER
YEAR: 2023
LATITUDE: 30 46 N
LONGITUDE: 83 17 W
[TEMPERATURE DATA] [PRECIPITATION DATA] SYMBOLS USED IN COLUMN 16
AVERAGE MONTHLY: 70.2 TOTAL FOR MONTH: 2.71 1 = FOG OR MIST
DPTR FM NORMAL: 1.6 DPTR FM NORMAL: -1.00 2 = FOG REDUCING VISIBILITY
HIGHEST: 89 ON 5 GRTST 24HR 2.64 ON 11-12 TO 1/4 MILE OR LESS
LOWEST: 46 ON 18,17 3 = THUNDER
SNOW, ICE PELLETS, HAIL 4 = ICE PELLETS
TOTAL MONTH: 0.0 INCH 5 = HAIL
GRTST 24HR 0.0 6 = FREEZING RAIN OR DRIZZLE
GRTST DEPTH: 0 7 = DUSTSTORM OR SANDSTORM:
VSBY 1/2 MILE OR LESS
8 = SMOKE OR HAZE
[NO. OF DAYS WITH] [WEATHER - DAYS WITH] 9 = BLOWING SNOW
X = TORNADO
MAX 32 OR BELOW: 0 0.01 INCH OR MORE: 4
MAX 90 OR ABOVE: 0 0.10 INCH OR MORE: 2
MIN 32 OR BELOW: 0 0.50 INCH OR MORE: 1
MIN 0 OR BELOW: 0 1.00 INCH OR MORE: 1
[HDD (BASE 65) ]
TOTAL THIS MO. 18 CLEAR (SCALE 0-3) 23
DPTR FM NORMAL -28 PTCLDY (SCALE 4-7) 6
TOTAL FM JUL 1 18 CLOUDY (SCALE 8-10) 2
DPTR FM NORMAL -28
[CDD (BASE 65) ]
TOTAL THIS MO. 189
DPTR FM NORMAL 30 [PRESSURE DATA]
TOTAL FM JAN 1 2967 HIGHEST SLP 30.32 ON 25
DPTR FM NORMAL 601 LOWEST SLP 29.59 ON 12
[REMARKS]
#FINAL-10-23#