000
CXUS52 KFFC 231010
CF6VPC
PRELIMINARY LOCAL CLIMATOLOGICAL DATA (WS FORM: F-6)
STATION: CARTERSVILLE
MONTH: APRIL
YEAR: 2024
LATITUDE: 34 7 N
LONGITUDE: 84 51 W
TEMPERATURE IN F: :PCPN: SNOW: WIND :SUNSHINE: SKY :PK WND
================================================================================
1 2 3 4 5 6A 6B 7 8 9 10 11 12 13 14 15 16 17 18
12Z AVG MX 2MIN
DY MAX MIN AVG DEP HDD CDD WTR SNW DPTH SPD SPD DIR MIN PSBL S-S WX SPD DR
================================================================================
1 77 59 68 12 0 3 0.00 M M 0.7 5 99 M M 10 13 0
2 82 66 74 17 0 9 0.00 M M 6.6 14 190 M M 8 1 23 210
3 68 50 59 2 6 0 0.00 M M 11.7 20 280 M M 6 28 280
4 63 43 53 -4 12 0 0.00 M M 11.1 25 280 M M 3 35 280
5 61 41 51 -7 14 0 0.00 M M 6.3 14 280 M M 1 21 280
6 64 36 50 -8 15 0 0.00 M M 2.0 10 290 M M 0 8 14 0
7 77 36 57 -1 8 0 0.00 M M 3.4 9 100 M M 3 1 18 100
8 79 52 66 8 0 1 0.00 M M 4.3 17 150 M M 6 21 170
9 63 55 59 1 6 0 0.01 M M 3.6 13 190 M M 8 1 15 120
10 73 59 66 7 0 1 0.00 M M 8.1 21 130 M M 7 35 110
11 75 54 65 6 0 0 0.00 M M 8.6 16 280 M M 9 18 30 280
12 68 48 58 -1 7 0 0.00 M M 10.8 24 270 M M 1 37 270
13 77 43 60 0 5 0 0.00 M M 5.0 13 290 M M 0 27 270
14 84 46 65 5 0 0 0.00 M M 3.2 12 290 M M 0 18 270
15 86 52 69 9 0 4 0.00 M M 2.3 10 280 M M 2 15 99
16 88 57 73 13 0 8 0.00 M M 3.4 13 140 M M 3 15 150
17 75 59 67 6 0 2 0.00 M M 1.5 7 99 M M 3 1 12 0
18 84 54 69 8 0 4 0.00 M M 1.6 8 270 M M 5 12 18 270
19 82 64 73 12 0 8 0.00 M M 4.6 9 270 M M 5 8 16 280
20 72 55 64 3 1 0 0.00 M M 4.2 9 290 M M 9 1 22 0
21 59 46 53 -9 12 0 0.00 M M 4.6 9 310 M M 5 18 16 350
22 66 39 53 -9 12 0 0.00 M M 1.7 7 10 M M 0 14 99
================================================================================
SM 1623 1114 98 40 0.01 M 109.3 M 94
================================================================================
AV 73.8 50.6 5.0 FASTST M M 4 MAX(MPH)
MISC ----> 25 280 37 270
================================================================================
NOTES:
# LAST OF SEVERAL OCCURRENCES
COLUMN 17 PEAK WIND IN M.P.H.
PRELIMINARY LOCAL CLIMATOLOGICAL DATA (WS FORM: F-6) , PAGE 2
STATION: CARTERSVILLE
MONTH: APRIL
YEAR: 2024
LATITUDE: 34 7 N
LONGITUDE: 84 51 W
[TEMPERATURE DATA] [PRECIPITATION DATA] SYMBOLS USED IN COLUMN 16
AVERAGE MONTHLY: 62.2 TOTAL FOR MONTH: 0.01 1 = FOG OR MIST
DPTR FM NORMAL: 3.0 DPTR FM NORMAL: -3.03 2 = FOG REDUCING VISIBILITY
HIGHEST: 88 ON 16 GRTST 24HR 0.01 ON 9- 9 TO 1/4 MILE OR LESS
LOWEST: 36 ON 7, 6 3 = THUNDER
SNOW, ICE PELLETS, HAIL 4 = ICE PELLETS
TOTAL MONTH: M 5 = HAIL
GRTST 24HR M ON M 6 = FREEZING RAIN OR DRIZZLE
GRTST DEPTH: M ON M 7 = DUSTSTORM OR SANDSTORM:
VSBY 1/2 MILE OR LESS
8 = SMOKE OR HAZE
[NO. OF DAYS WITH] [WEATHER - DAYS WITH] 9 = BLOWING SNOW
X = TORNADO
MAX 32 OR BELOW: 0 0.01 INCH OR MORE: 1
MAX 90 OR ABOVE: 0 0.10 INCH OR MORE: 0
MIN 32 OR BELOW: 0 0.50 INCH OR MORE: 0
MIN 0 OR BELOW: 0 1.00 INCH OR MORE: 0
[HDD (BASE 65) ]
TOTAL THIS MO. 98 CLEAR (SCALE 0-3) 11
DPTR FM NORMAL -48 PTCLDY (SCALE 4-7) 8
TOTAL FM JUL 1 2495 CLOUDY (SCALE 8-10) 3
DPTR FM NORMAL -550
[CDD (BASE 65) ]
TOTAL THIS MO. 40
DPTR FM NORMAL 25 [PRESSURE DATA]
TOTAL FM JAN 1 43 HIGHEST SLP M ON M
DPTR FM NORMAL 21 LOWEST SLP M ON M
[REMARKS]