000
CXUS51 KBTV 010700
CF6VSF
PRELIMINARY LOCAL CLIMATOLOGICAL DATA (WS FORM: F-6)
STATION: SPRINGFIELD VT
MONTH: MARCH
YEAR: 2023
LATITUDE: 43 19 N
LONGITUDE: 72 31 W
TEMPERATURE IN F: :PCPN: SNOW: WIND :SUNSHINE: SKY :PK WND
================================================================================
1 2 3 4 5 6A 6B 7 8 9 10 11 12 13 14 15 16 17 18
12Z AVG MX 2MIN
DY MAX MIN AVG DEP HDD CDD WTR SNW DPTH SPD SPD DIR MIN PSBL S-S WX SPD DR
================================================================================
1 39 18 29 2 36 0 0.03 M M 1.4 14 180 M M 5 18 17 180
2 41 32 37 10 28 0 0.20 M M 3.2 17 300 M M 10 16 25 300
3 41 26 34 7 31 0 0.08 M M 3.0 16 170 M M 2 1 23 160
4 35 27 31 3 34 0 0.85 M M 2.8 13 120 M M 10 128 20 100
5 40 28 34 6 31 0 T M M 5.8 17 280 M M 7 1 27 310
6 43 31 37 9 28 0 0.00 M M 10.3 25 290 M M 0 43 310
7 33 25 29 1 36 0 T M M 5.4 18 10 M M 6 30 30
8 42 24 33 4 32 0 T M M 7.3 17 300 M M 9 24 40
9 42 31 37 8 28 0 0.00 M M 6.6 15 360 M M 7 22 10
10 45 21 33 3 32 0 M M M 1.6 8 40 M M 1 10 40
11 44 29 37 7 28 0 0.03 M M 3.3 13 350 M M 7 1 18 330
12 47 20 34 4 31 0 0.00 M M 0.7 9 100 M M 0 11 100
13 40 32 36 6 29 0 0.37 M M 1.6 13 120 M M 10 1 18 110
14 36 32 34 3 31 0 0.31 M M 7.7 22 350 M M 10 128 38 350
15 38 32 35 4 30 0 0.01 M M 7.6 17 350 M M 8 33 300
16 43 21 32 1 33 0 0.00 M M 5.7 16 280 M M 6 23 280
17 47 30 39 7 26 0 0.05 M M 0.7 8 190 M M 9 12 11 160
18 43 29 36 4 29 0 T M M 6.9 16 270 M M 5 1 24 270
19 33 19 26 -6 39 0 0.01 M M 9.9 26 260 M M 6 1 41 300
20 47 19 33 0 32 0 0.00 M M 5.2 15 260 M M 4 23 240
21 52 19 36 3 29 0 0.00 M M 3.7 20 260 M M 3 26 260
22 56 27 42 8 23 0 0.00 M M 2.0 8 130 M M 2 M M
23 50 36 43 9 22 0 0.11 M M 2.6 9 290 M M 9 12 18 280
24 46 30 38 4 27 0 0.00 M M 5.9 12 270 M M 4 22 99
25 38 23 31 -4 34 0 0.35 M M 1.9 16 120 M M 5 126 22 110
26 48 30 39 4 26 0 0.06 M M 7.1 26 290 M M 7 1 36 270
27 52 25 39 4 26 0 0.04 M M 2.2 10 260 M M 4 1 15 20
28 47 28 38 2 27 0 0.02 M M 4.6 16 290 M M 7 23 280
29 52 23 38 2 27 0 0.04 M M 4.5 25 260 M M 1 1 38 250
30 37 25 31 -5 34 0 T M M 10.7 21 290 M M 1 37 340
31 47 20 34 -3 31 0 0.14 M M 3.0 16 190 M M 5 1 22 170
================================================================================
SM 1344 812 930 0 2.70 M 144.9 M 170
================================================================================
AV 43.4 26.2 4.7 FASTST M M 5 MAX(MPH)
MISC ----> # 26 260 43 310
================================================================================
NOTES:
# LAST OF SEVERAL OCCURRENCES
COLUMN 17 PEAK WIND IN M.P.H.
PRELIMINARY LOCAL CLIMATOLOGICAL DATA (WS FORM: F-6) , PAGE 2
STATION: SPRINGFIELD VT
MONTH: MARCH
YEAR: 2023
LATITUDE: 43 19 N
LONGITUDE: 72 31 W
[TEMPERATURE DATA] [PRECIPITATION DATA] SYMBOLS USED IN COLUMN 16
AVERAGE MONTHLY: 34.8 TOTAL FOR MONTH: 2.70 1 = FOG OR MIST
DPTR FM NORMAL: 3.2 DPTR FM NORMAL: -0.28 2 = FOG REDUCING VISIBILITY
HIGHEST: 56 ON 22 GRTST 24HR 0.93 ON 3- 4 TO 1/4 MILE OR LESS
LOWEST: 18 ON 1 3 = THUNDER
SNOW, ICE PELLETS, HAIL 4 = ICE PELLETS
TOTAL MONTH: M 5 = HAIL
GRTST 24HR M ON M 6 = FREEZING RAIN OR DRIZZLE
GRTST DEPTH: M ON M 7 = DUSTSTORM OR SANDSTORM:
VSBY 1/2 MILE OR LESS
8 = SMOKE OR HAZE
[NO. OF DAYS WITH] [WEATHER - DAYS WITH] 9 = BLOWING SNOW
X = TORNADO
MAX 32 OR BELOW: 0 0.01 INCH OR MORE: 17
MAX 90 OR ABOVE: 0 0.10 INCH OR MORE: 7
MIN 32 OR BELOW: 30 0.50 INCH OR MORE: 1
MIN 0 OR BELOW: 0 1.00 INCH OR MORE: 0
[HDD (BASE 65) ]
TOTAL THIS MO. 930 CLEAR (SCALE 0-3) 8
DPTR FM NORMAL -107 PTCLDY (SCALE 4-7) 16
TOTAL FM JUL 1 5424 CLOUDY (SCALE 8-10) 7
DPTR FM NORMAL -972
[CDD (BASE 65) ]
TOTAL THIS MO. 0
DPTR FM NORMAL 0 [PRESSURE DATA]
TOTAL FM JAN 1 0 HIGHEST SLP M ON M
DPTR FM NORMAL 0 LOWEST SLP 29.42 ON 14
[REMARKS]
#FINAL-03-23#