000
CXUS51 KBTV 010700
CF6VSF
PRELIMINARY LOCAL CLIMATOLOGICAL DATA (WS FORM: F-6)
STATION: SPRINGFIELD VT
MONTH: APRIL
YEAR: 2020
LATITUDE: 43 19 N
LONGITUDE: 72 31 W
TEMPERATURE IN F: :PCPN: SNOW: WIND :SUNSHINE: SKY :PK WND
================================================================================
1 2 3 4 5 6A 6B 7 8 9 10 11 12 13 14 15 16 17 18
12Z AVG MX 2MIN
DY MAX MIN AVG DEP HDD CDD WTR SNW DPTH SPD SPD DIR MIN PSBL S-S WX SPD DR
================================================================================
1 51 27 39 1 26 0 0.00 M M 5.2 15 320 M M 7 12 23 350
2 47 37 42 4 23 0 0.14 M M 7.4 16 340 M M 10 27 340
3 49 39 44 6 21 0 0.58 M M 4.3 9 350 M M 10 1 16 340
4 56 41 49 10 16 0 T M M 1.3 9 90 M M 10 12 100
5 57 43 50 11 15 0 T M M 2.0 10 300 M M 8 15 310
6 57 31 44 4 21 0 T M M 5.8 20 300 M M 0 29 280
7 61 28 45 5 20 0 0.00 M M 4.4 17 270 M M 0 25 280
8 57 36 47 6 18 0 T M M 2.8 16 270 M M 9 21 270
9 46 31 39 -2 26 0 0.66 M M 4.1 20 290 M M 7 1 30 290
10 44 35 40 -2 25 0 0.01 M M 11.5 25 290 M M 9 36 290
11 48 27 38 -4 27 0 0.00 M M 8.8 25 270 M M 3 36 270
12 58 22 40 -3 25 0 T M M 4.6 15 190 M M 3 23 220
13 60 44 52 9 13 0 0.91 M M 8.1 28 270 M M 9 1 45 280
14 52 37 45 1 20 0 0.00 M M 7.5 25 270 M M 3 33 280
15 47 28 38 -6 27 0 0.00 M M 5.9 21 270 M M 6 28 270
16 43 28 36 -9 29 0 T M M 5.8 21 260 M M 7 1 31 290
17 46 26 36 -9 29 0 T M M 6.7 22 280 M M 7 30 290
18 44 27 36 -10 29 0 0.03 M M 1.9 9 300 M M 8 1 15 10
19 62 22 42 -4 23 0 T M M 6.6 20 250 M M 4 33 250
20 52 28 40 -6 25 0 0.00 M M 6.5 18 310 M M 2 27 320
21 45 26 36 -11 29 0 0.37 M M 7.3 20 260 M M 5 18 28 290
22 40 27 34 -13 31 0 T M M 13.6 26 270 M M 6 39 290
23 52 29 41 -7 24 0 0.00 M M 5.3 16 270 M M 2 24 290
24 56 36 46 -2 19 0 0.00 M M 2.8 10 300 M M 5 16 300
25 66 36 51 3 14 0 0.00 M M 2.5 20 270 M M 4 32 290
26 57 36 47 -2 18 0 0.27 M M 4.9 22 80 M M 6 1 33 80
27 41 34 38 -11 27 0 0.63 M M 4.8 10 360 M M 10 1 19 30
28 57 32 45 -5 20 0 0.00 M M 3.7 18 280 M M 6 1 23 270
29 63 28 46 -4 19 0 T M M 5.5 16 130 M M 5 12 24 150
30 48 40 44 -6 21 0 0.49 M M 3.7 10 120 M M 10 1 15 120
================================================================================
SM 1562 961 680 0 4.09 M 165.3 M 181
================================================================================
AV 52.1 32.0 5.5 FASTST M M 6 MAX(MPH)
MISC ----> 28 270 45 280
================================================================================
NOTES:
# LAST OF SEVERAL OCCURRENCES
COLUMN 17 PEAK WIND IN M.P.H.
PRELIMINARY LOCAL CLIMATOLOGICAL DATA (WS FORM: F-6) , PAGE 2
STATION: SPRINGFIELD VT
MONTH: APRIL
YEAR: 2020
LATITUDE: 43 19 N
LONGITUDE: 72 31 W
[TEMPERATURE DATA] [PRECIPITATION DATA] SYMBOLS USED IN COLUMN 16
AVERAGE MONTHLY: 42.1 TOTAL FOR MONTH: 4.09 1 = FOG OR MIST
DPTR FM NORMAL: -2.2 DPTR FM NORMAL: 0.47 2 = FOG REDUCING VISIBILITY
HIGHEST: 66 ON 25 GRTST 24HR 1.02 ON 13-13 TO 1/4 MILE OR LESS
LOWEST: 22 ON 19,12 3 = THUNDER
SNOW, ICE PELLETS, HAIL 4 = ICE PELLETS
TOTAL MONTH: M 5 = HAIL
GRTST 24HR M ON M 6 = FREEZING RAIN OR DRIZZLE
GRTST DEPTH: M ON M 7 = DUSTSTORM OR SANDSTORM:
VSBY 1/2 MILE OR LESS
8 = SMOKE OR HAZE
[NO. OF DAYS WITH] [WEATHER - DAYS WITH] 9 = BLOWING SNOW
X = TORNADO
MAX 32 OR BELOW: 0 0.01 INCH OR MORE: 10
MAX 90 OR ABOVE: 0 0.10 INCH OR MORE: 8
MIN 32 OR BELOW: 17 0.50 INCH OR MORE: 4
MIN 0 OR BELOW: 0 1.00 INCH OR MORE: 0
[HDD (BASE 65) ]
TOTAL THIS MO. 680 CLEAR (SCALE 0-3) 5
DPTR FM NORMAL 54 PTCLDY (SCALE 4-7) 16
TOTAL FM JUL 1 6738 CLOUDY (SCALE 8-10) 9
DPTR FM NORMAL -367
[CDD (BASE 65) ]
TOTAL THIS MO. 0
DPTR FM NORMAL -2 [PRESSURE DATA]
TOTAL FM JAN 1 0 HIGHEST SLP M ON M
DPTR FM NORMAL -2 LOWEST SLP 29.07 ON 9
[REMARKS]
#FINAL-04-20#