000
CXUS51 KAKQ 180710
CF6WAL
PRELIMINARY LOCAL CLIMATOLOGICAL DATA (WS FORM: F-6)
STATION: WALLOPS ISLAND VA
MONTH: APRIL
YEAR: 2024
LATITUDE: 37 55 N
LONGITUDE: 75 28 W
TEMPERATURE IN F: :PCPN: SNOW: WIND :SUNSHINE: SKY :PK WND
================================================================================
1 2 3 4 5 6A 6B 7 8 9 10 11 12 13 14 15 16 17 18
12Z AVG MX 2MIN
DY MAX MIN AVG DEP HDD CDD WTR SNW DPTH SPD SPD DIR MIN PSBL S-S WX SPD DR
================================================================================
1 62 49 56 6 9 0 0.10 0.0 0 10.5 20 50 M M 9 13 26 50
2 58 48 53 3 12 0 0.12 0.0 0 9.4 22 60 M M 10 1 28 60
3 61 47 54 3 11 0 0.07 0.0 0 12.8 33 320 M M 9 12 51 320
4 59 44 52 1 13 0 0.06 0.0 0 8.5 28 300 M M 5 39 300
5 57 43 50 -2 15 0 T 0.0 0 10.5 20 290 M M 5 31 290
6 56 39 48 -4 17 0 0.00 0.0 0 10.4 22 300 M M 5 33 310
7 59 44 52 0 13 0 0.00 0.0 0 9.3 20 360 M M 5 27 10
8 64 38 51 -2 14 0 0.00 0.0 M 7.5 16 190 M M 1 21 200
9 72 48 60 7 5 0 0.00 0.0 M 4.9 12 160 M M 2 15 250
10 75 61 68 15 0 3 0.01 0.0 M 10.3 18 240 M M 6 30 260
11 64 55 60 6 5 0 0.14 0.0 0 14.8 32 180 M M 6 1 50 190
12 71 58 65 11 0 0 0.20 0.0 0 16.5 39 190 M M 6 1 56 190
13 68 50 59 5 6 0 0.00 0.0 0 13.0 28 290 M M 0 41 310
14 68 43 56 1 9 0 0.00 0.0 0 12.4 31 200 M M 0 42 200
15 87 58 73 18 0 8 0.33 0.0 0 10.6 33 320 M M 1 3 49 320
16 66 53 60 5 5 0 0.00 0.0 0 9.9 32 30 M M 0 45 40
17 69 52 61 5 4 0 T 0.0 0 9.4 17 190 M M 4 23 190
================================================================================
SM 1116 830 138 11 1.03 0.0 180.7 M 74
================================================================================
AV 65.6 48.8 10.6 FASTST M M 4 MAX(MPH)
MISC ----> 39 190 56 190
================================================================================
NOTES:
# LAST OF SEVERAL OCCURRENCES
COLUMN 17 PEAK WIND IN M.P.H.
PRELIMINARY LOCAL CLIMATOLOGICAL DATA (WS FORM: F-6) , PAGE 2
STATION: WALLOPS ISLAND VA
MONTH: APRIL
YEAR: 2024
LATITUDE: 37 55 N
LONGITUDE: 75 28 W
[TEMPERATURE DATA] [PRECIPITATION DATA] SYMBOLS USED IN COLUMN 16
AVERAGE MONTHLY: 57.2 TOTAL FOR MONTH: 1.03 1 = FOG OR MIST
DPTR FM NORMAL: 4.3 DPTR FM NORMAL: -0.72 2 = FOG REDUCING VISIBILITY
HIGHEST: 87 ON 15 GRTST 24HR 0.34 ON 11-12 TO 1/4 MILE OR LESS
LOWEST: 38 ON 8 3 = THUNDER
SNOW, ICE PELLETS, HAIL 4 = ICE PELLETS
TOTAL MONTH: 0.0 INCH 5 = HAIL
GRTST 24HR 0.0 6 = FREEZING RAIN OR DRIZZLE
GRTST DEPTH: 0 7 = DUSTSTORM OR SANDSTORM:
VSBY 1/2 MILE OR LESS
8 = SMOKE OR HAZE
[NO. OF DAYS WITH] [WEATHER - DAYS WITH] 9 = BLOWING SNOW
X = TORNADO
MAX 32 OR BELOW: 0 0.01 INCH OR MORE: 8
MAX 90 OR ABOVE: 0 0.10 INCH OR MORE: 5
MIN 32 OR BELOW: 0 0.50 INCH OR MORE: 0
MIN 0 OR BELOW: 0 1.00 INCH OR MORE: 0
[HDD (BASE 65) ]
TOTAL THIS MO. 138 CLEAR (SCALE 0-3) 6
DPTR FM NORMAL -72 PTCLDY (SCALE 4-7) 8
TOTAL FM JUL 1 3196 CLOUDY (SCALE 8-10) 3
DPTR FM NORMAL -541
[CDD (BASE 65) ]
TOTAL THIS MO. 11
DPTR FM NORMAL 11 [PRESSURE DATA]
TOTAL FM JAN 1 12 HIGHEST SLP M ON M
DPTR FM NORMAL 11 LOWEST SLP 29.24 ON 3
[REMARKS]