000
CXAK56 PAJK 011410
CF6YAK
PRELIMINARY LOCAL CLIMATOLOGICAL DATA (WS FORM: F-6)
STATION: YAKUTAT
MONTH: FEBRUARY
YEAR: 2024
LATITUDE: 59 31 N
LONGITUDE: 139 40 W
TEMPERATURE IN F: :PCPN: SNOW: WIND :SUNSHINE: SKY :PK WND
================================================================================
1 2 3 4 5 6A 6B 7 8 9 10 11 12 13 14 15 16 17 18
12Z AVG MX 2MIN
DY MAX MIN AVG DEP HDD CDD WTR SNW DPTH SPD SPD DIR MIN PSBL S-S WX SPD DR
================================================================================
1 24 10 17 -13 48 0 T M M 5.7 16 80 M M 7 18 21 80
2 19 13 16 -14 49 0 T M M 5.8 13 50 M M 8 16 60
3 25 15 20 -10 45 0 0.00 M M 3.2 9 70 M M 8 11 70
4 36 23 30 0 35 0 1.42 M M 7.1 16 70 M M 10 1 21 80
5 36 32 34 4 31 0 0.09 M M 3.1 7 80 M M 10 1 8 90
6 37 22 30 0 35 0 T M M 0.8 7 60 M M 4 1 8 60
7 32 19 26 -4 39 0 T M M 1.6 8 60 M M 6 1 9 60
8 34 26 30 0 35 0 0.00 M M 3.3 9 80 M M 4 10 80
9 41 30 36 6 29 0 1.39 M M 10.8 18 130 M M 10 1 29 120
10 43 34 39 8 26 0 0.45 M M 8.4 21 180 M M 10 18 32 160
11 36 33 35 4 30 0 0.42 M M 4.4 16 230 M M 10 1 20 230
12 39 30 35 4 30 0 0.02 M M 3.3 9 220 M M 6 12 12 220
13 40 22 31 0 34 0 0.00 M M 2.1 9 160 M M 4 128 11 160
14 44 19 32 1 33 0 0.00 M M 1.5 8 340 M M 0 1 9 340
15 45 17 31 0 34 0 0.00 M M 0.8 7 10 M M 0 1 7 10
16 48 17 33 2 32 0 0.00 M M 1.2 6 20 M M 0 18 7 190
17 45 22 34 3 31 0 T M M 2.3 10 170 M M 8 13 150
18 41 34 38 7 27 0 0.16 M M 2.4 7 60 M M 10 1 8 70
19 41 37 39 8 26 0 0.21 M M 4.0 6 80 M M 10 12 M M
20 40 38 39 8 26 0 0.66 M M 6.0 12 60 M M 10 1 13 60
21 42 35 39 8 26 0 1.04 M M 6.3 17 80 M M 10 1 20 70
22 42 33 38 7 27 0 1.07 M M 9.8 22 240 M M 10 1 30 160
23 38 26 32 1 33 0 0.08 M M 3.7 22 290 M M 6 1 28 280
24 34 21 28 -3 37 0 0.00 M M 2.8 10 60 M M 1 13 70
25 36 15 26 -5 39 0 0.00 M M 2.3 9 80 M M 3 1 11 60
26 29 18 24 -7 41 0 0.00 M M 8.6 16 70 M M 6 20 70
27 31 23 27 -4 38 0 0.19 M M 14.5 21 70 M M 10 1 27 60
28 33 28 31 0 34 0 0.00 M M 16.9 26 70 M M 5 35 70
29 33 21 27 -4 38 0 0.00 M M 14.8 20 70 M M 2 30 70
================================================================================
SM 1064 713 988 0 7.20 M 157.5 M 188
================================================================================
AV 36.7 24.6 5.4 FASTST M M 6 MAX(MPH)
MISC ----> 26 70 35 70
================================================================================
NOTES:
# LAST OF SEVERAL OCCURRENCES
COLUMN 17 PEAK WIND IN M.P.H.
PRELIMINARY LOCAL CLIMATOLOGICAL DATA (WS FORM: F-6) , PAGE 2
STATION: YAKUTAT
MONTH: FEBRUARY
YEAR: 2024
LATITUDE: 59 31 N
LONGITUDE: 139 40 W
[TEMPERATURE DATA] [PRECIPITATION DATA] SYMBOLS USED IN COLUMN 16
AVERAGE MONTHLY: 30.6 TOTAL FOR MONTH: 7.20 1 = FOG OR MIST
DPTR FM NORMAL: 0.0 DPTR FM NORMAL: -3.09 2 = FOG REDUCING VISIBILITY
HIGHEST: 48 ON 16 GRTST 24HR 1.51 ON 9-10 TO 1/4 MILE OR LESS
LOWEST: 10 ON 1 3 = THUNDER
SNOW, ICE PELLETS, HAIL 4 = ICE PELLETS
TOTAL MONTH: M 5 = HAIL
GRTST 24HR M ON M 6 = FREEZING RAIN OR DRIZZLE
GRTST DEPTH: M ON M 7 = DUSTSTORM OR SANDSTORM:
VSBY 1/2 MILE OR LESS
8 = SMOKE OR HAZE
[NO. OF DAYS WITH] [WEATHER - DAYS WITH] 9 = BLOWING SNOW
X = TORNADO
MAX 32 OR BELOW: 6 0.01 INCH OR MORE: 13
MAX 90 OR ABOVE: 0 0.10 INCH OR MORE: 10
MIN 32 OR BELOW: 22 0.50 INCH OR MORE: 5
MIN 0 OR BELOW: 0 1.00 INCH OR MORE: 4
[HDD (BASE 65) ]
TOTAL THIS MO. 988 CLEAR (SCALE 0-3) 6
DPTR FM NORMAL 26 PTCLDY (SCALE 4-7) 10
TOTAL FM JUL 1 5457 CLOUDY (SCALE 8-10) 13
DPTR FM NORMAL -505
[CDD (BASE 65) ]
TOTAL THIS MO. 0
DPTR FM NORMAL 0 [PRESSURE DATA]
TOTAL FM JAN 1 0 HIGHEST SLP 30.45 ON 13
DPTR FM NORMAL 0 LOWEST SLP 29.01 ON 28
[REMARKS]
#FINAL-02-24#